{"id":2013,"date":"2024-02-26T16:26:09","date_gmt":"2024-02-26T16:26:09","guid":{"rendered":"https:\/\/diocese-aveiro.pt\/v3\/?page_id=2013"},"modified":"2024-02-26T16:35:09","modified_gmt":"2024-02-26T16:35:09","slug":"galeria","status":"publish","type":"page","link":"https:\/\/diocese-aveiro.pt\/v3\/galeria\/","title":{"rendered":"GALERIA"},"content":{"rendered":"\n<div class=\"wp-block-columns is-layout-flex wp-container-core-columns-is-layout-9d6595d7 wp-block-columns-is-layout-flex\">\n<div class=\"wp-block-column is-layout-flow wp-block-column-is-layout-flow\">\n<figure class=\"wp-block-image size-large\"><a href=\"https:\/\/photos.app.goo.gl\/8pbRQjG3fwiMk6Y39\"><img fetchpriority=\"high\" decoding=\"async\" width=\"1024\" height=\"441\" src=\"https:\/\/diocese-aveiro.pt\/v3\/wp-content\/uploads\/2024\/02\/DSC_0471-1024x441.jpg\" alt=\"\" class=\"wp-image-2014\" srcset=\"https:\/\/diocese-aveiro.pt\/v3\/wp-content\/uploads\/2024\/02\/DSC_0471-1024x441.jpg 1024w, https:\/\/diocese-aveiro.pt\/v3\/wp-content\/uploads\/2024\/02\/DSC_0471-300x129.jpg 300w, https:\/\/diocese-aveiro.pt\/v3\/wp-content\/uploads\/2024\/02\/DSC_0471-768x331.jpg 768w, https:\/\/diocese-aveiro.pt\/v3\/wp-content\/uploads\/2024\/02\/DSC_0471-1536x662.jpg 1536w, https:\/\/diocese-aveiro.pt\/v3\/wp-content\/uploads\/2024\/02\/DSC_0471-2048x883.jpg 2048w\" sizes=\"(max-width: 1024px) 100vw, 1024px\" \/><\/a><\/figure>\n<\/div>\n<\/div>\n\n\n\n<p class=\"has-text-align-center\"><em><a href=\"https:\/\/photos.app.goo.gl\/8pbRQjG3fwiMk6Y39\">Solenidade da Imaculada Concei\u00e7\u00e3o | Ordena\u00e7\u00e3o de di\u00e1conos permanentes &#8211; 08.12.2023<\/a><\/em><\/p>\n\n\n\n<figure class=\"wp-block-image size-large\"><img decoding=\"async\" width=\"1024\" height=\"431\" src=\"https:\/\/diocese-aveiro.pt\/v3\/wp-content\/uploads\/2024\/02\/DSC_0248-1024x431.jpg\" alt=\"\" class=\"wp-image-2019\" srcset=\"https:\/\/diocese-aveiro.pt\/v3\/wp-content\/uploads\/2024\/02\/DSC_0248-1024x431.jpg 1024w, https:\/\/diocese-aveiro.pt\/v3\/wp-content\/uploads\/2024\/02\/DSC_0248-300x126.jpg 300w, https:\/\/diocese-aveiro.pt\/v3\/wp-content\/uploads\/2024\/02\/DSC_0248-768x324.jpg 768w, https:\/\/diocese-aveiro.pt\/v3\/wp-content\/uploads\/2024\/02\/DSC_0248-1536x647.jpg 1536w, https:\/\/diocese-aveiro.pt\/v3\/wp-content\/uploads\/2024\/02\/DSC_0248-2048x863.jpg 2048w\" sizes=\"(max-width: 1024px) 100vw, 1024px\" \/><\/figure>\n\n\n\n<p class=\"has-text-align-center\"><a href=\"https:\/\/photos.app.goo.gl\/H5nDhw75BznCKM1N9\">Solenidade de Santa Joana Princesa &#8211; 12.05.2023<\/a><\/p>\n\n\n\n<figure class=\"wp-block-image size-large\"><a href=\"https:\/\/photos.app.goo.gl\/5wRLkMx5Rnmr9fts9\"><img decoding=\"async\" width=\"1024\" height=\"401\" src=\"https:\/\/diocese-aveiro.pt\/v3\/wp-content\/uploads\/2024\/02\/DSC_0593-1024x401.jpg\" alt=\"\" class=\"wp-image-2025\" srcset=\"https:\/\/diocese-aveiro.pt\/v3\/wp-content\/uploads\/2024\/02\/DSC_0593-1024x401.jpg 1024w, https:\/\/diocese-aveiro.pt\/v3\/wp-content\/uploads\/2024\/02\/DSC_0593-300x117.jpg 300w, https:\/\/diocese-aveiro.pt\/v3\/wp-content\/uploads\/2024\/02\/DSC_0593-768x300.jpg 768w, https:\/\/diocese-aveiro.pt\/v3\/wp-content\/uploads\/2024\/02\/DSC_0593-1536x601.jpg 1536w, https:\/\/diocese-aveiro.pt\/v3\/wp-content\/uploads\/2024\/02\/DSC_0593-2048x801.jpg 2048w\" sizes=\"(max-width: 1024px) 100vw, 1024px\" \/><\/a><\/figure>\n\n\n\n<p class=\"has-text-align-center\"><a href=\"https:\/\/photos.app.goo.gl\/5wRLkMx5Rnmr9fts9\">Vig\u00edlia Pascal &#8211; 08.01.2023<\/a><\/p>\n","protected":false},"excerpt":{"rendered":"<p>Solenidade da Imaculada Concei\u00e7\u00e3o | Ordena\u00e7\u00e3o de di\u00e1conos permanentes &#8211; 08.12.2023 Solenidade de Santa Joana Princesa &#8211; 12.05.2023 Vig\u00edlia Pascal &#8211; 08.01.2023<\/p>\n","protected":false},"author":1,"featured_media":0,"parent":0,"menu_order":0,"comment_status":"closed","ping_status":"closed","template":"","meta":{"pagelayer_contact_templates":[],"_pagelayer_content":"","_mc_calendar":[],"footnotes":""},"class_list":["post-2013","page","type-page","status-publish","hentry"],"_links":{"self":[{"href":"https:\/\/diocese-aveiro.pt\/v3\/wp-json\/wp\/v2\/pages\/2013","targetHints":{"allow":["GET"]}}],"collection":[{"href":"https:\/\/diocese-aveiro.pt\/v3\/wp-json\/wp\/v2\/pages"}],"about":[{"href":"https:\/\/diocese-aveiro.pt\/v3\/wp-json\/wp\/v2\/types\/page"}],"author":[{"embeddable":true,"href":"https:\/\/diocese-aveiro.pt\/v3\/wp-json\/wp\/v2\/users\/1"}],"replies":[{"embeddable":true,"href":"https:\/\/diocese-aveiro.pt\/v3\/wp-json\/wp\/v2\/comments?post=2013"}],"version-history":[{"count":6,"href":"https:\/\/diocese-aveiro.pt\/v3\/wp-json\/wp\/v2\/pages\/2013\/revisions"}],"predecessor-version":[{"id":2026,"href":"https:\/\/diocese-aveiro.pt\/v3\/wp-json\/wp\/v2\/pages\/2013\/revisions\/2026"}],"wp:attachment":[{"href":"https:\/\/diocese-aveiro.pt\/v3\/wp-json\/wp\/v2\/media?parent=2013"}],"curies":[{"name":"wp","href":"https:\/\/api.w.org\/{rel}","templated":true}]}}

<div class="wp-block-columns is-layout-flex wp-container-core-columns-is-layout-9d6595d7 wp-block-columns-is-layout-flex">
<div class="wp-block-column is-layout-flow wp-block-column-is-layout-flow">
<figure class="wp-block-image size-large"><a href="https://photos.app.goo.gl/8pbRQjG3fwiMk6Y39"><img fetchpriority="high" decoding="async" width="1024" height="441" src="https://diocese-aveiro.pt/v3/wp-content/uploads/2024/02/DSC_0471-1024x441.jpg" alt="" class="wp-image-2014" srcset="https://diocese-aveiro.pt/v3/wp-content/uploads/2024/02/DSC_0471-1024x441.jpg 1024w, https://diocese-aveiro.pt/v3/wp-content/uploads/2024/02/DSC_0471-300x129.jpg 300w, https://diocese-aveiro.pt/v3/wp-content/uploads/2024/02/DSC_0471-768x331.jpg 768w, https://diocese-aveiro.pt/v3/wp-content/uploads/2024/02/DSC_0471-1536x662.jpg 1536w, https://diocese-aveiro.pt/v3/wp-content/uploads/2024/02/DSC_0471-2048x883.jpg 2048w" sizes="(max-width: 1024px) 100vw, 1024px" /></a></figure>
</div>
</div>



<p class="has-text-align-center"><em><a href="https://photos.app.goo.gl/8pbRQjG3fwiMk6Y39">Solenidade da Imaculada Conceição | Ordenação de diáconos permanentes &#8211; 08.12.2023</a></em></p>



<figure class="wp-block-image size-large"><img decoding="async" width="1024" height="431" src="https://diocese-aveiro.pt/v3/wp-content/uploads/2024/02/DSC_0248-1024x431.jpg" alt="" class="wp-image-2019" srcset="https://diocese-aveiro.pt/v3/wp-content/uploads/2024/02/DSC_0248-1024x431.jpg 1024w, https://diocese-aveiro.pt/v3/wp-content/uploads/2024/02/DSC_0248-300x126.jpg 300w, https://diocese-aveiro.pt/v3/wp-content/uploads/2024/02/DSC_0248-768x324.jpg 768w, https://diocese-aveiro.pt/v3/wp-content/uploads/2024/02/DSC_0248-1536x647.jpg 1536w, https://diocese-aveiro.pt/v3/wp-content/uploads/2024/02/DSC_0248-2048x863.jpg 2048w" sizes="(max-width: 1024px) 100vw, 1024px" /></figure>



<p class="has-text-align-center"><a href="https://photos.app.goo.gl/H5nDhw75BznCKM1N9">Solenidade de Santa Joana Princesa &#8211; 12.05.2023</a></p>



<figure class="wp-block-image size-large"><a href="https://photos.app.goo.gl/5wRLkMx5Rnmr9fts9"><img decoding="async" width="1024" height="401" src="https://diocese-aveiro.pt/v3/wp-content/uploads/2024/02/DSC_0593-1024x401.jpg" alt="" class="wp-image-2025" srcset="https://diocese-aveiro.pt/v3/wp-content/uploads/2024/02/DSC_0593-1024x401.jpg 1024w, https://diocese-aveiro.pt/v3/wp-content/uploads/2024/02/DSC_0593-300x117.jpg 300w, https://diocese-aveiro.pt/v3/wp-content/uploads/2024/02/DSC_0593-768x300.jpg 768w, https://diocese-aveiro.pt/v3/wp-content/uploads/2024/02/DSC_0593-1536x601.jpg 1536w, https://diocese-aveiro.pt/v3/wp-content/uploads/2024/02/DSC_0593-2048x801.jpg 2048w" sizes="(max-width: 1024px) 100vw, 1024px" /></a></figure>



<p class="has-text-align-center"><a href="https://photos.app.goo.gl/5wRLkMx5Rnmr9fts9">Vigília Pascal &#8211; 08.01.2023</a></p>

<p>Solenidade da Imaculada Conceição | Ordenação de diáconos permanentes &#8211; 08.12.2023 Solenidade de Santa Joana Princesa &#8211; 12.05.2023 Vigília Pascal &#8211; 08.01.2023</p>
