{"id":51,"date":"2021-11-05T09:52:36","date_gmt":"2021-11-05T09:52:36","guid":{"rendered":"https:\/\/diocese-aveiro.pt\/tribunal\/about\/"},"modified":"2023-09-29T08:52:30","modified_gmt":"2023-09-29T08:52:30","slug":"about","status":"publish","type":"page","link":"https:\/\/diocese-aveiro.pt\/tribunal\/about\/","title":{"rendered":"Membros"},"content":{"rendered":"\n<h3 class=\"wp-block-heading\">Membros<\/h3>\n\n\n\n<p class=\"has-color-intro-widgets-text-mod-background-color has-background\"><strong>Vig\u00e1rio Judicial<\/strong><\/p>\n\n\n\n<p>P. Manuel Martins Sim\u00f5es Melo<\/p>\n\n\n\n<p>Email: <strong>vigariojudicial<\/strong>[@]<strong>diocese-aveiro.pt<\/strong> <\/p>\n\n\n\n<p class=\"has-color-intro-widgets-text-mod-background-color has-background\"><strong>Vig\u00e1rio Judicial<\/strong> <strong>Adjunto<\/strong><\/p>\n\n\n\n<p>P. Jo\u00e3o Carlos de Almeida Carvalho<\/p>\n\n\n\n<p>Email: <strong>vigariojudicialadjunto<\/strong>[@]<strong>diocese-aveiro.pt<\/strong> <\/p>\n\n\n\n<p class=\"has-color-intro-widgets-text-mod-background-color has-background\"><strong>Ju\u00edzes<\/strong><\/p>\n\n\n\n<ul class=\"wp-block-list\">\n<li>P. Manuel Joaquim Est\u00eav\u00e3o da Rocha<\/li>\n<\/ul>\n\n\n\n<p>Email: <strong>padre.mrocha<\/strong>[@]<strong>gmail.com<\/strong> <\/p>\n\n\n\n<ul class=\"wp-block-list\">\n<li>P. Jo\u00e3o Carlos de Almeida Carvalho<\/li>\n<\/ul>\n\n\n\n<p>Email: <strong>vigariojudicialadjunto<\/strong>[@]<strong>diocese-aveiro.pt<\/strong> <\/p>\n\n\n\n<ul class=\"wp-block-list\">\n<li>P. Manuel Martins Sim\u00f5es Melo<\/li>\n<\/ul>\n\n\n\n<p>Email: <strong>vigariojudicial<\/strong>[@]<strong>diocese-aveiro.pt<\/strong> <\/p>\n\n\n\n<p class=\"has-color-intro-widgets-text-mod-background-color has-background\"><strong>Defensores do V\u00ednculo<\/strong><\/p>\n\n\n\n<ul class=\"wp-block-list\">\n<li>P. Pedro Miguel Vieira Barros<\/li>\n<\/ul>\n\n\n\n<p>Email: <strong>defensorvinculo<\/strong>[@]<strong>diocese-aveiro.pt<\/strong> <\/p>\n\n\n\n<p class=\"has-color-intro-widgets-text-mod-background-color has-background\"><strong>Not\u00e1rios e Actu\u00e1rios<\/strong><\/p>\n\n\n\n<ul class=\"wp-block-list\">\n<li>Ledy Sousa de Pinho Vitorino<\/li>\n<\/ul>\n\n\n\n<p>Email: <strong>notario<\/strong>[@]<strong>diocese-aveiro.pt<\/strong> <\/p>\n\n\n\n<ul class=\"wp-block-list\">\n<li>P. F\u00e1bio Daniel Mota Freches<\/li>\n<\/ul>\n\n\n\n<p>Email: <strong>notario<\/strong>[@]<strong>diocese-aveiro.pt<\/strong> <\/p>\n\n\n\n<p class=\"has-color-intro-widgets-text-mod-background-color has-background\"><strong>Colaborador<\/strong><\/p>\n\n\n\n<ul class=\"wp-block-list\">\n<li>Di\u00e1c. Manuel Carvalhais<\/li>\n<\/ul>\n\n\n\n<p>Email: <strong>tribunal<\/strong>[@]<strong>diocese-aveiro.pt<\/strong> <\/p>\n","protected":false},"excerpt":{"rendered":"<div class=\"entry-summary\">\n<div class=\"entry-summary\">\nMembros Vig\u00e1rio Judicial P. Manuel Martins Sim\u00f5es Melo Email: vigariojudicialdiocese-aveiro.pt Vig\u00e1rio Judicial Adjunto P. Jo\u00e3o Carlos de Almeida Carvalho Email: vigariojudicialadjuntodiocese-aveiro.pt Ju\u00edzes Email: padre.mrochagmail.com Email: vigariojudicialadjuntodiocese-aveiro.pt Email: vigariojudicialdiocese-aveiro.pt Defensores do V\u00ednculo Email: defensorvinculodiocese-aveiro.pt Not\u00e1rios e Actu\u00e1rios Email: notariodiocese-aveiro.pt Email: notariodiocese-aveiro.pt&hellip;\n<\/div>\n<div class=\"link-more\"><a href=\"https:\/\/diocese-aveiro.pt\/tribunal\/about\/\" class=\"more-link\">Continue reading<span class=\"screen-reader-text\"> &ldquo;Membros&rdquo;<\/span>&hellip;<\/a><\/div>\n<\/div>\n<div class=\"link-more\"><a href=\"https:\/\/diocese-aveiro.pt\/tribunal\/about\/\" class=\"more-link\">Continue reading<span class=\"screen-reader-text\"> &ldquo;Membros&rdquo;<\/span>&hellip;<\/a><\/div>\n","protected":false},"author":1,"featured_media":0,"parent":0,"menu_order":0,"comment_status":"closed","ping_status":"closed","template":"","meta":{"footnotes":""},"class_list":["post-51","page","type-page","status-publish","hentry","entry"],"acf":[],"_links":{"self":[{"href":"https:\/\/diocese-aveiro.pt\/tribunal\/wp-json\/wp\/v2\/pages\/51","targetHints":{"allow":["GET"]}}],"collection":[{"href":"https:\/\/diocese-aveiro.pt\/tribunal\/wp-json\/wp\/v2\/pages"}],"about":[{"href":"https:\/\/diocese-aveiro.pt\/tribunal\/wp-json\/wp\/v2\/types\/page"}],"author":[{"embeddable":true,"href":"https:\/\/diocese-aveiro.pt\/tribunal\/wp-json\/wp\/v2\/users\/1"}],"replies":[{"embeddable":true,"href":"https:\/\/diocese-aveiro.pt\/tribunal\/wp-json\/wp\/v2\/comments?post=51"}],"version-history":[{"count":11,"href":"https:\/\/diocese-aveiro.pt\/tribunal\/wp-json\/wp\/v2\/pages\/51\/revisions"}],"predecessor-version":[{"id":192,"href":"https:\/\/diocese-aveiro.pt\/tribunal\/wp-json\/wp\/v2\/pages\/51\/revisions\/192"}],"wp:attachment":[{"href":"https:\/\/diocese-aveiro.pt\/tribunal\/wp-json\/wp\/v2\/media?parent=51"}],"curies":[{"name":"wp","href":"https:\/\/api.w.org\/{rel}","templated":true}]}}

<h3 class="wp-block-heading">Membros</h3>



<p class="has-color-intro-widgets-text-mod-background-color has-background"><strong>Vigário Judicial</strong></p>



<p>P. Manuel Martins Simões Melo</p>



<p>Email: <strong>vigariojudicial</strong>[@]<strong>diocese-aveiro.pt</strong> </p>



<p class="has-color-intro-widgets-text-mod-background-color has-background"><strong>Vigário Judicial</strong> <strong>Adjunto</strong></p>



<p>P. João Carlos de Almeida Carvalho</p>



<p>Email: <strong>vigariojudicialadjunto</strong>[@]<strong>diocese-aveiro.pt</strong> </p>



<p class="has-color-intro-widgets-text-mod-background-color has-background"><strong>Juízes</strong></p>



<ul class="wp-block-list">
<li>P. Manuel Joaquim Estêvão da Rocha</li>
</ul>



<p>Email: <strong>padre.mrocha</strong>[@]<strong>gmail.com</strong> </p>



<ul class="wp-block-list">
<li>P. João Carlos de Almeida Carvalho</li>
</ul>



<p>Email: <strong>vigariojudicialadjunto</strong>[@]<strong>diocese-aveiro.pt</strong> </p>



<ul class="wp-block-list">
<li>P. Manuel Martins Simões Melo</li>
</ul>



<p>Email: <strong>vigariojudicial</strong>[@]<strong>diocese-aveiro.pt</strong> </p>



<p class="has-color-intro-widgets-text-mod-background-color has-background"><strong>Defensores do Vínculo</strong></p>



<ul class="wp-block-list">
<li>P. Pedro Miguel Vieira Barros</li>
</ul>



<p>Email: <strong>defensorvinculo</strong>[@]<strong>diocese-aveiro.pt</strong> </p>



<p class="has-color-intro-widgets-text-mod-background-color has-background"><strong>Notários e Actuários</strong></p>



<ul class="wp-block-list">
<li>Ledy Sousa de Pinho Vitorino</li>
</ul>



<p>Email: <strong>notario</strong>[@]<strong>diocese-aveiro.pt</strong> </p>



<ul class="wp-block-list">
<li>P. Fábio Daniel Mota Freches</li>
</ul>



<p>Email: <strong>notario</strong>[@]<strong>diocese-aveiro.pt</strong> </p>



<p class="has-color-intro-widgets-text-mod-background-color has-background"><strong>Colaborador</strong></p>



<ul class="wp-block-list">
<li>Diác. Manuel Carvalhais</li>
</ul>



<p>Email: <strong>tribunal</strong>[@]<strong>diocese-aveiro.pt</strong> </p>

<div class="entry-summary">
<div class="entry-summary">
Membros Vigário Judicial P. Manuel Martins Simões Melo Email: vigariojudicialdiocese-aveiro.pt Vigário Judicial Adjunto P. João Carlos de Almeida Carvalho Email: vigariojudicialadjuntodiocese-aveiro.pt Juízes Email: padre.mrochagmail.com Email: vigariojudicialadjuntodiocese-aveiro.pt Email: vigariojudicialdiocese-aveiro.pt Defensores do Vínculo Email: defensorvinculodiocese-aveiro.pt Notários e Actuários Email: notariodiocese-aveiro.pt Email: notariodiocese-aveiro.pt&hellip;
</div>
<div class="link-more"><a href="https://diocese-aveiro.pt/tribunal/about/" class="more-link">Continue reading<span class="screen-reader-text"> &ldquo;Membros&rdquo;</span>&hellip;</a></div>
</div>
<div class="link-more"><a href="https://diocese-aveiro.pt/tribunal/about/" class="more-link">Continue reading<span class="screen-reader-text"> &ldquo;Membros&rdquo;</span>&hellip;</a></div>
