{"id":50,"date":"2021-11-05T09:52:36","date_gmt":"2021-11-05T09:52:36","guid":{"rendered":"https:\/\/diocese-aveiro.pt\/tribunal\/home\/"},"modified":"2022-11-11T10:44:52","modified_gmt":"2022-11-11T10:44:52","slug":"home","status":"publish","type":"page","link":"https:\/\/diocese-aveiro.pt\/tribunal\/","title":{"rendered":""},"content":{"rendered":"\n<h3>O Tribunal<\/h3>\n<p>O Tribunal da Diocese de Aveiro \u00e9 um tribunal de Primeira Inst\u00e2ncia, e cujo funcionamento encontra-se conforme ao ordenamento can\u00f3nico (cc. 1419-1437).<\/p>\n<p>&nbsp;<\/p>\n","protected":false},"excerpt":{"rendered":"<div class=\"entry-summary\">\n<div class=\"entry-summary\">\nO Tribunal O Tribunal da Diocese de Aveiro \u00e9 um tribunal de Primeira Inst\u00e2ncia, e cujo funcionamento encontra-se conforme ao ordenamento can\u00f3nico (cc. 1419-1437). &nbsp;\n<\/div>\n<div class=\"link-more\"><a href=\"https:\/\/diocese-aveiro.pt\/tribunal\/\" class=\"more-link\">Continue reading&hellip;<\/a><\/div>\n<\/div>\n<div class=\"link-more\"><a href=\"https:\/\/diocese-aveiro.pt\/tribunal\/\" class=\"more-link\">Continue reading&hellip;<\/a><\/div>\n","protected":false},"author":1,"featured_media":0,"parent":0,"menu_order":0,"comment_status":"closed","ping_status":"closed","template":"","meta":{"footnotes":""},"class_list":["post-50","page","type-page","status-publish","hentry","entry"],"acf":[],"_links":{"self":[{"href":"https:\/\/diocese-aveiro.pt\/tribunal\/wp-json\/wp\/v2\/pages\/50","targetHints":{"allow":["GET"]}}],"collection":[{"href":"https:\/\/diocese-aveiro.pt\/tribunal\/wp-json\/wp\/v2\/pages"}],"about":[{"href":"https:\/\/diocese-aveiro.pt\/tribunal\/wp-json\/wp\/v2\/types\/page"}],"author":[{"embeddable":true,"href":"https:\/\/diocese-aveiro.pt\/tribunal\/wp-json\/wp\/v2\/users\/1"}],"replies":[{"embeddable":true,"href":"https:\/\/diocese-aveiro.pt\/tribunal\/wp-json\/wp\/v2\/comments?post=50"}],"version-history":[{"count":3,"href":"https:\/\/diocese-aveiro.pt\/tribunal\/wp-json\/wp\/v2\/pages\/50\/revisions"}],"predecessor-version":[{"id":184,"href":"https:\/\/diocese-aveiro.pt\/tribunal\/wp-json\/wp\/v2\/pages\/50\/revisions\/184"}],"wp:attachment":[{"href":"https:\/\/diocese-aveiro.pt\/tribunal\/wp-json\/wp\/v2\/media?parent=50"}],"curies":[{"name":"wp","href":"https:\/\/api.w.org\/{rel}","templated":true}]}}

<h3>O Tribunal</h3>
<p>O Tribunal da Diocese de Aveiro é um tribunal de Primeira Instância, e cujo funcionamento encontra-se conforme ao ordenamento canónico (cc. 1419-1437).</p>
<p>&nbsp;</p>

<div class="entry-summary">
<div class="entry-summary">
O Tribunal O Tribunal da Diocese de Aveiro é um tribunal de Primeira Instância, e cujo funcionamento encontra-se conforme ao ordenamento canónico (cc. 1419-1437). &nbsp;
</div>
<div class="link-more"><a href="https://diocese-aveiro.pt/tribunal/" class="more-link">Continue reading&hellip;</a></div>
</div>
<div class="link-more"><a href="https://diocese-aveiro.pt/tribunal/" class="more-link">Continue reading&hellip;</a></div>
