{"id":369,"date":"2018-01-31T15:40:33","date_gmt":"2018-01-31T15:40:33","guid":{"rendered":"https:\/\/diocese-aveiro.pt\/santajoana\/?page_id=369"},"modified":"2022-05-21T15:48:36","modified_gmt":"2022-05-21T15:48:36","slug":"apontamento-biografico","status":"publish","type":"page","link":"https:\/\/diocese-aveiro.pt\/santajoana\/","title":{"rendered":"Apontamento biogr\u00e1fico"},"content":{"rendered":"<h1 style=\"text-align: center\">Biografia Breve<\/h1>\n<p>Filha de D. Afonso V, rei de Portugal, a Princesa Santa Joana nasceu na cidade de Lisboa, em 6 de fevereiro de 1452. \u00d3rf\u00e3 de m\u00e3e aos quatro anos, procurou desde menina praticar sempre a mais edificante virtude, tanto no desprendimento das grandezas da corte e das vaidades do mundo, como na profunda piedade e vida interior, na sincera devo\u00e7\u00e3o \u00e0 paix\u00e3o de Cristo e na desinteressada caridade a favor dos pobres. Como manifesta\u00e7\u00e3o de tal g\u00e9nero de sentir e viver, escolheu para seu distintivo a coroa de espinhos. Aos dezanove anos, recolheu-se no mosteiro de Odivelas; mas, em 4 de agosto de 1472, mudou para o mosteiro de Jesus da ent\u00e3o vila de Aveiro, a que ela chamava \u00aba sua Lisboa, a pequena\u00bb. A\u00ed viveu em austeridade e fervor religioso, sob o h\u00e1bito dominicano, at\u00e9 ao seu falecimento, ocorrido em 12 de maio de 1490; tinha trinta e oito anos de idade. Foi sepultada no coro do convento. Logo ap\u00f3s a sua morte, o povo de Aveiro come\u00e7ou a vener\u00e1-la por santa, considerando-a mesmo, mais tarde, como protetora da cidade; o seu culto foi confirmado pelo papa Inoc\u00eancio XII, em 4 de abril de 1693. O papa Paulo VI, em 5 de janeiro de 1965, constituiu-a padroeira principal da cidade e da diocese de Aveiro.<\/p>\n","protected":false},"excerpt":{"rendered":"<p>Biografia Breve Filha de D. Afonso V, rei de Portugal, a Princesa Santa Joana nasceu na cidade de Lisboa, em 6 de fevereiro de 1452. \u00d3rf\u00e3 de m\u00e3e aos quatro anos, procurou desde menina praticar<a class=\"moretag\" href=\"https:\/\/diocese-aveiro.pt\/santajoana\/\"> Ler mais<\/a><\/p>\n","protected":false},"author":1,"featured_media":110,"parent":359,"menu_order":1,"comment_status":"closed","ping_status":"closed","template":"","meta":[],"_links":{"self":[{"href":"https:\/\/diocese-aveiro.pt\/santajoana\/wp-json\/wp\/v2\/pages\/369"}],"collection":[{"href":"https:\/\/diocese-aveiro.pt\/santajoana\/wp-json\/wp\/v2\/pages"}],"about":[{"href":"https:\/\/diocese-aveiro.pt\/santajoana\/wp-json\/wp\/v2\/types\/page"}],"author":[{"embeddable":true,"href":"https:\/\/diocese-aveiro.pt\/santajoana\/wp-json\/wp\/v2\/users\/1"}],"replies":[{"embeddable":true,"href":"https:\/\/diocese-aveiro.pt\/santajoana\/wp-json\/wp\/v2\/comments?post=369"}],"version-history":[{"count":2,"href":"https:\/\/diocese-aveiro.pt\/santajoana\/wp-json\/wp\/v2\/pages\/369\/revisions"}],"predecessor-version":[{"id":464,"href":"https:\/\/diocese-aveiro.pt\/santajoana\/wp-json\/wp\/v2\/pages\/369\/revisions\/464"}],"up":[{"embeddable":true,"href":"https:\/\/diocese-aveiro.pt\/santajoana\/wp-json\/wp\/v2\/pages\/359"}],"wp:featuredmedia":[{"embeddable":true,"href":"https:\/\/diocese-aveiro.pt\/santajoana\/wp-json\/wp\/v2\/media\/110"}],"wp:attachment":[{"href":"https:\/\/diocese-aveiro.pt\/santajoana\/wp-json\/wp\/v2\/media?parent=369"}],"curies":[{"name":"wp","href":"https:\/\/api.w.org\/{rel}","templated":true}]}}

Apontamento biográfico

<h1 style="text-align: center">Biografia Breve</h1>
<p>Filha de D. Afonso V, rei de Portugal, a Princesa Santa Joana nasceu na cidade de Lisboa, em 6 de fevereiro de 1452. Órfã de mãe aos quatro anos, procurou desde menina praticar sempre a mais edificante virtude, tanto no desprendimento das grandezas da corte e das vaidades do mundo, como na profunda piedade e vida interior, na sincera devoção à paixão de Cristo e na desinteressada caridade a favor dos pobres. Como manifestação de tal género de sentir e viver, escolheu para seu distintivo a coroa de espinhos. Aos dezanove anos, recolheu-se no mosteiro de Odivelas; mas, em 4 de agosto de 1472, mudou para o mosteiro de Jesus da então vila de Aveiro, a que ela chamava «a sua Lisboa, a pequena». Aí viveu em austeridade e fervor religioso, sob o hábito dominicano, até ao seu falecimento, ocorrido em 12 de maio de 1490; tinha trinta e oito anos de idade. Foi sepultada no coro do convento. Logo após a sua morte, o povo de Aveiro começou a venerá-la por santa, considerando-a mesmo, mais tarde, como protetora da cidade; o seu culto foi confirmado pelo papa Inocêncio XII, em 4 de abril de 1693. O papa Paulo VI, em 5 de janeiro de 1965, constituiu-a padroeira principal da cidade e da diocese de Aveiro.</p>

<p>Biografia Breve Filha de D. Afonso V, rei de Portugal, a Princesa Santa Joana nasceu na cidade de Lisboa, em 6 de fevereiro de 1452. Órfã de mãe aos quatro anos, procurou desde menina praticar<a class="moretag" href="https://diocese-aveiro.pt/santajoana/"> Ler mais</a></p>
