{"id":845,"date":"2020-10-16T18:24:18","date_gmt":"2020-10-16T18:24:18","guid":{"rendered":"https:\/\/diocese-aveiro.pt\/paroquiadatorreira\/?page_id=845"},"modified":"2021-01-31T14:31:26","modified_gmt":"2021-01-31T14:31:26","slug":"amigos-de-s-paio","status":"publish","type":"page","link":"https:\/\/diocese-aveiro.pt\/paroquiadatorreira\/amigos-de-s-paio\/","title":{"rendered":"&#8220;Amigos de S. Paio&#8221;"},"content":{"rendered":"\n<p>Lista dos &#8220;Amigos de S. Paio&#8221;, benfeitores que contribuem com 10\u20ac mensais, durante tr\u00eas anos, para a constru\u00e7\u00e3o do Centro Paroquial de S. Paio da Torreira<\/p>\n\n\n\n<figure class=\"wp-block-table\"><table><tbody><tr><td><\/td><td>Nomes<\/td><td>Morada<\/td><\/tr><tr><td>1<\/td><td>Ad\u00e3o dos Santos<\/td><td>Torreira\/EUA<\/td><\/tr><tr><td>2<\/td><td>Ag\u00eancia Funer\u00e1ria Conde<\/td><td>Murtosa<\/td><\/tr><tr><td>3<\/td><td>Ag\u00eancia Funer\u00e1ria Rebimbas<\/td><td>Murtosa<\/td><\/tr><tr><td>4<\/td><td>\u00c1lvaro da Silva Matos<\/td><td>Torreira<\/td><\/tr><tr><td>5<\/td><td>\u00c1lvaro Rodrigues dos Santos<\/td><td>Torreira<\/td><\/tr><tr><td>6<\/td><td>Ana Catarina Esteves Oliveira<\/td><td>Torreira<\/td><\/tr><tr><td>7<\/td><td>Ana Marques<\/td><td>Torreira\/B\u00e9lgica<\/td><\/tr><tr><td>8<\/td><td>Ant\u00f3nio Augusto Oliveira Pinho<\/td><td>Torreira<\/td><\/tr><tr><td>9<\/td><td>Ant\u00f3nio e Em\u00edlia da Silva<\/td><td>Torreira<\/td><\/tr><tr><td>10<\/td><td>Ant\u00f3nio e Vanessa Vieira<\/td><td>Torreira<\/td><\/tr><tr><td>11<\/td><td>Ant\u00f3nio Fernando Oliveira Matos<\/td><td>Torreira<\/td><\/tr><tr><td>12<\/td><td>Ant\u00f3nio Maria dos Santos Pereira Valente<\/td><td>Torreira<\/td><\/tr><tr><td>13<\/td><td>Arte X\u00e1vega<\/td><td>Torreira<\/td><\/tr><tr><td>14<\/td><td>Artur Sim\u00f5es<\/td><td>Torreira<\/td><\/tr><tr><td>15<\/td><td>Carlos Augusto Pereira<\/td><td>Torreira<\/td><\/tr><tr><td>16<\/td><td>Carlos Evaristo e F\u00e1tima<\/td><td>Torreira<\/td><\/tr><tr><td>17<\/td><td>Carlos Fernandes&amp;Fernandes, Lda\/Avenida Praia<\/td><td>Torreira<\/td><\/tr><tr><td>18<\/td><td>Carolina da Cunha<\/td><td>Torreira\/EUA<\/td><\/tr><tr><td>19<\/td><td>Celeste Vaz<\/td><td>Torreira<\/td><\/tr><tr><td>20<\/td><td>Celestino Manuel da Silva<\/td><td>Murtosa\/Canad\u00e1<\/td><\/tr><tr><td>21<\/td><td>C\u00e9lia Maria Valente dos Santos<\/td><td>Torreira<\/td><\/tr><tr><td>22<\/td><td>Claudino Valente dos Santos<\/td><td>Torreira<\/td><\/tr><tr><td>23<\/td><td>Clementina Vieira da Silva Fonseca<\/td><td>Torreira<\/td><\/tr><tr><td>24<\/td><td>Cristiano Marcos Pereira da Costa<\/td><td>Branca\/Su\u00ed\u00e7a<\/td><\/tr><tr><td>25<\/td><td>Di\u00e1cono Francisco Jos\u00e9 Conde Santos<\/td><td>Murtosa<\/td><\/tr><tr><td>26<\/td><td>Domingos da Silva<\/td><td>Torreira<\/td><\/tr><tr><td>27<\/td><td>Dra Eug\u00e9nia<\/td><td>Torreira<\/td><\/tr><tr><td>28<\/td><td>Edite Castro e Jo\u00e3o<\/td><td>Torreira<\/td><\/tr><tr><td>29<\/td><td>Encarna\u00e7\u00e3o e Fernando<\/td><td>Torreira<\/td><\/tr><tr><td>30<\/td><td>Enfermeira Eva<\/td><td>Torreira<\/td><\/tr><tr><td>31<\/td><td>Esm\u00e9ria Cunha<\/td><td>Torreira<\/td><\/tr><tr><td>32<\/td><td>Estela e Catarino, Lda<\/td><td>Torreira<\/td><\/tr><tr><td>33<\/td><td>F\u00e1bio Manuel Rodrigues Oliveira<\/td><td>Torreira<\/td><\/tr><tr><td>34<\/td><td>Felismina Peres<\/td><td>Torreira<\/td><\/tr><tr><td>35<\/td><td>Fernanda Augusta da Silva Mendes Fernandes<\/td><td>Torreira<\/td><\/tr><tr><td>36<\/td><td>Firmino Aresta<\/td><td>Torreira<\/td><\/tr><tr><td>37<\/td><td>Francisco Eduardo de Almeida Santos<\/td><td>Torreira<\/td><\/tr><tr><td>38<\/td><td>Gabriela Vendel Santos<\/td><td>Torreira<\/td><\/tr><tr><td>39<\/td><td>Gra\u00e7a e Henrique Miranda Brand\u00e3o<\/td><td>Torreira<\/td><\/tr><tr><td>40<\/td><td>Gracinda Rodrigues dos Santos Valente<\/td><td>Torreira<\/td><\/tr><tr><td>41<\/td><td>Gualdino Justo<\/td><td>Torreira<\/td><\/tr><tr><td>42<\/td><td>Hilde Du Laurier<\/td><td>B\u00e9lgica<\/td><\/tr><tr><td>43<\/td><td>Irm\u00e3os RM<\/td><td>Torreira\/B\u00e9lgica<\/td><\/tr><tr><td>44<\/td><td>Isabel Patusco<\/td><td>Torreira<\/td><\/tr><tr><td>45<\/td><td>Jo\u00e3o Caravela<\/td><td>Torreira<\/td><\/tr><tr><td>46<\/td><td>Jo\u00e3o Manuel Aresta da Cunha<\/td><td>Torreira<\/td><\/tr><tr><td>47<\/td><td>Joaquim dos Santos<\/td><td>Torreira\/EUA<\/td><\/tr><tr><td>48<\/td><td>Joaquim Manuel dos Santos Baptista<\/td><td>Torreira<\/td><\/tr><tr><td>49<\/td><td>Jos\u00e9 Alcides Ramos Pereira<\/td><td>Torreira<\/td><\/tr><tr><td>50<\/td><td>Jos\u00e9 Manuel Vaz Azevedo<\/td><td>Torreira<\/td><\/tr><tr><td>51<\/td><td>J\u00falio C\u00e9sar da Silva Nunes<\/td><td>Torreira<\/td><\/tr><tr><td>52<\/td><td>L . J. Torreira<\/td><td>Torreira<\/td><\/tr><tr><td>53<\/td><td>L . J. Torreira<\/td><td>Torreira<\/td><\/tr><tr><td>54<\/td><td>L . J. Torreira<\/td><td>Torreira<\/td><\/tr><tr><td>55<\/td><td>Leopold V.<\/td><td>B\u00e9lgica<\/td><\/tr><tr><td>56<\/td><td>Lucas e Anne Marie<\/td><td>B\u00e9lgica<\/td><\/tr><tr><td>57<\/td><td>Manuel e Alzira Bastos<\/td><td>Torreira<\/td><\/tr><tr><td>58<\/td><td>Manuel Rodrigues de Pinho<\/td><td>Torreira<\/td><\/tr><tr><td>59<\/td><td>M\u00e1rcio Miguel Martins Fontoura<\/td><td>Branca<\/td><\/tr><tr><td>60<\/td><td>Margarida Fangueiro<\/td><td>Torreira<\/td><\/tr><tr><td>61<\/td><td>Maria Alexandra Estina Coelho de Oliveira<\/td><td>Torreira<\/td><\/tr><tr><td>62<\/td><td>Maria Ascens\u00e3o Caravela Rebelo Barros<\/td><td>Torreira<\/td><\/tr><tr><td>63<\/td><td>Maria Costa Santos<\/td><td>Torreira<\/td><\/tr><tr><td>64<\/td><td>Maria da Anuncia\u00e7\u00e3o Vieira Aresta<\/td><td>Torreira<\/td><\/tr><tr><td>65<\/td><td>Maria da Gl\u00f3ria Leit\u00e3o Serra<\/td><td>Torreira<\/td><\/tr><tr><td>66<\/td><td>Maria da Gra\u00e7a Marques<\/td><td>Torreira<\/td><\/tr><tr><td>67<\/td><td>Maria de Jesus Calmaria Branco<\/td><td>Torreira<\/td><\/tr><tr><td>68<\/td><td>Maria do Carmo Carrabau<\/td><td>Torreira<\/td><\/tr><tr><td>69<\/td><td>Maria Odete Gameiro Esteves Elmer<\/td><td>Torreira<\/td><\/tr><tr><td>70<\/td><td>Maria Peres<\/td><td>Torreira<\/td><\/tr><tr><td>71<\/td><td>Mar\u00edlia Cunha<\/td><td>Torreira<\/td><\/tr><tr><td>72<\/td><td>M\u00e1rio Jo\u00e3o Acabou<\/td><td>Torreira<\/td><\/tr><tr><td>73<\/td><td>Miguel Freire<\/td><td>Torreira<\/td><\/tr><tr><td>74<\/td><td>Olga Cristina Pimenta<\/td><td>Torreira<\/td><\/tr><tr><td>75<\/td><td>Ol\u00edvia Henriques<\/td><td>Torreira<\/td><\/tr><tr><td>76<\/td><td>Padre Victor Marques Cardoso<\/td><td>Torreira<\/td><\/tr><tr><td>77<\/td><td>Palmira Faustina<\/td><td>Torreira<\/td><\/tr><tr><td>78<\/td><td>Paula Cristina Silva<\/td><td>Torreira<\/td><\/tr><tr><td>79<\/td><td>Piedade Tavares<\/td><td>Torreira<\/td><\/tr><tr><td>80<\/td><td>Rosa Maria dos Santos Cerqueira<\/td><td>Torreira\/EUA<\/td><\/tr><tr><td>81<\/td><td>Sandra Gabriela Lopes Ramos Pereira<\/td><td>Torreira<\/td><\/tr><tr><td>82<\/td><td>V\u00edtor Capelo<\/td><td>Torreira<\/td><\/tr><tr><td>83<\/td><td>V\u00edtor Matos<\/td><td>Torreira<\/td><\/tr><tr><td>84<\/td><td>V\u00edtor Pacheco<\/td><td>Torreira<\/td><\/tr><tr><td>85<\/td><td>Maria J\u00falia Ferreira da Silva Mariano<\/td><td>Torreira<\/td><\/tr><tr><td>86<\/td><td>Maria Aurora Pereira Barbosa<\/td><td>Torreira<\/td><\/tr><tr><td>87<\/td><td>Maria Aurora Pereira Barbosa<\/td><td>Torreira<\/td><\/tr><tr><td>88<\/td><td>Ana Cristina Raulino Barbosa<\/td><td>Torreira<\/td><\/tr><\/tbody><\/table><\/figure>\n","protected":false},"excerpt":{"rendered":"<p>Lista dos &#8220;Amigos de S. Paio&#8221;, benfeitores que contribuem com 10\u20ac mensais, durante tr\u00eas anos, para a constru\u00e7\u00e3o do Centro Paroquial de S. Paio da Torreira Nomes Morada 1 Ad\u00e3o dos Santos Torreira\/EUA 2 Ag\u00eancia Funer\u00e1ria Conde Murtosa 3 Ag\u00eancia &hellip; <a href=\"https:\/\/diocese-aveiro.pt\/paroquiadatorreira\/amigos-de-s-paio\/\">Continuar a ler <span class=\"meta-nav\">&rarr;<\/span><\/a><\/p>\n","protected":false},"author":1,"featured_media":0,"parent":0,"menu_order":0,"comment_status":"closed","ping_status":"closed","template":"","meta":{"saved_in_kubio":false,"pagelayer_contact_templates":[],"_pagelayer_content":"","footnotes":""},"class_list":["post-845","page","type-page","status-publish","hentry"],"kubio_ai_page_context":{"short_desc":"","purpose":"general"},"_links":{"self":[{"href":"https:\/\/diocese-aveiro.pt\/paroquiadatorreira\/wp-json\/wp\/v2\/pages\/845","targetHints":{"allow":["GET"]}}],"collection":[{"href":"https:\/\/diocese-aveiro.pt\/paroquiadatorreira\/wp-json\/wp\/v2\/pages"}],"about":[{"href":"https:\/\/diocese-aveiro.pt\/paroquiadatorreira\/wp-json\/wp\/v2\/types\/page"}],"author":[{"embeddable":true,"href":"https:\/\/diocese-aveiro.pt\/paroquiadatorreira\/wp-json\/wp\/v2\/users\/1"}],"replies":[{"embeddable":true,"href":"https:\/\/diocese-aveiro.pt\/paroquiadatorreira\/wp-json\/wp\/v2\/comments?post=845"}],"version-history":[{"count":7,"href":"https:\/\/diocese-aveiro.pt\/paroquiadatorreira\/wp-json\/wp\/v2\/pages\/845\/revisions"}],"predecessor-version":[{"id":986,"href":"https:\/\/diocese-aveiro.pt\/paroquiadatorreira\/wp-json\/wp\/v2\/pages\/845\/revisions\/986"}],"wp:attachment":[{"href":"https:\/\/diocese-aveiro.pt\/paroquiadatorreira\/wp-json\/wp\/v2\/media?parent=845"}],"curies":[{"name":"wp","href":"https:\/\/api.w.org\/{rel}","templated":true}]}}