{"id":6,"date":"2025-12-19T12:04:55","date_gmt":"2025-12-19T12:04:55","guid":{"rendered":"https:\/\/diocese-aveiro.pt\/paroquiaaradas\/?page_id=6"},"modified":"2025-12-19T12:06:05","modified_gmt":"2025-12-19T12:06:05","slug":"em-construcao","status":"publish","type":"page","link":"https:\/\/diocese-aveiro.pt\/paroquiaaradas\/","title":{"rendered":""},"content":{"rendered":"\n<div class=\"wp-block-cover alignfull has-accent-1-color has-text-color has-link-color wp-elements-21777be518be2159c592ab811ba01576\" style=\"margin-top:0;margin-bottom:0;padding-top:200px;padding-right:var(--wp--preset--spacing--50);padding-bottom:200px;padding-left:var(--wp--preset--spacing--50);min-height:100vh;aspect-ratio:unset;\"><img loading=\"lazy\" decoding=\"async\" width=\"330\" height=\"247\" class=\"wp-block-cover__image-background wp-image-8 size-full\" alt=\"\" src=\"https:\/\/diocese-aveiro.pt\/paroquiaaradas\/wp-content\/uploads\/2025\/12\/Igreja_Matriz_de_Aradas.jpg\" style=\"object-position:49% 38%\" data-object-fit=\"cover\" data-object-position=\"49% 38%\" srcset=\"https:\/\/diocese-aveiro.pt\/paroquiaaradas\/wp-content\/uploads\/2025\/12\/Igreja_Matriz_de_Aradas.jpg 330w, https:\/\/diocese-aveiro.pt\/paroquiaaradas\/wp-content\/uploads\/2025\/12\/Igreja_Matriz_de_Aradas-300x225.jpg 300w\" sizes=\"auto, (max-width: 330px) 100vw, 330px\" \/><span aria-hidden=\"true\" class=\"wp-block-cover__background has-background-dim-10 has-background-dim\" style=\"background-color:#6c7182\"><\/span><div class=\"wp-block-cover__inner-container has-global-padding is-layout-constrained wp-container-core-cover-is-layout-d47c59a2 wp-block-cover-is-layout-constrained\">\n<div class=\"wp-block-group is-vertical is-content-justification-center is-layout-flex wp-container-core-group-is-layout-ce155fab wp-block-group-is-layout-flex\">\n<h2 class=\"wp-block-heading has-text-align-center is-style-text-annotation is-style-text-annotation--1\"><\/h2>\n<\/div>\n\n\n\n<h3 class=\"wp-block-heading has-text-align-center has-xx-large-font-size\">Algo fant\u00e1stico est\u00e1 para breve<\/h3>\n\n\n\n<p class=\"has-text-align-center\">P\u00e1gina oficial da Par\u00f3quia de S\u00e3o Pedro de Aradas | Diocese de Aveiro<\/p>\n\n\n\n<div class=\"wp-block-buttons is-content-justification-center is-layout-flex wp-container-core-buttons-is-layout-a89b3969 wp-block-buttons-is-layout-flex\">\n<div class=\"wp-block-button is-style-fill\"><a class=\"wp-block-button__link has-contrast-color has-accent-1-background-color has-text-color has-background has-link-color has-border-color has-accent-1-border-color wp-element-button\">em atualiza\u00e7\u00e3o<\/a><\/div>\n<\/div>\n<\/div><\/div>\n","protected":false},"excerpt":{"rendered":"","protected":false},"author":1,"featured_media":0,"parent":0,"menu_order":0,"comment_status":"closed","ping_status":"closed","template":"","meta":{"pagelayer_contact_templates":[],"_pagelayer_content":"","footnotes":""},"class_list":["post-6","page","type-page","status-publish","hentry"],"_links":{"self":[{"href":"https:\/\/diocese-aveiro.pt\/paroquiaaradas\/wp-json\/wp\/v2\/pages\/6","targetHints":{"allow":["GET"]}}],"collection":[{"href":"https:\/\/diocese-aveiro.pt\/paroquiaaradas\/wp-json\/wp\/v2\/pages"}],"about":[{"href":"https:\/\/diocese-aveiro.pt\/paroquiaaradas\/wp-json\/wp\/v2\/types\/page"}],"author":[{"embeddable":true,"href":"https:\/\/diocese-aveiro.pt\/paroquiaaradas\/wp-json\/wp\/v2\/users\/1"}],"replies":[{"embeddable":true,"href":"https:\/\/diocese-aveiro.pt\/paroquiaaradas\/wp-json\/wp\/v2\/comments?post=6"}],"version-history":[{"count":2,"href":"https:\/\/diocese-aveiro.pt\/paroquiaaradas\/wp-json\/wp\/v2\/pages\/6\/revisions"}],"predecessor-version":[{"id":11,"href":"https:\/\/diocese-aveiro.pt\/paroquiaaradas\/wp-json\/wp\/v2\/pages\/6\/revisions\/11"}],"wp:attachment":[{"href":"https:\/\/diocese-aveiro.pt\/paroquiaaradas\/wp-json\/wp\/v2\/media?parent=6"}],"curies":[{"name":"wp","href":"https:\/\/api.w.org\/{rel}","templated":true}]}}