{"id":39,"date":"2023-10-18T14:34:09","date_gmt":"2023-10-18T14:34:09","guid":{"rendered":"https:\/\/diocese-aveiro.pt\/jubileudacatedraldeaveiro\/home\/"},"modified":"2024-02-28T09:19:58","modified_gmt":"2024-02-28T09:19:58","slug":"home","status":"publish","type":"page","link":"https:\/\/diocese-aveiro.pt\/jubileudacatedraldeaveiro\/","title":{"rendered":"Home"},"content":{"rendered":"\n\n\n<p><strong>A IGREJA ONTEM, HOJE E AMANH\u00c3:<\/strong><\/p><p>Ciclo de confer\u00eancias [3] em diferentes arciprestados da nossa diocese.<\/p><p><br><\/p><p>+ informa\u00e7\u00f5es<br><\/p>\n\n\n<p><strong><\/strong><\/p><span style=\"line-height:0.9;\"><p><strong>DIOCESE DE AVEIRO:<span style=\"\"><\/span><\/strong><\/p><p><strong><\/strong><\/p><span style=\"\"><p><\/p><\/span><\/span><span style=\"line-height: 2.5;\"><p><strong>Passado, presente e futuro<\/strong><\/p><p><\/p><\/span><p>Exposi\u00e7\u00e3o em quatro locais da cidade de Aveiro<br><\/p><p>+ informa\u00e7\u00f5es<\/p>\n\n\n<p>6 <strong>concertos<\/strong>: Aveiro, \u00c1gueda, Vagos, Anadia, Sever do Vouga e Albergaria<\/p><p><strong>Pe\u00e7a de teatro<\/strong>, em Estarreja<\/p><p><br><\/p><p>+ informa\u00e7\u00f5es<\/p>\n\n\n\n\n<h2>Peregrina\u00e7\u00f5es arciprestais<\/h2>\n\n\n\n\n\n\n\n\n<p>Peregrinar \u00e9 um ato t\u00e3o antigo como a exist\u00eancia dos seres humanos neste mundo. Mas, para peregrinar h\u00e1 que ter em conta que n\u00e3o se trata apenas do ato de caminhar (no caso da peregrina\u00e7\u00e3o a p\u00e9), ou executar um trajeto com um determinado n\u00famero de quil\u00f3metros; peregrinar \u00e9 pegar no essencial da vida e caminhar motivado &#8220;por&#8221; ou &#8220;para algo&#8221;. Ser\u00e1, com certeza,&nbsp; este o esp\u00edrito desta Peregrina\u00e7\u00e3o Jubilar.<\/p><p>&nbsp;<\/p><p>Hoje, tu \u00e9s peregrino envolvido no manto do Ano Jubilar desta diocese de Aveiro, vindo da tua par\u00f3quia e em comunh\u00e3o com a Igreja na pessoa do teu&nbsp; Bispo. Hoje \u00e9s peregrino em busca da tua fonte, o sinal da tua unidade como cat\u00f3lico,&nbsp; o encontro com a tua Catedral.<\/p>\n\n\n\n\n<h2>A S\u00c9 DE AVEIRO<\/h2>\n\n\n\n\n<h2>outras informa\u00e7\u00f5es<\/h2>\n\n\n<em>PENITENCIARIA APOST\u00d3LICA, para aumentar a religi\u00e3o dos fi\u00e9is e a salva\u00e7\u00e3o das almas&#8230;<\/em>\n\n\n&#8220;Peregrinos na Esperan\u00e7a&#8221; &#8211; carta pastoral de D. Ant\u00f3nio Moiteiro, no Jubileu da Catedral\n\n\nTr\u00eas catequeses que nos ajudam a preparar a Peregrina\u00e7\u00e3o Jubilar\n\n\n\n\n","protected":false},"excerpt":{"rendered":"","protected":false},"author":0,"featured_media":0,"parent":0,"menu_order":0,"comment_status":"closed","ping_status":"closed","template":"","meta":{"footnotes":""},"class_list":["post-39","page","type-page","status-publish","hentry"],"_links":{"self":[{"href":"https:\/\/diocese-aveiro.pt\/jubileudacatedraldeaveiro\/wp-json\/wp\/v2\/pages\/39","targetHints":{"allow":["GET"]}}],"collection":[{"href":"https:\/\/diocese-aveiro.pt\/jubileudacatedraldeaveiro\/wp-json\/wp\/v2\/pages"}],"about":[{"href":"https:\/\/diocese-aveiro.pt\/jubileudacatedraldeaveiro\/wp-json\/wp\/v2\/types\/page"}],"replies":[{"embeddable":true,"href":"https:\/\/diocese-aveiro.pt\/jubileudacatedraldeaveiro\/wp-json\/wp\/v2\/comments?post=39"}],"version-history":[{"count":26,"href":"https:\/\/diocese-aveiro.pt\/jubileudacatedraldeaveiro\/wp-json\/wp\/v2\/pages\/39\/revisions"}],"predecessor-version":[{"id":291,"href":"https:\/\/diocese-aveiro.pt\/jubileudacatedraldeaveiro\/wp-json\/wp\/v2\/pages\/39\/revisions\/291"}],"wp:attachment":[{"href":"https:\/\/diocese-aveiro.pt\/jubileudacatedraldeaveiro\/wp-json\/wp\/v2\/media?parent=39"}],"curies":[{"name":"wp","href":"https:\/\/api.w.org\/{rel}","templated":true}]}}

<p><strong>A IGREJA ONTEM, HOJE E AMANHÃ:</strong></p><p>Ciclo de conferências [3] em diferentes arciprestados da nossa diocese.</p><p><br></p><p>+ informações<br></p>


<p><strong></strong></p><span style="line-height:0.9;"><p><strong>DIOCESE DE AVEIRO:<span style=""></span></strong></p><p><strong></strong></p><span style=""><p></p></span></span><span style="line-height: 2.5;"><p><strong>Passado, presente e futuro</strong></p><p></p></span><p>Exposição em quatro locais da cidade de Aveiro<br></p><p>+ informações</p>


<p>6 <strong>concertos</strong>: Aveiro, Águeda, Vagos, Anadia, Sever do Vouga e Albergaria</p><p><strong>Peça de teatro</strong>, em Estarreja</p><p><br></p><p>+ informações</p>




<h2>Peregrinações arciprestais</h2>








<p>Peregrinar é um ato tão antigo como a existência dos seres humanos neste mundo. Mas, para peregrinar há que ter em conta que não se trata apenas do ato de caminhar (no caso da peregrinação a pé), ou executar um trajeto com um determinado número de quilómetros; peregrinar é pegar no essencial da vida e caminhar motivado &#8220;por&#8221; ou &#8220;para algo&#8221;. Será, com certeza,&nbsp; este o espírito desta Peregrinação Jubilar.</p><p>&nbsp;</p><p>Hoje, tu és peregrino envolvido no manto do Ano Jubilar desta diocese de Aveiro, vindo da tua paróquia e em comunhão com a Igreja na pessoa do teu&nbsp; Bispo. Hoje és peregrino em busca da tua fonte, o sinal da tua unidade como católico,&nbsp; o encontro com a tua Catedral.</p>




<h2>A SÉ DE AVEIRO</h2>




<h2>outras informações</h2>


<em>PENITENCIARIA APOSTÓLICA, para aumentar a religião dos fiéis e a salvação das almas&#8230;</em>


&#8220;Peregrinos na Esperança&#8221; &#8211; carta pastoral de D. António Moiteiro, no Jubileu da Catedral


Três catequeses que nos ajudam a preparar a Peregrinação Jubilar
