{"id":84,"date":"2017-03-28T11:09:28","date_gmt":"2017-03-28T11:09:28","guid":{"rendered":"https:\/\/diocese-aveiro.pt\/emrc\/?page_id=84"},"modified":"2018-07-25T15:52:04","modified_gmt":"2018-07-25T15:52:04","slug":"manuais-escolares","status":"publish","type":"page","link":"https:\/\/diocese-aveiro.pt\/emrc\/manuais-escolares\/","title":{"rendered":"Manuais Escolares"},"content":{"rendered":"<p>A disciplina de EMRC possui os seus manuais elaborados e aprovados pela entidade competente para o efeito. A orienta\u00e7\u00e3o do ensino da Educa\u00e7\u00e3o Moral e Religiosa Cat\u00f3lica \u00e9 da exclusiva responsabilidade da Igreja Cat\u00f3lica, conforme art. 19.\u00ba da Concordata entre a Santa S\u00e9 e a Rep\u00fablica Portuguesa, de 18 de Maio de 2004, competindo-lhe a elabora\u00e7\u00e3o e sequente edi\u00e7\u00e3o e divulga\u00e7\u00e3o dos manuais de ensino da disciplina, bem como de outros instrumentos auxiliares de trabalho, destinados a alunos ou professores (cfr. al\u00ednea c ).<\/p>\n<p>Os manuais da disciplina de EMRC est\u00e3o, assim como os respetivos programas, elaborados por anos. Para cada ano de escolaridade existe o manual respetivo.<\/p>\n<p>&nbsp;<\/p>\n<p>Fonte: Educris<\/p>\n","protected":false},"excerpt":{"rendered":"<p>A disciplina de EMRC possui os seus manuais elaborados e aprovados pela entidade competente para o efeito. A orienta\u00e7\u00e3o do ensino da Educa\u00e7\u00e3o Moral e Religiosa Cat\u00f3lica \u00e9 da exclusiva responsabilidade da Igreja Cat\u00f3lica, conforme art. 19.\u00ba da Concordata entre a Santa S\u00e9 e a Rep\u00fablica Portuguesa, de 18 de Maio de 2004, competindo-lhe a elabora\u00e7\u00e3o e sequente edi\u00e7\u00e3o e [&hellip;]<\/p>\n","protected":false},"author":1,"featured_media":294,"parent":0,"menu_order":3,"comment_status":"closed","ping_status":"closed","template":"","meta":{"footnotes":""},"_links":{"self":[{"href":"https:\/\/diocese-aveiro.pt\/emrc\/wp-json\/wp\/v2\/pages\/84"}],"collection":[{"href":"https:\/\/diocese-aveiro.pt\/emrc\/wp-json\/wp\/v2\/pages"}],"about":[{"href":"https:\/\/diocese-aveiro.pt\/emrc\/wp-json\/wp\/v2\/types\/page"}],"author":[{"embeddable":true,"href":"https:\/\/diocese-aveiro.pt\/emrc\/wp-json\/wp\/v2\/users\/1"}],"replies":[{"embeddable":true,"href":"https:\/\/diocese-aveiro.pt\/emrc\/wp-json\/wp\/v2\/comments?post=84"}],"version-history":[{"count":5,"href":"https:\/\/diocese-aveiro.pt\/emrc\/wp-json\/wp\/v2\/pages\/84\/revisions"}],"predecessor-version":[{"id":293,"href":"https:\/\/diocese-aveiro.pt\/emrc\/wp-json\/wp\/v2\/pages\/84\/revisions\/293"}],"wp:featuredmedia":[{"embeddable":true,"href":"https:\/\/diocese-aveiro.pt\/emrc\/wp-json\/wp\/v2\/media\/294"}],"wp:attachment":[{"href":"https:\/\/diocese-aveiro.pt\/emrc\/wp-json\/wp\/v2\/media?parent=84"}],"curies":[{"name":"wp","href":"https:\/\/api.w.org\/{rel}","templated":true}]}}

<p>A disciplina de EMRC possui os seus manuais elaborados e aprovados pela entidade competente para o efeito. A orientação do ensino da Educação Moral e Religiosa Católica é da exclusiva responsabilidade da Igreja Católica, conforme art. 19.º da Concordata entre a Santa Sé e a República Portuguesa, de 18 de Maio de 2004, competindo-lhe a elaboração e sequente edição e divulgação dos manuais de ensino da disciplina, bem como de outros instrumentos auxiliares de trabalho, destinados a alunos ou professores (cfr. alínea c ).</p>
<p>Os manuais da disciplina de EMRC estão, assim como os respetivos programas, elaborados por anos. Para cada ano de escolaridade existe o manual respetivo.</p>
<p>&nbsp;</p>
<p>Fonte: Educris</p>

<p>A disciplina de EMRC possui os seus manuais elaborados e aprovados pela entidade competente para o efeito. A orientação do ensino da Educação Moral e Religiosa Católica é da exclusiva responsabilidade da Igreja Católica, conforme art. 19.º da Concordata entre a Santa Sé e a República Portuguesa, de 18 de Maio de 2004, competindo-lhe a elaboração e sequente edição e [&hellip;]</p>
