{"id":80,"date":"2017-03-28T11:08:55","date_gmt":"2017-03-28T11:08:55","guid":{"rendered":"https:\/\/diocese-aveiro.pt\/emrc\/?page_id=80"},"modified":"2024-03-19T11:32:56","modified_gmt":"2024-03-19T11:32:56","slug":"secretariados-diocesanos","status":"publish","type":"page","link":"https:\/\/diocese-aveiro.pt\/emrc\/escolas\/secretariados-diocesanos\/","title":{"rendered":"Secretariados diocesanos (Contactos)"},"content":{"rendered":"<h3 style=\"text-align: center;\">RESPONS\u00c1VEIS DIOCESANOS DE<\/h3>\n<h3 style=\"text-align: center;\">EDUCA\u00c7\u00c3O MORAL E RELIGIOSA CAT\u00d3LICA<\/h3>\n<p style=\"text-align: center;\"><strong><em>Setembro 2023<\/em><\/strong><\/p>\n<p><strong>ALGARVE<\/strong><\/p>\n<p>Patr\u00edcia Carla Torrado Gon\u00e7alves Mendon\u00e7a<\/p>\n<p>SDER &#8211; 289\u00a0807 590<br \/>\nLargo da S\u00e9, n\u00ba 20<br \/>\n8000-138 FARO<br \/>\nescolas@diocese-algarve.pt<\/p>\n<p>&nbsp;<\/p>\n<p><strong>ANGRA<\/strong><\/p>\n<p>Pe. Adriano Manuel T. Borges<\/p>\n<p>Rua Francisco Arruda Furtado, 16<br \/>\nS. Sebasti\u00e3o<br \/>\n9500-060 Ponta Delgada &#8211; S. Miguel &#8211; A\u00e7ores<br \/>\n295\u00a0213 587<br \/>\nsdape@hotmail.com<br \/>\npadreadriano@sapo.pt<\/p>\n<p>&nbsp;<\/p>\n<p><strong>AVEIRO<\/strong><\/p>\n<p>S\u00e9rgio Manuel Jesus Martins<\/p>\n<p>Semin\u00e1rio de Aveiro \u2013 Centro Pastoral<br \/>\nAv\u00aa Jo\u00e3o Jacinto Magalh\u00e3es, 17<br \/>\n3814-506 AVEIRO<br \/>\n234 377 140 (C\u00faria Diocesana)<br \/>\npastoralnasescolas@diocese-aveiro.pt<br \/>\npastoralnasescolas@gmail.com<\/p>\n<p>&nbsp;<\/p>\n<p><strong>BEJA<\/strong><\/p>\n<p>Jorge Miguel Raposo da Mata<\/p>\n<p>Rua Nat\u00e1lia Correia, 8<br \/>\n7800-651 N. SRA. DAS NEVES<br \/>\ndeie.beja@gmail.com<\/p>\n<p>&nbsp;<\/p>\n<p><strong>BRAGA<\/strong><\/p>\n<p>Pedro da Silva Mendes<\/p>\n<p>Rua de S. Domingos, 94-B<br \/>\n4710-435 BRAGA<br \/>\n253 203180<br \/>\nemrc@arquidiocese-braga.pt<\/p>\n<p>&nbsp;<\/p>\n<p><strong>BRAGAN\u00c7A-MIRANDA<\/strong><\/p>\n<p>Jorge Manuel Esteves de Oliveira Novo<\/p>\n<p>Secretariado Diocesano de EMRC<br \/>\nC\u00faria Diocesana &#8211; Rua Em\u00eddio Navarro, 2<br \/>\n5300-210 BRAGAN\u00c7A<br \/>\ngeral@emrcbraganca-miranda.pt<\/p>\n<p>&nbsp;<\/p>\n<p><strong>COIMBRA<\/strong><\/p>\n<p>Jo\u00e3o Manuel Henriques Mendes<\/p>\n<p>Secretariado Diocesano de EMRC<br \/>\nRua Vandelli n\u00ba 2<br \/>\n3004-547 COIMBRA<br \/>\n239 792 342\/44<br \/>\nsdemrc.coimbra@gmail.com<\/p>\n<p>&nbsp;<\/p>\n<p><strong>\u00c9VORA<\/strong><br \/>\nPe. Manuel Jos\u00e9 Dourado Marques (Diretor)<\/p>\n<p>Rua de Mour\u00e3o, 79<br \/>\n7200-294 REGUENGOS DE MONSARAZ<br \/>\n266 502 296<br \/>\nsdere.evora@gmail.com<\/p>\n<p>&nbsp;<\/p>\n<p><strong>FUNCHAL<\/strong><\/p>\n<p>Rev. Padre Pedro Filipe de G\u00f3is N\u00f3brega (Diretor)<\/p>\n<p>Rua Dr. Fern\u00e3o Ornelas, 37-3\u00ba Esq.<br \/>\n9050-021 FUNCHAL<br \/>\n291221755<br \/>\ndepartamento.eie.df@gmail.com<\/p>\n<p>&nbsp;<\/p>\n<p><strong>GUARDA<\/strong><\/p>\n<p>Estela Cristina Ribeiro de Brito<\/p>\n<p>Semin\u00e1rio Maior da Guarda<br \/>\nRua D. Jos\u00e9 Alves Matoso, 7<br \/>\n6300-682 GUARDA<br \/>\n271 205 200<br \/>\ndepartamentodeemrc.guarda@gmail.com<\/p>\n<p>&nbsp;<\/p>\n<p><strong>LAMEGO<\/strong><\/p>\n<p>Ant\u00f3nio Jos\u00e9 Ferreira Rodrigues<\/p>\n<p>Centro Apost\u00f3lico<br \/>\nRua dos Loureiros S\/nr<br \/>\n5100-095 Lamego<br \/>\nsder.lamego@gmail.com<\/p>\n<p>&nbsp;<\/p>\n<p><strong>LEIRIA<\/strong><\/p>\n<p>Maria Alexandra Pires de Figueiredo Varela<br \/>\nMois\u00e9s Oliveira Lobo<br \/>\nPedro Nuno da Silva Coelho<\/p>\n<p>Semin\u00e1rio Diocesano<br \/>\n2414-011 LEIRIA<br \/>\n244 825 168<br \/>\nspe@leiria-fatima.pt<\/p>\n<p>&nbsp;<\/p>\n<p><strong>LISBOA<\/strong><\/p>\n<p>Maria de F\u00e1tima Nunes<\/p>\n<p>Secretariado Diocesano Ensino Religioso<br \/>\nMosteiro de S. Vicente de Fora<br \/>\nCampo de Sta. Clara<br \/>\n1100-473 LISBOA<br \/>\n218 810 541\/2<br \/>\nsder@patriarcado-lisboa.pt<\/p>\n<p>&nbsp;<\/p>\n<p><strong>PORTALEGRE-CASTELO BRANCO<\/strong><\/p>\n<p>Manuel Mendon\u00e7a Esteves<\/p>\n<p>Rua de Oleiros, n\u00ba 4-1\u00ba Dto<br \/>\n6100-750 SERT\u00c3<br \/>\nfraschettiesteves2000@yahoo.it<\/p>\n<p>&nbsp;<\/p>\n<p><strong>PORTO<\/strong><\/p>\n<p>Carlos Manuel Meneses Moreira<\/p>\n<p>Casa Diocesana de Vilar<br \/>\nRua Arcediago Van Zeller, 50<br \/>\n4050-621 PORTO<br \/>\n226 056 000<br \/>\nsdemrcporto@gmail.com<\/p>\n<p>&nbsp;<\/p>\n<p><strong>SANTAR\u00c9M<\/strong><\/p>\n<p>Maria de Lurdes Violante Ferreira Gameiro<\/p>\n<p>Semin\u00e1rio &#8211; Largo S\u00e1 da Bandeira<br \/>\n2000-135 SANTAR\u00c9M<br \/>\n243 304 060<br \/>\nsdeie.santarem@gmail.com<\/p>\n<p>&nbsp;<\/p>\n<p><strong>SET\u00daBAL<\/strong><\/p>\n<p>Jos\u00e9 Joaquim Santos<\/p>\n<p>Rua Fran Pacheco, 109<br \/>\n2900-376 SET\u00daBAL<br \/>\nsdeie.setubal@gmail.com<\/p>\n<p>&nbsp;<\/p>\n<p><strong>VIANA DO CASTELO<\/strong><\/p>\n<p>Maria Jos\u00e9 Porto Soares Cerqueira<\/p>\n<p>Convento de S. Domingos<br \/>\nRua G\u00f3is Pinto<br \/>\n4900-368 VIANA DO CASTELO<br \/>\nemrcvianacastelo@gmail.com<\/p>\n<p>&nbsp;<\/p>\n<p><strong>VILA REAL<\/strong><\/p>\n<p>Pe. M\u00e1rcio Daniel Fonseca Martins<\/p>\n<p>Semin\u00e1rio &#8211; Rua D. Pedro de Castro, 1<br \/>\n5000-669 Vila Real<br \/>\ndocentesemrcvilareal@gmail.com<\/p>\n<p>&nbsp;<\/p>\n<p><strong>VISEU<\/strong><\/p>\n<p>Abel Joaquim Tavares Dias<\/p>\n<p>Casa Episcopal<br \/>\nRua Nunes de Carvalho, 12<br \/>\n3500-163 VISEU<br \/>\n232 423 338 \/ 232 467 690<br \/>\nsdecviseu@gmail.com<\/p>\n","protected":false},"excerpt":{"rendered":"<p>RESPONS\u00c1VEIS DIOCESANOS DE EDUCA\u00c7\u00c3O MORAL E RELIGIOSA CAT\u00d3LICA Setembro 2023 ALGARVE Patr\u00edcia Carla Torrado Gon\u00e7alves Mendon\u00e7a SDER &#8211; 289\u00a0807 590 Largo da S\u00e9, n\u00ba 20 8000-138 FARO escolas@diocese-algarve.pt &nbsp; ANGRA Pe. Adriano Manuel T. Borges Rua Francisco Arruda Furtado, 16 S. Sebasti\u00e3o 9500-060 Ponta Delgada &#8211; S. Miguel &#8211; A\u00e7ores 295\u00a0213 587 sdape@hotmail.com padreadriano@sapo.pt &nbsp; AVEIRO S\u00e9rgio Manuel Jesus Martins [&hellip;]<\/p>\n","protected":false},"author":1,"featured_media":0,"parent":70,"menu_order":0,"comment_status":"closed","ping_status":"closed","template":"","meta":{"footnotes":""},"_links":{"self":[{"href":"https:\/\/diocese-aveiro.pt\/emrc\/wp-json\/wp\/v2\/pages\/80"}],"collection":[{"href":"https:\/\/diocese-aveiro.pt\/emrc\/wp-json\/wp\/v2\/pages"}],"about":[{"href":"https:\/\/diocese-aveiro.pt\/emrc\/wp-json\/wp\/v2\/types\/page"}],"author":[{"embeddable":true,"href":"https:\/\/diocese-aveiro.pt\/emrc\/wp-json\/wp\/v2\/users\/1"}],"replies":[{"embeddable":true,"href":"https:\/\/diocese-aveiro.pt\/emrc\/wp-json\/wp\/v2\/comments?post=80"}],"version-history":[{"count":16,"href":"https:\/\/diocese-aveiro.pt\/emrc\/wp-json\/wp\/v2\/pages\/80\/revisions"}],"predecessor-version":[{"id":1692,"href":"https:\/\/diocese-aveiro.pt\/emrc\/wp-json\/wp\/v2\/pages\/80\/revisions\/1692"}],"up":[{"embeddable":true,"href":"https:\/\/diocese-aveiro.pt\/emrc\/wp-json\/wp\/v2\/pages\/70"}],"wp:attachment":[{"href":"https:\/\/diocese-aveiro.pt\/emrc\/wp-json\/wp\/v2\/media?parent=80"}],"curies":[{"name":"wp","href":"https:\/\/api.w.org\/{rel}","templated":true}]}}

<h3 style="text-align: center;">RESPONSÁVEIS DIOCESANOS DE</h3>
<h3 style="text-align: center;">EDUCAÇÃO MORAL E RELIGIOSA CATÓLICA</h3>
<p style="text-align: center;"><strong><em>Setembro 2023</em></strong></p>
<p><strong>ALGARVE</strong></p>
<p>Patrícia Carla Torrado Gonçalves Mendonça</p>
<p>SDER &#8211; 289 807 590<br />
Largo da Sé, nº 20<br />
8000-138 FARO<br />
escolas@diocese-algarve.pt</p>
<p>&nbsp;</p>
<p><strong>ANGRA</strong></p>
<p>Pe. Adriano Manuel T. Borges</p>
<p>Rua Francisco Arruda Furtado, 16<br />
S. Sebastião<br />
9500-060 Ponta Delgada &#8211; S. Miguel &#8211; Açores<br />
295 213 587<br />
sdape@hotmail.com<br />
padreadriano@sapo.pt</p>
<p>&nbsp;</p>
<p><strong>AVEIRO</strong></p>
<p>Sérgio Manuel Jesus Martins</p>
<p>Seminário de Aveiro – Centro Pastoral<br />
Avª João Jacinto Magalhães, 17<br />
3814-506 AVEIRO<br />
234 377 140 (Cúria Diocesana)<br />
pastoralnasescolas@diocese-aveiro.pt<br />
pastoralnasescolas@gmail.com</p>
<p>&nbsp;</p>
<p><strong>BEJA</strong></p>
<p>Jorge Miguel Raposo da Mata</p>
<p>Rua Natália Correia, 8<br />
7800-651 N. SRA. DAS NEVES<br />
deie.beja@gmail.com</p>
<p>&nbsp;</p>
<p><strong>BRAGA</strong></p>
<p>Pedro da Silva Mendes</p>
<p>Rua de S. Domingos, 94-B<br />
4710-435 BRAGA<br />
253 203180<br />
emrc@arquidiocese-braga.pt</p>
<p>&nbsp;</p>
<p><strong>BRAGANÇA-MIRANDA</strong></p>
<p>Jorge Manuel Esteves de Oliveira Novo</p>
<p>Secretariado Diocesano de EMRC<br />
Cúria Diocesana &#8211; Rua Emídio Navarro, 2<br />
5300-210 BRAGANÇA<br />
geral@emrcbraganca-miranda.pt</p>
<p>&nbsp;</p>
<p><strong>COIMBRA</strong></p>
<p>João Manuel Henriques Mendes</p>
<p>Secretariado Diocesano de EMRC<br />
Rua Vandelli nº 2<br />
3004-547 COIMBRA<br />
239 792 342/44<br />
sdemrc.coimbra@gmail.com</p>
<p>&nbsp;</p>
<p><strong>ÉVORA</strong><br />
Pe. Manuel José Dourado Marques (Diretor)</p>
<p>Rua de Mourão, 79<br />
7200-294 REGUENGOS DE MONSARAZ<br />
266 502 296<br />
sdere.evora@gmail.com</p>
<p>&nbsp;</p>
<p><strong>FUNCHAL</strong></p>
<p>Rev. Padre Pedro Filipe de Góis Nóbrega (Diretor)</p>
<p>Rua Dr. Fernão Ornelas, 37-3º Esq.<br />
9050-021 FUNCHAL<br />
291221755<br />
departamento.eie.df@gmail.com</p>
<p>&nbsp;</p>
<p><strong>GUARDA</strong></p>
<p>Estela Cristina Ribeiro de Brito</p>
<p>Seminário Maior da Guarda<br />
Rua D. José Alves Matoso, 7<br />
6300-682 GUARDA<br />
271 205 200<br />
departamentodeemrc.guarda@gmail.com</p>
<p>&nbsp;</p>
<p><strong>LAMEGO</strong></p>
<p>António José Ferreira Rodrigues</p>
<p>Centro Apostólico<br />
Rua dos Loureiros S/nr<br />
5100-095 Lamego<br />
sder.lamego@gmail.com</p>
<p>&nbsp;</p>
<p><strong>LEIRIA</strong></p>
<p>Maria Alexandra Pires de Figueiredo Varela<br />
Moisés Oliveira Lobo<br />
Pedro Nuno da Silva Coelho</p>
<p>Seminário Diocesano<br />
2414-011 LEIRIA<br />
244 825 168<br />
spe@leiria-fatima.pt</p>
<p>&nbsp;</p>
<p><strong>LISBOA</strong></p>
<p>Maria de Fátima Nunes</p>
<p>Secretariado Diocesano Ensino Religioso<br />
Mosteiro de S. Vicente de Fora<br />
Campo de Sta. Clara<br />
1100-473 LISBOA<br />
218 810 541/2<br />
sder@patriarcado-lisboa.pt</p>
<p>&nbsp;</p>
<p><strong>PORTALEGRE-CASTELO BRANCO</strong></p>
<p>Manuel Mendonça Esteves</p>
<p>Rua de Oleiros, nº 4-1º Dto<br />
6100-750 SERTÃ<br />
fraschettiesteves2000@yahoo.it</p>
<p>&nbsp;</p>
<p><strong>PORTO</strong></p>
<p>Carlos Manuel Meneses Moreira</p>
<p>Casa Diocesana de Vilar<br />
Rua Arcediago Van Zeller, 50<br />
4050-621 PORTO<br />
226 056 000<br />
sdemrcporto@gmail.com</p>
<p>&nbsp;</p>
<p><strong>SANTARÉM</strong></p>
<p>Maria de Lurdes Violante Ferreira Gameiro</p>
<p>Seminário &#8211; Largo Sá da Bandeira<br />
2000-135 SANTARÉM<br />
243 304 060<br />
sdeie.santarem@gmail.com</p>
<p>&nbsp;</p>
<p><strong>SETÚBAL</strong></p>
<p>José Joaquim Santos</p>
<p>Rua Fran Pacheco, 109<br />
2900-376 SETÚBAL<br />
sdeie.setubal@gmail.com</p>
<p>&nbsp;</p>
<p><strong>VIANA DO CASTELO</strong></p>
<p>Maria José Porto Soares Cerqueira</p>
<p>Convento de S. Domingos<br />
Rua Góis Pinto<br />
4900-368 VIANA DO CASTELO<br />
emrcvianacastelo@gmail.com</p>
<p>&nbsp;</p>
<p><strong>VILA REAL</strong></p>
<p>Pe. Márcio Daniel Fonseca Martins</p>
<p>Seminário &#8211; Rua D. Pedro de Castro, 1<br />
5000-669 Vila Real<br />
docentesemrcvilareal@gmail.com</p>
<p>&nbsp;</p>
<p><strong>VISEU</strong></p>
<p>Abel Joaquim Tavares Dias</p>
<p>Casa Episcopal<br />
Rua Nunes de Carvalho, 12<br />
3500-163 VISEU<br />
232 423 338 / 232 467 690<br />
sdecviseu@gmail.com</p>

<p>RESPONSÁVEIS DIOCESANOS DE EDUCAÇÃO MORAL E RELIGIOSA CATÓLICA Setembro 2023 ALGARVE Patrícia Carla Torrado Gonçalves Mendonça SDER &#8211; 289 807 590 Largo da Sé, nº 20 8000-138 FARO escolas@diocese-algarve.pt &nbsp; ANGRA Pe. Adriano Manuel T. Borges Rua Francisco Arruda Furtado, 16 S. Sebastião 9500-060 Ponta Delgada &#8211; S. Miguel &#8211; Açores 295 213 587 sdape@hotmail.com padreadriano@sapo.pt &nbsp; AVEIRO Sérgio Manuel Jesus Martins [&hellip;]</p>
