{"id":777,"date":"2018-10-30T15:30:40","date_gmt":"2018-10-30T15:30:40","guid":{"rendered":"https:\/\/diocese-aveiro.pt\/emrc\/?page_id=777"},"modified":"2022-11-29T11:12:07","modified_gmt":"2022-11-29T11:12:07","slug":"formacao-continua-e-habilitacoes-para-a-docencia-de-emrc","status":"publish","type":"page","link":"https:\/\/diocese-aveiro.pt\/emrc\/escolas\/legislacao-atual\/formacao-continua-e-habilitacoes-para-a-docencia-de-emrc\/","title":{"rendered":"Forma\u00e7\u00e3o cont\u00ednua e Habilita\u00e7\u00f5es para a doc\u00eancia de EMRC"},"content":{"rendered":"<p><img fetchpriority=\"high\" decoding=\"async\" class=\"alignnone size-large wp-image-807\" src=\"https:\/\/diocese-aveiro.pt\/emrc\/wp-content\/uploads\/2018\/10\/DSC_0008-e1540915847299-1024x513.jpg\" alt=\"\" width=\"900\" height=\"451\" srcset=\"https:\/\/diocese-aveiro.pt\/emrc\/wp-content\/uploads\/2018\/10\/DSC_0008-e1540915847299-1024x513.jpg 1024w, https:\/\/diocese-aveiro.pt\/emrc\/wp-content\/uploads\/2018\/10\/DSC_0008-e1540915847299-300x150.jpg 300w, https:\/\/diocese-aveiro.pt\/emrc\/wp-content\/uploads\/2018\/10\/DSC_0008-e1540915847299-768x385.jpg 768w, https:\/\/diocese-aveiro.pt\/emrc\/wp-content\/uploads\/2018\/10\/DSC_0008-e1540915847299-900x450.jpg 900w, https:\/\/diocese-aveiro.pt\/emrc\/wp-content\/uploads\/2018\/10\/DSC_0008-e1540915847299-598x300.jpg 598w\" sizes=\"(max-width: 900px) 100vw, 900px\" \/><\/p>\n<p>&#8211; <strong>Decreto-lei N\u00ba 22\/2014<\/strong> de 11 de fevereiro<\/p>\n<p>Estabelece o regime jur\u00eddico da <strong>forma\u00e7\u00e3o cont\u00ednua de professores<\/strong> e define o respetivo sistema de coordena\u00e7\u00e3o, administra\u00e7\u00e3o e apoio;<\/p>\n<p><a href=\"https:\/\/diocese-aveiro.pt\/emrc\/wp-content\/uploads\/2018\/10\/Decreto-Lei-22_2014.pdf\">Decreto Lei N\u00ba 22\/2014<\/a><\/p>\n<p>&nbsp;<\/p>\n<p>&#8211; <strong>Decreto-Lei N\u00ba 79\/2014<\/strong> de 14 de maio<\/p>\n<p>Aprova o regime jur\u00eddico de <strong>aquisi\u00e7\u00e3o da habilita\u00e7\u00e3o profissional<\/strong> para a doc\u00eancia na educa\u00e7\u00e3o pr\u00e9-escolar e nos ensinos b\u00e1sico e secund\u00e1rio. Revoga o <a href=\"https:\/\/diocese-aveiro.pt\/emrc\/wp-content\/uploads\/2018\/10\/Decreto-Lei-43_2007.pdf\">Decreto-Lei N\u00ba 43\/2007<\/a>, de 22 de fevereiro, alterado pela <a href=\"https:\/\/diocese-aveiro.pt\/emrc\/wp-content\/uploads\/2018\/10\/Declara\u00e7\u00e3o-de-Retifica\u00e7\u00e3o-32_2014.pdf\">Declara\u00e7\u00e3o de Retifica\u00e7\u00e3o N\u00ba 32\/2014<\/a>, de 27 de junho;<\/p>\n<p><a href=\"https:\/\/diocese-aveiro.pt\/emrc\/wp-content\/uploads\/2018\/10\/Decreto-Lei-79_2014-1.pdf\">Decreto-Lei N\u00ba 79\/2014<\/a><\/p>\n<p>&nbsp;<\/p>\n<p>&#8211; <strong>Despacho N\u00ba 6809\/2014<\/strong> de 23 de maio<\/p>\n<p>Define as regras para obten\u00e7\u00e3o <strong>das habilita\u00e7\u00f5es profissionais para a doc\u00eancia da disciplina de Educa\u00e7\u00e3o Moral e Religiosa Cat\u00f3lica;<\/strong><\/p>\n<p><a href=\"https:\/\/diocese-aveiro.pt\/emrc\/wp-content\/uploads\/2018\/10\/Despacho-6809_2014.pdf\">Despacho N\u00ba 6809\/2014<\/a><\/p>\n<p>&nbsp;<\/p>\n<p>&#8211; <strong>Despacho N\u00ba 4595\/2015<\/strong>, de 6 de maio<\/p>\n<p>Estabelece o processo de avalia\u00e7\u00e3o, certifica\u00e7\u00e3o e reconhecimento da <strong>forma\u00e7\u00e3o acreditada<\/strong>;<\/p>\n<p><a href=\"https:\/\/diocese-aveiro.pt\/emrc\/wp-content\/uploads\/2018\/10\/despacho-4595_2015.pdf\">despacho N\u00ba 4595\/2015<\/a><\/p>\n<p>&nbsp;<\/p>\n<p>&#8211; <strong>Despacho N\u00ba 5418\/2015<\/strong> de 22 de maio<\/p>\n<p>Estabelece a <strong>correspond\u00eancia entre as \u00e1reas de forma\u00e7\u00e3o cont\u00ednua<\/strong> previstas no Decreto- Lei n.\u00ba 22\/2014, de 11 de fevereiro, e as \u00e1reas de forma\u00e7\u00e3o estabelecidas na legisla\u00e7\u00e3o anterior \u00e0 sua publica\u00e7\u00e3o;<\/p>\n<p><a href=\"https:\/\/diocese-aveiro.pt\/emrc\/wp-content\/uploads\/2018\/10\/despacho-5418_2015.pdf\">despacho N\u00ba 5418\/2015<\/a><\/p>\n<p>&nbsp;<\/p>\n<p>&#8211; <strong>Despacho N\u00ba 5741\/2015<\/strong> de 29 de maio<\/p>\n<p>Estabelece o processo de <strong>reconhecimento e certifica\u00e7\u00e3o das a\u00e7\u00f5es de curta dura\u00e7\u00e3o<\/strong>.<\/p>\n<p><a href=\"https:\/\/diocese-aveiro.pt\/emrc\/wp-content\/uploads\/2018\/10\/despacho-5741_2015.pdf\">despacho N\u00ba 5741\/2015<\/a><\/p>\n<p>&nbsp;<\/p>\n<p>&#8211; <strong>Despacho N\u00ba 10914-A\/2022<\/strong> de 08 de setembro<\/p>\n<p>Fixa os <strong>requisitos de forma\u00e7\u00e3o adequada \u00e0s \u00e1reas disciplinares dos grupos de recrutamento para a sele\u00e7\u00e3o de docentes em procedimentos de contrata\u00e7\u00e3o de escola<\/strong>, em execu\u00e7\u00e3o do artigo 161.\u00ba do Decreto-Lei n.\u00ba 53\/2022, de 12 de agosto<\/p>\n<p><a href=\"https:\/\/diocese-aveiro.pt\/emrc\/wp-content\/uploads\/2022\/11\/Despacho-10914_A_2022.pdf\">Despacho 10914_A_2022<\/a><\/p>\n<p>&nbsp;<\/p>\n","protected":false},"excerpt":{"rendered":"<p>&#8211; Decreto-lei N\u00ba 22\/2014 de 11 de fevereiro Estabelece o regime jur\u00eddico da forma\u00e7\u00e3o cont\u00ednua de professores e define o respetivo sistema de coordena\u00e7\u00e3o, administra\u00e7\u00e3o e apoio; Decreto Lei N\u00ba 22\/2014 &nbsp; &#8211; Decreto-Lei N\u00ba 79\/2014 de 14 de maio Aprova o regime jur\u00eddico de aquisi\u00e7\u00e3o da habilita\u00e7\u00e3o profissional para a doc\u00eancia na educa\u00e7\u00e3o pr\u00e9-escolar e nos ensinos b\u00e1sico e [&hellip;]<\/p>\n","protected":false},"author":1,"featured_media":744,"parent":743,"menu_order":0,"comment_status":"closed","ping_status":"closed","template":"","meta":{"footnotes":""},"_links":{"self":[{"href":"https:\/\/diocese-aveiro.pt\/emrc\/wp-json\/wp\/v2\/pages\/777"}],"collection":[{"href":"https:\/\/diocese-aveiro.pt\/emrc\/wp-json\/wp\/v2\/pages"}],"about":[{"href":"https:\/\/diocese-aveiro.pt\/emrc\/wp-json\/wp\/v2\/types\/page"}],"author":[{"embeddable":true,"href":"https:\/\/diocese-aveiro.pt\/emrc\/wp-json\/wp\/v2\/users\/1"}],"replies":[{"embeddable":true,"href":"https:\/\/diocese-aveiro.pt\/emrc\/wp-json\/wp\/v2\/comments?post=777"}],"version-history":[{"count":5,"href":"https:\/\/diocese-aveiro.pt\/emrc\/wp-json\/wp\/v2\/pages\/777\/revisions"}],"predecessor-version":[{"id":1498,"href":"https:\/\/diocese-aveiro.pt\/emrc\/wp-json\/wp\/v2\/pages\/777\/revisions\/1498"}],"up":[{"embeddable":true,"href":"https:\/\/diocese-aveiro.pt\/emrc\/wp-json\/wp\/v2\/pages\/743"}],"wp:featuredmedia":[{"embeddable":true,"href":"https:\/\/diocese-aveiro.pt\/emrc\/wp-json\/wp\/v2\/media\/744"}],"wp:attachment":[{"href":"https:\/\/diocese-aveiro.pt\/emrc\/wp-json\/wp\/v2\/media?parent=777"}],"curies":[{"name":"wp","href":"https:\/\/api.w.org\/{rel}","templated":true}]}}

Formação contínua e Habilitações para a docência de EMRC

<p><img fetchpriority="high" decoding="async" class="alignnone size-large wp-image-807" src="https://diocese-aveiro.pt/emrc/wp-content/uploads/2018/10/DSC_0008-e1540915847299-1024x513.jpg" alt="" width="900" height="451" srcset="https://diocese-aveiro.pt/emrc/wp-content/uploads/2018/10/DSC_0008-e1540915847299-1024x513.jpg 1024w, https://diocese-aveiro.pt/emrc/wp-content/uploads/2018/10/DSC_0008-e1540915847299-300x150.jpg 300w, https://diocese-aveiro.pt/emrc/wp-content/uploads/2018/10/DSC_0008-e1540915847299-768x385.jpg 768w, https://diocese-aveiro.pt/emrc/wp-content/uploads/2018/10/DSC_0008-e1540915847299-900x450.jpg 900w, https://diocese-aveiro.pt/emrc/wp-content/uploads/2018/10/DSC_0008-e1540915847299-598x300.jpg 598w" sizes="(max-width: 900px) 100vw, 900px" /></p>
<p>&#8211; <strong>Decreto-lei Nº 22/2014</strong> de 11 de fevereiro</p>
<p>Estabelece o regime jurídico da <strong>formação contínua de professores</strong> e define o respetivo sistema de coordenação, administração e apoio;</p>
<p><a href="https://diocese-aveiro.pt/emrc/wp-content/uploads/2018/10/Decreto-Lei-22_2014.pdf">Decreto Lei Nº 22/2014</a></p>
<p>&nbsp;</p>
<p>&#8211; <strong>Decreto-Lei Nº 79/2014</strong> de 14 de maio</p>
<p>Aprova o regime jurídico de <strong>aquisição da habilitação profissional</strong> para a docência na educação pré-escolar e nos ensinos básico e secundário. Revoga o <a href="https://diocese-aveiro.pt/emrc/wp-content/uploads/2018/10/Decreto-Lei-43_2007.pdf">Decreto-Lei Nº 43/2007</a>, de 22 de fevereiro, alterado pela <a href="https://diocese-aveiro.pt/emrc/wp-content/uploads/2018/10/Declaração-de-Retificação-32_2014.pdf">Declaração de Retificação Nº 32/2014</a>, de 27 de junho;</p>
<p><a href="https://diocese-aveiro.pt/emrc/wp-content/uploads/2018/10/Decreto-Lei-79_2014-1.pdf">Decreto-Lei Nº 79/2014</a></p>
<p>&nbsp;</p>
<p>&#8211; <strong>Despacho Nº 6809/2014</strong> de 23 de maio</p>
<p>Define as regras para obtenção <strong>das habilitações profissionais para a docência da disciplina de Educação Moral e Religiosa Católica;</strong></p>
<p><a href="https://diocese-aveiro.pt/emrc/wp-content/uploads/2018/10/Despacho-6809_2014.pdf">Despacho Nº 6809/2014</a></p>
<p>&nbsp;</p>
<p>&#8211; <strong>Despacho Nº 4595/2015</strong>, de 6 de maio</p>
<p>Estabelece o processo de avaliação, certificação e reconhecimento da <strong>formação acreditada</strong>;</p>
<p><a href="https://diocese-aveiro.pt/emrc/wp-content/uploads/2018/10/despacho-4595_2015.pdf">despacho Nº 4595/2015</a></p>
<p>&nbsp;</p>
<p>&#8211; <strong>Despacho Nº 5418/2015</strong> de 22 de maio</p>
<p>Estabelece a <strong>correspondência entre as áreas de formação contínua</strong> previstas no Decreto- Lei n.º 22/2014, de 11 de fevereiro, e as áreas de formação estabelecidas na legislação anterior à sua publicação;</p>
<p><a href="https://diocese-aveiro.pt/emrc/wp-content/uploads/2018/10/despacho-5418_2015.pdf">despacho Nº 5418/2015</a></p>
<p>&nbsp;</p>
<p>&#8211; <strong>Despacho Nº 5741/2015</strong> de 29 de maio</p>
<p>Estabelece o processo de <strong>reconhecimento e certificação das ações de curta duração</strong>.</p>
<p><a href="https://diocese-aveiro.pt/emrc/wp-content/uploads/2018/10/despacho-5741_2015.pdf">despacho Nº 5741/2015</a></p>
<p>&nbsp;</p>
<p>&#8211; <strong>Despacho Nº 10914-A/2022</strong> de 08 de setembro</p>
<p>Fixa os <strong>requisitos de formação adequada às áreas disciplinares dos grupos de recrutamento para a seleção de docentes em procedimentos de contratação de escola</strong>, em execução do artigo 161.º do Decreto-Lei n.º 53/2022, de 12 de agosto</p>
<p><a href="https://diocese-aveiro.pt/emrc/wp-content/uploads/2022/11/Despacho-10914_A_2022.pdf">Despacho 10914_A_2022</a></p>
<p>&nbsp;</p>

<p>&#8211; Decreto-lei Nº 22/2014 de 11 de fevereiro Estabelece o regime jurídico da formação contínua de professores e define o respetivo sistema de coordenação, administração e apoio; Decreto Lei Nº 22/2014 &nbsp; &#8211; Decreto-Lei Nº 79/2014 de 14 de maio Aprova o regime jurídico de aquisição da habilitação profissional para a docência na educação pré-escolar e nos ensinos básico e [&hellip;]</p>
