{"id":684,"date":"2018-07-25T14:30:53","date_gmt":"2018-07-25T14:30:53","guid":{"rendered":"https:\/\/diocese-aveiro.pt\/emrc\/?page_id=684"},"modified":"2018-07-25T15:52:47","modified_gmt":"2018-07-25T15:52:47","slug":"divulgacao","status":"publish","type":"page","link":"https:\/\/diocese-aveiro.pt\/emrc\/divulgacao\/","title":{"rendered":"Divulga\u00e7\u00e3o"},"content":{"rendered":"<p>Forma\u00e7\u00e3o Interdiocesana de Professores de EMRC<\/p>\n<p><a title=\"Forma\u00e7\u00e3o InterDiocesana (Aveiro, Guarda, Lamego e Viseu)\" href=\"https:\/\/www.flickr.com\/photos\/148966351@N04\/albums\/72157699023742644\" data-flickr-embed=\"true\"><img fetchpriority=\"high\" decoding=\"async\" src=\"https:\/\/farm1.staticflickr.com\/861\/29758878528_65fdbfdfa4_c.jpg\" alt=\"Forma\u00e7\u00e3o InterDiocesana (Aveiro, Guarda, Lamego e Viseu)\" width=\"800\" height=\"534\" \/><\/a><script async src=\"\/\/embedr.flickr.com\/assets\/client-code.js\" charset=\"utf-8\"><\/script><\/p>\n","protected":false},"excerpt":{"rendered":"<p>Forma\u00e7\u00e3o Interdiocesana de Professores de EMRC<\/p>\n","protected":false},"author":1,"featured_media":0,"parent":0,"menu_order":7,"comment_status":"closed","ping_status":"closed","template":"","meta":{"footnotes":""},"_links":{"self":[{"href":"https:\/\/diocese-aveiro.pt\/emrc\/wp-json\/wp\/v2\/pages\/684"}],"collection":[{"href":"https:\/\/diocese-aveiro.pt\/emrc\/wp-json\/wp\/v2\/pages"}],"about":[{"href":"https:\/\/diocese-aveiro.pt\/emrc\/wp-json\/wp\/v2\/types\/page"}],"author":[{"embeddable":true,"href":"https:\/\/diocese-aveiro.pt\/emrc\/wp-json\/wp\/v2\/users\/1"}],"replies":[{"embeddable":true,"href":"https:\/\/diocese-aveiro.pt\/emrc\/wp-json\/wp\/v2\/comments?post=684"}],"version-history":[{"count":3,"href":"https:\/\/diocese-aveiro.pt\/emrc\/wp-json\/wp\/v2\/pages\/684\/revisions"}],"predecessor-version":[{"id":687,"href":"https:\/\/diocese-aveiro.pt\/emrc\/wp-json\/wp\/v2\/pages\/684\/revisions\/687"}],"wp:attachment":[{"href":"https:\/\/diocese-aveiro.pt\/emrc\/wp-json\/wp\/v2\/media?parent=684"}],"curies":[{"name":"wp","href":"https:\/\/api.w.org\/{rel}","templated":true}]}}

Divulgação

<p>Formação Interdiocesana de Professores de EMRC</p>
<p><a title="Formação InterDiocesana (Aveiro, Guarda, Lamego e Viseu)" href="https://www.flickr.com/photos/148966351@N04/albums/72157699023742644" data-flickr-embed="true"><img fetchpriority="high" decoding="async" src="https://farm1.staticflickr.com/861/29758878528_65fdbfdfa4_c.jpg" alt="Formação InterDiocesana (Aveiro, Guarda, Lamego e Viseu)" width="800" height="534" /></a><script async src="//embedr.flickr.com/assets/client-code.js" charset="utf-8"></script></p>

<p>Formação Interdiocesana de Professores de EMRC</p>
