{"id":659,"date":"2018-06-15T11:37:04","date_gmt":"2018-06-15T11:37:04","guid":{"rendered":"https:\/\/diocese-aveiro.pt\/emrc\/?page_id=659"},"modified":"2018-06-15T11:51:16","modified_gmt":"2018-06-15T11:51:16","slug":"educacao-moral-e-religiosa-catolica-um-espaco-de-descoberta-e-interpelacao","status":"publish","type":"page","link":"https:\/\/diocese-aveiro.pt\/emrc\/notas-pastorais\/educacao-moral-e-religiosa-catolica-um-espaco-de-descoberta-e-interpelacao\/","title":{"rendered":"Educa\u00e7\u00e3o Moral e Religiosa Cat\u00f3lica, um espa\u00e7o de descoberta e interpela\u00e7\u00e3o"},"content":{"rendered":"<p><strong>Nota Pastoral sobre as aulas de Educa\u00e7\u00e3o Moral e Religiosa Cat\u00f3lica (EMRC) &#8211; 2018<\/strong><\/p>\n<p><img fetchpriority=\"high\" decoding=\"async\" class=\"alignnone size-medium wp-image-663\" src=\"https:\/\/diocese-aveiro.pt\/emrc\/wp-content\/uploads\/2018\/06\/M\u00e3os-abertas-300x225.jpg\" alt=\"\" width=\"300\" height=\"225\" srcset=\"https:\/\/diocese-aveiro.pt\/emrc\/wp-content\/uploads\/2018\/06\/M\u00e3os-abertas-300x225.jpg 300w, https:\/\/diocese-aveiro.pt\/emrc\/wp-content\/uploads\/2018\/06\/M\u00e3os-abertas-768x576.jpg 768w, https:\/\/diocese-aveiro.pt\/emrc\/wp-content\/uploads\/2018\/06\/M\u00e3os-abertas-1024x768.jpg 1024w\" sizes=\"(max-width: 300px) 100vw, 300px\" \/><\/p>\n<p><strong><em>Educa\u00e7\u00e3o Moral e Religiosa Cat\u00f3lica, um espa\u00e7o de descoberta e interpela\u00e7\u00e3o<\/em><\/strong><\/p>\n<p>&nbsp;<\/p>\n<ol>\n<li><strong> Chamados a construir um conhecimento global<\/strong><\/li>\n<\/ol>\n<p>No dia-a-dia, todos nos vamos dando conta de que a sociedade exige cada vez mais um conhecimento global. Chegados \u00e0 altura de nas escolas se fazerem as matr\u00edculas para um novo ano de estudos, com op\u00e7\u00f5es, e de decidir por escolher ou n\u00e3o a disciplina de Educa\u00e7\u00e3o Moral e Religiosa Cat\u00f3lica (EMRC), \u00e9 o momento de, mais do que ficar indiferentes, nos envolvermos numa tomada de decis\u00e3o que favorece a identidade de pessoas capazes de colaborar na constru\u00e7\u00e3o de uma sociedade que dignifique e valorize uma aut\u00eantica educa\u00e7\u00e3o integral.<\/p>\n<p>A Educa\u00e7\u00e3o Moral e Religiosa Cat\u00f3lica, na fidelidade \u00e0 sua miss\u00e3o espec\u00edfica, procura proporcionar \u00e0 pessoa a vis\u00e3o crist\u00e3 do mundo, do homem e de Deus, e n\u00e3o se demitir\u00e1 de continuar a oferecer, com total liberdade, propostas educativas. \u00c9 um espa\u00e7o de reflex\u00e3o, para crentes e n\u00e3o crentes, acerca dos valores sociais, \u00e9ticos e morais, com propostas sempre atuais, propondo aos alunos uma perspetiva de an\u00e1lise da nossa exist\u00eancia, da nossa sociedade, da nossa cultura e da nossa religiosidade: dimens\u00f5es que as atividades da escola e o pr\u00f3prio projeto educativo s\u00e3o chamados, tamb\u00e9m, a contemplar.<\/p>\n<p><img decoding=\"async\" class=\"alignnone size-medium wp-image-664\" src=\"https:\/\/diocese-aveiro.pt\/emrc\/wp-content\/uploads\/2018\/06\/emrc_1-300x199.jpg\" alt=\"\" width=\"300\" height=\"199\" srcset=\"https:\/\/diocese-aveiro.pt\/emrc\/wp-content\/uploads\/2018\/06\/emrc_1-300x199.jpg 300w, https:\/\/diocese-aveiro.pt\/emrc\/wp-content\/uploads\/2018\/06\/emrc_1-768x509.jpg 768w, https:\/\/diocese-aveiro.pt\/emrc\/wp-content\/uploads\/2018\/06\/emrc_1-1024x678.jpg 1024w\" sizes=\"(max-width: 300px) 100vw, 300px\" \/><\/p>\n<ol start=\"2\">\n<li><strong> Movidos pela interpela\u00e7\u00e3o e ensino da EMRC<\/strong><\/li>\n<\/ol>\n<p>O empenho no desenvolvimento e na implanta\u00e7\u00e3o da EMRC requer as condi\u00e7\u00f5es necess\u00e1rias para a sua efetiva\u00e7\u00e3o e o esfor\u00e7o consent\u00e2neo de todos. Aos que est\u00e3o comprometidos com a disciplina: professores; pais\/encarregados de educa\u00e7\u00e3o; alunos; respons\u00e1veis dos \u00f3rg\u00e3os de gest\u00e3o das escolas e dos agrupamentos; p\u00e1rocos e comunidades crist\u00e3s, apelo a que, em harmonia com a legisla\u00e7\u00e3o em vigor, aspirem e promovam este bem para os alunos, para os professores, para a escola, para as fam\u00edlias e para a comunidade.<\/p>\n<p>A v\u00f3s pais, primeiros e mais respons\u00e1veis educadores, compete conscientemente decidir o percurso formativo que quereis e tendes o direito de escolher para os vossos filhos\/ educandos. Est\u00e1 \u00e0 vossa disposi\u00e7\u00e3o a possibilidade de inscrever os vossos filhos na disciplina de Educa\u00e7\u00e3o de Educa\u00e7\u00e3o Moral e Religiosa Cat\u00f3lica (EMRC), desde o primeiro ano do primeiro ciclo at\u00e9 ao final do ensino secund\u00e1rio. Assumi a vossa miss\u00e3o com alegria e sentido de responsabilidade.<\/p>\n<p>O ensino nas escolas deve exprimir o sentir e querer da comunidade, e tem que retratar a alma da comunidade, nomeadamente da comunidade paroquial, pelo que \u00e9 premente o di\u00e1logo e a intera\u00e7\u00e3o entre os agentes educativos, sem esquecer que a rela\u00e7\u00e3o entre o ensino religioso escolar e a catequese n\u00e3o s\u00e3o atividades em alternativa, mas uma rela\u00e7\u00e3o de distin\u00e7\u00e3o e complementaridade. A este esfor\u00e7o h\u00e1 de corresponder o empenho e a dedica\u00e7\u00e3o dos respetivos professores, assegurando a qualidade da EMRC com a coer\u00eancia do testemunho crist\u00e3o e fidelidade \u00e0 Igreja.<\/p>\n<p>Para v\u00f3s, estimadas crian\u00e7as, adolescentes e jovens, n\u00e3o me canso de vos dizer que a vossa felicidade e a felicidade de todos os que vos rodeiam depender\u00e1 das escolhas que fizerdes ao longo do itiner\u00e1rio das vossas vidas. Manifesto o meu reconhecimento e solicitude junto de quantos constituem esta \u201cgrande fam\u00edlia\u201d da EMRC. \u00c9 neste compromisso comum que todos nos devemos sentir implicados e envolvidos. Com a vossa ades\u00e3o e vontade, compete colaborar neste compromisso que se quer seja de todos. Com a jovialidade, experi\u00eancia e criatividade que vos \u00e9 reconhecida, \u00e9 poss\u00edvel superar as dificuldades que se v\u00e3o deparando. Ainda que por vezes tenhais de ir para a escola uma hora mais cedo ou para casa uma hora mais tarde, para terdes EMRC, n\u00e3o esque\u00e7ais que v\u00f3s sois os primeiros beneficiados ao frequentar estas aulas. Fazei escolhas conscientes e deixai-vos imbuir dos valores que ajudam a construir um projeto pessoal de vida, ou, pelo menos, um significado e um sentido para a vida.<\/p>\n<p>O futuro das pessoas e o rumo das sociedades decidem-se nas op\u00e7\u00f5es que se fazem. Que no ato das matr\u00edculas, haja o necess\u00e1rio acolhimento, responsabiliza\u00e7\u00e3o e colabora\u00e7\u00e3o m\u00fatua, pela op\u00e7\u00e3o da EMRC, em ordem a deixar-se pautar por valores que alicercem e consolidem o caminhar rumo ao futuro.<\/p>\n<p>____________<\/p>\n<p>Aveiro, 3 de junho de 2018<\/p>\n<p>&nbsp;<\/p>\n<p>\u2020 Ant\u00f3nio Manuel Moiteiro Ramos, Bispo de Aveiro.<\/p>\n","protected":false},"excerpt":{"rendered":"<p>Nota Pastoral sobre as aulas de Educa\u00e7\u00e3o Moral e Religiosa Cat\u00f3lica (EMRC) &#8211; 2018 Educa\u00e7\u00e3o Moral e Religiosa Cat\u00f3lica, um espa\u00e7o de descoberta e interpela\u00e7\u00e3o &nbsp; Chamados a construir um conhecimento global No dia-a-dia, todos nos vamos dando conta de que a sociedade exige cada vez mais um conhecimento global. Chegados \u00e0 altura de nas escolas se fazerem as matr\u00edculas [&hellip;]<\/p>\n","protected":false},"author":1,"featured_media":666,"parent":668,"menu_order":0,"comment_status":"closed","ping_status":"closed","template":"","meta":{"footnotes":""},"_links":{"self":[{"href":"https:\/\/diocese-aveiro.pt\/emrc\/wp-json\/wp\/v2\/pages\/659"}],"collection":[{"href":"https:\/\/diocese-aveiro.pt\/emrc\/wp-json\/wp\/v2\/pages"}],"about":[{"href":"https:\/\/diocese-aveiro.pt\/emrc\/wp-json\/wp\/v2\/types\/page"}],"author":[{"embeddable":true,"href":"https:\/\/diocese-aveiro.pt\/emrc\/wp-json\/wp\/v2\/users\/1"}],"replies":[{"embeddable":true,"href":"https:\/\/diocese-aveiro.pt\/emrc\/wp-json\/wp\/v2\/comments?post=659"}],"version-history":[{"count":2,"href":"https:\/\/diocese-aveiro.pt\/emrc\/wp-json\/wp\/v2\/pages\/659\/revisions"}],"predecessor-version":[{"id":665,"href":"https:\/\/diocese-aveiro.pt\/emrc\/wp-json\/wp\/v2\/pages\/659\/revisions\/665"}],"up":[{"embeddable":true,"href":"https:\/\/diocese-aveiro.pt\/emrc\/wp-json\/wp\/v2\/pages\/668"}],"wp:featuredmedia":[{"embeddable":true,"href":"https:\/\/diocese-aveiro.pt\/emrc\/wp-json\/wp\/v2\/media\/666"}],"wp:attachment":[{"href":"https:\/\/diocese-aveiro.pt\/emrc\/wp-json\/wp\/v2\/media?parent=659"}],"curies":[{"name":"wp","href":"https:\/\/api.w.org\/{rel}","templated":true}]}}

Educação Moral e Religiosa Católica, um espaço de descoberta e interpelação

<p><strong>Nota Pastoral sobre as aulas de Educação Moral e Religiosa Católica (EMRC) &#8211; 2018</strong></p>
<p><img fetchpriority="high" decoding="async" class="alignnone size-medium wp-image-663" src="https://diocese-aveiro.pt/emrc/wp-content/uploads/2018/06/Mãos-abertas-300x225.jpg" alt="" width="300" height="225" srcset="https://diocese-aveiro.pt/emrc/wp-content/uploads/2018/06/Mãos-abertas-300x225.jpg 300w, https://diocese-aveiro.pt/emrc/wp-content/uploads/2018/06/Mãos-abertas-768x576.jpg 768w, https://diocese-aveiro.pt/emrc/wp-content/uploads/2018/06/Mãos-abertas-1024x768.jpg 1024w" sizes="(max-width: 300px) 100vw, 300px" /></p>
<p><strong><em>Educação Moral e Religiosa Católica, um espaço de descoberta e interpelação</em></strong></p>
<p>&nbsp;</p>
<ol>
<li><strong> Chamados a construir um conhecimento global</strong></li>
</ol>
<p>No dia-a-dia, todos nos vamos dando conta de que a sociedade exige cada vez mais um conhecimento global. Chegados à altura de nas escolas se fazerem as matrículas para um novo ano de estudos, com opções, e de decidir por escolher ou não a disciplina de Educação Moral e Religiosa Católica (EMRC), é o momento de, mais do que ficar indiferentes, nos envolvermos numa tomada de decisão que favorece a identidade de pessoas capazes de colaborar na construção de uma sociedade que dignifique e valorize uma autêntica educação integral.</p>
<p>A Educação Moral e Religiosa Católica, na fidelidade à sua missão específica, procura proporcionar à pessoa a visão cristã do mundo, do homem e de Deus, e não se demitirá de continuar a oferecer, com total liberdade, propostas educativas. É um espaço de reflexão, para crentes e não crentes, acerca dos valores sociais, éticos e morais, com propostas sempre atuais, propondo aos alunos uma perspetiva de análise da nossa existência, da nossa sociedade, da nossa cultura e da nossa religiosidade: dimensões que as atividades da escola e o próprio projeto educativo são chamados, também, a contemplar.</p>
<p><img decoding="async" class="alignnone size-medium wp-image-664" src="https://diocese-aveiro.pt/emrc/wp-content/uploads/2018/06/emrc_1-300x199.jpg" alt="" width="300" height="199" srcset="https://diocese-aveiro.pt/emrc/wp-content/uploads/2018/06/emrc_1-300x199.jpg 300w, https://diocese-aveiro.pt/emrc/wp-content/uploads/2018/06/emrc_1-768x509.jpg 768w, https://diocese-aveiro.pt/emrc/wp-content/uploads/2018/06/emrc_1-1024x678.jpg 1024w" sizes="(max-width: 300px) 100vw, 300px" /></p>
<ol start="2">
<li><strong> Movidos pela interpelação e ensino da EMRC</strong></li>
</ol>
<p>O empenho no desenvolvimento e na implantação da EMRC requer as condições necessárias para a sua efetivação e o esforço consentâneo de todos. Aos que estão comprometidos com a disciplina: professores; pais/encarregados de educação; alunos; responsáveis dos órgãos de gestão das escolas e dos agrupamentos; párocos e comunidades cristãs, apelo a que, em harmonia com a legislação em vigor, aspirem e promovam este bem para os alunos, para os professores, para a escola, para as famílias e para a comunidade.</p>
<p>A vós pais, primeiros e mais responsáveis educadores, compete conscientemente decidir o percurso formativo que quereis e tendes o direito de escolher para os vossos filhos/ educandos. Está à vossa disposição a possibilidade de inscrever os vossos filhos na disciplina de Educação de Educação Moral e Religiosa Católica (EMRC), desde o primeiro ano do primeiro ciclo até ao final do ensino secundário. Assumi a vossa missão com alegria e sentido de responsabilidade.</p>
<p>O ensino nas escolas deve exprimir o sentir e querer da comunidade, e tem que retratar a alma da comunidade, nomeadamente da comunidade paroquial, pelo que é premente o diálogo e a interação entre os agentes educativos, sem esquecer que a relação entre o ensino religioso escolar e a catequese não são atividades em alternativa, mas uma relação de distinção e complementaridade. A este esforço há de corresponder o empenho e a dedicação dos respetivos professores, assegurando a qualidade da EMRC com a coerência do testemunho cristão e fidelidade à Igreja.</p>
<p>Para vós, estimadas crianças, adolescentes e jovens, não me canso de vos dizer que a vossa felicidade e a felicidade de todos os que vos rodeiam dependerá das escolhas que fizerdes ao longo do itinerário das vossas vidas. Manifesto o meu reconhecimento e solicitude junto de quantos constituem esta “grande família” da EMRC. É neste compromisso comum que todos nos devemos sentir implicados e envolvidos. Com a vossa adesão e vontade, compete colaborar neste compromisso que se quer seja de todos. Com a jovialidade, experiência e criatividade que vos é reconhecida, é possível superar as dificuldades que se vão deparando. Ainda que por vezes tenhais de ir para a escola uma hora mais cedo ou para casa uma hora mais tarde, para terdes EMRC, não esqueçais que vós sois os primeiros beneficiados ao frequentar estas aulas. Fazei escolhas conscientes e deixai-vos imbuir dos valores que ajudam a construir um projeto pessoal de vida, ou, pelo menos, um significado e um sentido para a vida.</p>
<p>O futuro das pessoas e o rumo das sociedades decidem-se nas opções que se fazem. Que no ato das matrículas, haja o necessário acolhimento, responsabilização e colaboração mútua, pela opção da EMRC, em ordem a deixar-se pautar por valores que alicercem e consolidem o caminhar rumo ao futuro.</p>
<p>____________</p>
<p>Aveiro, 3 de junho de 2018</p>
<p>&nbsp;</p>
<p>† António Manuel Moiteiro Ramos, Bispo de Aveiro.</p>

<p>Nota Pastoral sobre as aulas de Educação Moral e Religiosa Católica (EMRC) &#8211; 2018 Educação Moral e Religiosa Católica, um espaço de descoberta e interpelação &nbsp; Chamados a construir um conhecimento global No dia-a-dia, todos nos vamos dando conta de que a sociedade exige cada vez mais um conhecimento global. Chegados à altura de nas escolas se fazerem as matrículas [&hellip;]</p>
