{"id":62,"date":"2017-03-28T11:04:30","date_gmt":"2017-03-28T11:04:30","guid":{"rendered":"https:\/\/diocese-aveiro.pt\/emrc\/?page_id=62"},"modified":"2020-09-11T11:50:20","modified_gmt":"2020-09-11T10:50:20","slug":"dpe","status":"publish","type":"page","link":"https:\/\/diocese-aveiro.pt\/emrc\/dpe\/","title":{"rendered":"DPE"},"content":{"rendered":"<p>O DPE, Departamento da Pastoral nas Escolas \u00e9 a estrutura da Diocese de Aveiro que faz a liga\u00e7\u00e3o entre o Bispo Diocesano e os Docentes de \u00a0Educa\u00e7\u00e3o Moral e Religiosa Cat\u00f3lica.<\/p>\n<p>Faz parte do Secretariado da Educa\u00e7\u00e3o Crist\u00e3.<\/p>\n","protected":false},"excerpt":{"rendered":"<p>O DPE, Departamento da Pastoral nas Escolas \u00e9 a estrutura da Diocese de Aveiro que faz a liga\u00e7\u00e3o entre o Bispo Diocesano e os Docentes de \u00a0Educa\u00e7\u00e3o Moral e Religiosa Cat\u00f3lica. Faz parte do Secretariado da Educa\u00e7\u00e3o Crist\u00e3.<\/p>\n","protected":false},"author":1,"featured_media":0,"parent":0,"menu_order":1,"comment_status":"closed","ping_status":"closed","template":"","meta":{"footnotes":""},"_links":{"self":[{"href":"https:\/\/diocese-aveiro.pt\/emrc\/wp-json\/wp\/v2\/pages\/62"}],"collection":[{"href":"https:\/\/diocese-aveiro.pt\/emrc\/wp-json\/wp\/v2\/pages"}],"about":[{"href":"https:\/\/diocese-aveiro.pt\/emrc\/wp-json\/wp\/v2\/types\/page"}],"author":[{"embeddable":true,"href":"https:\/\/diocese-aveiro.pt\/emrc\/wp-json\/wp\/v2\/users\/1"}],"replies":[{"embeddable":true,"href":"https:\/\/diocese-aveiro.pt\/emrc\/wp-json\/wp\/v2\/comments?post=62"}],"version-history":[{"count":3,"href":"https:\/\/diocese-aveiro.pt\/emrc\/wp-json\/wp\/v2\/pages\/62\/revisions"}],"predecessor-version":[{"id":157,"href":"https:\/\/diocese-aveiro.pt\/emrc\/wp-json\/wp\/v2\/pages\/62\/revisions\/157"}],"wp:attachment":[{"href":"https:\/\/diocese-aveiro.pt\/emrc\/wp-json\/wp\/v2\/media?parent=62"}],"curies":[{"name":"wp","href":"https:\/\/api.w.org\/{rel}","templated":true}]}}

<p>O DPE, Departamento da Pastoral nas Escolas é a estrutura da Diocese de Aveiro que faz a ligação entre o Bispo Diocesano e os Docentes de  Educação Moral e Religiosa Católica.</p>
<p>Faz parte do Secretariado da Educação Cristã.</p>

<p>O DPE, Departamento da Pastoral nas Escolas é a estrutura da Diocese de Aveiro que faz a ligação entre o Bispo Diocesano e os Docentes de  Educação Moral e Religiosa Católica. Faz parte do Secretariado da Educação Cristã.</p>
