{"id":23,"date":"2017-03-21T17:04:28","date_gmt":"2017-03-21T17:04:28","guid":{"rendered":"https:\/\/diocese-aveiro.pt\/emrc\/?page_id=23"},"modified":"2017-10-09T16:07:29","modified_gmt":"2017-10-09T16:07:29","slug":"plano-dpe-20162017","status":"publish","type":"page","link":"https:\/\/diocese-aveiro.pt\/emrc\/dpe\/plano-anual-do-dpe\/plano-dpe-20162017\/","title":{"rendered":"Plano anual 2016\/2017"},"content":{"rendered":"<h2 style=\"text-align: center;\"><span style=\"color: #0000ff;\">Programa\u00e7\u00e3o para o ano 2016\/2017<\/span><\/h2>\n<h2 style=\"text-align: center;\"><span style=\"color: #0000ff;\">Tema: Caminhar com Maria, M\u00e3e da Esperan\u00e7a&#8230;<\/span><\/h2>\n<p><!--more--><\/p>\n<p>&nbsp;<\/p>\n<p><strong><img fetchpriority=\"high\" decoding=\"async\" class=\"size-medium wp-image-7 alignright\" src=\"https:\/\/diocese-aveiro.pt\/emrc\/wp-content\/uploads\/2017\/03\/cropped-SDEC_DPE-300x300.jpg\" alt=\"\" width=\"300\" height=\"300\" srcset=\"https:\/\/diocese-aveiro.pt\/emrc\/wp-content\/uploads\/2017\/03\/cropped-SDEC_DPE-300x300.jpg 300w, https:\/\/diocese-aveiro.pt\/emrc\/wp-content\/uploads\/2017\/03\/cropped-SDEC_DPE-150x150.jpg 150w, https:\/\/diocese-aveiro.pt\/emrc\/wp-content\/uploads\/2017\/03\/cropped-SDEC_DPE-270x270.jpg 270w, https:\/\/diocese-aveiro.pt\/emrc\/wp-content\/uploads\/2017\/03\/cropped-SDEC_DPE-192x192.jpg 192w, https:\/\/diocese-aveiro.pt\/emrc\/wp-content\/uploads\/2017\/03\/cropped-SDEC_DPE-180x180.jpg 180w, https:\/\/diocese-aveiro.pt\/emrc\/wp-content\/uploads\/2017\/03\/cropped-SDEC_DPE-32x32.jpg 32w, https:\/\/diocese-aveiro.pt\/emrc\/wp-content\/uploads\/2017\/03\/cropped-SDEC_DPE.jpg 512w\" sizes=\"(max-width: 300px) 100vw, 300px\" \/>Atividade:\u00a0<\/strong>Encontro de docentes de EMRC de in\u00edcio do ano letivo<\/p>\n<p><strong>Data:\u00a0<\/strong>15 de outubro 2016<\/p>\n<p><strong>Local:\u00a0<\/strong>Casa Diocesana<\/p>\n<p>&nbsp;<\/p>\n<p><strong>\u2260<\/strong><\/p>\n<p>&nbsp;<\/p>\n<p><strong>Atividade:\u00a0<\/strong>Semana Nacional da Educa\u00e7\u00e3o Crist\u00e3<\/p>\n<p><strong>Data:\u00a0<\/strong>21 a 30 de outubro de 2016<\/p>\n<p><strong>Observa\u00e7\u00f5es:\u00a0<\/strong>Nota da CEECDF: \u201c<strong>Educar \u2013 Propor o caminho para uma vida plena\u201d.<\/strong><\/p>\n<p>&nbsp;<\/p>\n<p><strong>\u2260<\/strong><\/p>\n<p>&nbsp;<\/p>\n<p><strong>Atividade:\u00a0<\/strong>III Peregrina\u00e7\u00e3o nacional da Escola Cat\u00f3lica<\/p>\n<p><strong>Data:\u00a0<\/strong>21 de outubro de 2016<\/p>\n<p><strong>Local:\u00a0<\/strong>F\u00c1TIMA<\/p>\n<p><strong>\u00a0<\/strong><\/p>\n<p><strong>\u2260<\/strong><\/p>\n<p>&nbsp;<\/p>\n<p><strong>Atividade:\u00a0<\/strong>Forma\u00e7\u00e3o para equipas de pastoral e professores em geral<\/p>\n<p>Tema:\u00a0\u201dA interioridade como paradigma educativo\u201d<strong>.<\/strong><\/p>\n<p><strong>Data:\u00a0<\/strong>19 de Novembro de 2016<\/p>\n<p><strong>Local:\u00a0<\/strong>F\u00e1tima<\/p>\n<p>Organiza\u00e7\u00e3o: Escola Cat\u00f3lica<\/p>\n<p><strong>Formadora<\/strong>:\u00a0Dr\u00aa\u00a0Elena Andr\u00e9s<\/p>\n<p><strong>\u00a0<\/strong><\/p>\n<p><strong>\u2260<\/strong><\/p>\n<p>&nbsp;<\/p>\n<p><strong>Atividade:\u00a0<\/strong>Encerramento do Ano Jubilar da Miseric\u00f3rdia<\/p>\n<p><strong>Data:\u00a0<\/strong>20 de novembro 2016<\/p>\n<p><strong>Local:\u00a0<\/strong>Diocese de Aveiro<\/p>\n<p>&nbsp;<\/p>\n<p><strong>\u2260<\/strong><\/p>\n<p>&nbsp;<\/p>\n<p><strong>Atividade:\u00a0<\/strong>Retiro dos educadores crist\u00e3os<\/p>\n<p>Orientador: D. Ant\u00f3nio Moiteiro<\/p>\n<p><strong>Data:\u00a0<\/strong>26 e 27 Novembro 2016<\/p>\n<p><strong>Local:\u00a0<\/strong>Local: Casa Diocesana<\/p>\n<p>&nbsp;<\/p>\n<p>&nbsp;<\/p>\n<p><strong>\u2260<\/strong><\/p>\n<p>&nbsp;<\/p>\n<p><strong>Atividade:\u00a0<\/strong>10 Milh\u00f5es de Estrelas \u2013 Um gesto pela Paz 2016<\/p>\n<p><strong>Data:\u00a0<\/strong>Tempo de Advento e Natal<\/p>\n<p><strong>Observa\u00e7\u00f5es:\u00a0<\/strong>Em parceria com a Caritas Diocesana<\/p>\n<p>&nbsp;<\/p>\n<p><strong>\u2260<\/strong><\/p>\n<p>&nbsp;<\/p>\n<p><strong>Atividade:\u00a0<\/strong>Jornadas locais de encontro e partilha de\u00a0<strong>\u201cousadias\u201d<\/strong><\/p>\n<p><strong>Tema: <\/strong>\u00abComo \u00e9 que o Evangelho trespassa o nosso projeto educativo?\u00bb<\/p>\n<p><strong>Data:\u00a0<\/strong>4 de fevereiro<\/p>\n<p><strong>Local:\u00a0<\/strong>Viseu<\/p>\n<p>Organiza\u00e7\u00e3o: Escola Cat\u00f3lica<\/p>\n<p>&nbsp;<\/p>\n<p><strong>\u2260<\/strong><\/p>\n<p>&nbsp;<\/p>\n<p><strong>Atividade:\u00a0<\/strong>F\u00f3rum EMRC | (nacional, creditada)<\/p>\n<p><strong>Data:\u00a0<\/strong>Lisboa: 28 e 29 janeiro 2017<\/p>\n<p>Porto: 11 e 12 fevereiro 2017<\/p>\n<p>&nbsp;<\/p>\n<p><strong>\u2260<\/strong><\/p>\n<p>&nbsp;<\/p>\n<p><strong>Atividade:\u00a0<\/strong>Encontro de Alunos do Ensino Secund\u00e1rio de EMRC em Taiz\u00e9<\/p>\n<p><strong>Data:\u00a0<\/strong>25 fevereiro a 5 de mar\u00e7o 2017<\/p>\n<p><strong>Local:\u00a0<\/strong>Taiz\u00e9 \u2013 Fran\u00e7a<\/p>\n<p>Organiza: DPE<\/p>\n<p>&nbsp;<\/p>\n<p><strong>\u2260<\/strong><\/p>\n<p>&nbsp;<\/p>\n<p><strong>Atividade:\u00a0<\/strong>Peregrina\u00e7\u00e3o Diocesana ao Santu\u00e1rio de F\u00e1tima<\/p>\n<p><strong>Data:\u00a0<\/strong>4 de mar\u00e7o de 2017<\/p>\n<p><strong>Local:\u00a0<\/strong>Diocese de Aveiro<\/p>\n<p>Local: Santu\u00e1rio de F\u00e1tima<\/p>\n<p>&nbsp;<\/p>\n<p><strong>\u2260<\/strong><\/p>\n<p>&nbsp;<\/p>\n<p><strong>Atividade:\u00a0<\/strong>Retiro\/forma\u00e7\u00e3o para Encontro de docentes de EMRC<\/p>\n<p>Tema:\u00a0\u201cF\u00e1tima: Luz que ergue a noite da Humanidade.&#8221;<\/p>\n<p><strong>Data:\u00a0<\/strong>18 de Mar\u00e7o de 2017<\/p>\n<p><strong>Local:\u00a0<\/strong>Semin\u00e1rio de Santa Joana Princesa de Aveiro<\/p>\n<p>Orientador: Ir. Marta Mendes (Alian\u00e7a de Santa Maria)<\/p>\n<p><strong>\u2260<\/strong><\/p>\n<p>&nbsp;<\/p>\n<p><strong>Atividade:\u00a0<\/strong>Retiro para alunos da escola cat\u00f3lica<\/p>\n<p><strong>Data:\u00a0<\/strong>24 e 25 de Mar\u00e7o de 2017<\/p>\n<p><strong>Local:\u00a0<\/strong>Col\u00e9gio de Calv\u00e3o<\/p>\n<p>&nbsp;<\/p>\n<p><strong>\u2260<\/strong><\/p>\n<p>&nbsp;<\/p>\n<p><strong>Atividade:\u00a0<\/strong>24 horas para o Senhor<\/p>\n<p><strong>Data:\u00a0<\/strong>24 e 25 de Mar\u00e7o de 2017<\/p>\n<p><strong>Local:\u00a0<\/strong>Organiza\u00e7\u00e3o: Arciprestal<\/p>\n<p>&nbsp;<\/p>\n<p><strong>\u2260<\/strong><\/p>\n<p>&nbsp;<\/p>\n<p><strong>Atividade:\u00a0<\/strong>Semana Nacional da Disciplina de EMRC<\/p>\n<p><strong>Data:\u00a0<\/strong>27 a 31 de mar\u00e7o 2017<\/p>\n<p><strong>Local:\u00a0<\/strong>Organiza: SNEC\/DPE<\/p>\n<p>&nbsp;<\/p>\n<p><strong>\u2260<\/strong><\/p>\n<p>&nbsp;<\/p>\n<p><strong>Atividade:\u00a0<\/strong>Dia Mundial da Juventude<\/p>\n<p><strong>Data:\u00a0<\/strong>8 de abril<\/p>\n<p><strong>Local:\u00a0<\/strong>Organiza\u00e7\u00e3o: Departamento Pastoral da Juventude<\/p>\n<p>&nbsp;<\/p>\n<p><strong>\u2260<\/strong><\/p>\n<p>&nbsp;<\/p>\n<p><strong>Atividade:\u00a0<\/strong>VII Encontro Nacional de EMRC do Ensino Secund\u00e1rio<\/p>\n<p><strong>Data:\u00a0<\/strong>21 e 22 de abril de 2017<\/p>\n<p><strong>Local:\u00a0<\/strong>Jacinto &#8211; Aveiro<\/p>\n<p>Organiza: SNEC<\/p>\n<p>&nbsp;<\/p>\n<p><strong>\u2260<\/strong><\/p>\n<p>&nbsp;<\/p>\n<p><strong>Atividade:\u00a0<\/strong>F\u00e1tima Jovem<\/p>\n<p><strong>Data:\u00a0<\/strong>6 e 7 de maio<\/p>\n<p><strong>Local:\u00a0<\/strong>F\u00e1tima<\/p>\n<p>Organiza: SNEC<\/p>\n<p>Em parceria com a Pastoral Juvenil<\/p>\n<p>&nbsp;<\/p>\n<p><strong>\u2260<\/strong><\/p>\n<p>&nbsp;<\/p>\n<p><strong>Atividade:\u00a0<\/strong>Docentes de EMRC Aveiro Encontro\/forma\u00e7\u00e3o<\/p>\n<p><strong>Data:\u00a0<\/strong>20 maio<\/p>\n<p><strong>Local:\u00a0<\/strong>Semin\u00e1rio de Santa Joana Princesa de Aveiro<\/p>\n<p>&nbsp;<\/p>\n<p><strong>\u2260<\/strong><\/p>\n<p>&nbsp;<\/p>\n<p><strong>Atividade:\u00a0<\/strong>XVII Interescolas Nacional de Alunos de EMRC do 1\u00ba ciclo<\/p>\n<p><strong>Data:\u00a0<\/strong>26 de maio de 2017<\/p>\n<p><strong>Local:\u00a0<\/strong>Local: F\u00e1tima<\/p>\n<p>Organiza: SNEC<\/p>\n<p>&nbsp;<\/p>\n<p><strong>\u2260<\/strong><\/p>\n<p>&nbsp;<\/p>\n<p>&nbsp;<\/p>\n<p><strong>Atividade:\u00a0<\/strong>XVI Interescolas diocesano<\/p>\n<p><strong>Data:\u00a0<\/strong>30 de maio de 2017<\/p>\n<p><strong>Local:\u00a0<\/strong>Albergaria-A-Velha<\/p>\n<p>&nbsp;<\/p>\n<p><strong>\u2260<\/strong><\/p>\n<p>&nbsp;<\/p>\n<p><strong>Atividade:\u00a0<\/strong>Dia da Igreja Diocesana<\/p>\n<p>\u201cA fam\u00edlia, esperan\u00e7a da Igreja Diocesana\u201d<\/p>\n<p><strong>Data:\u00a0<\/strong>25 de junho 2017<\/p>\n<p><strong>Local:\u00a0<\/strong><\/p>\n<p>&nbsp;<\/p>\n<p><strong>\u2260<\/strong><\/p>\n<p>&nbsp;<\/p>\n<p><strong>Atividade:\u00a0<\/strong>Conv\u00edvio de docentes de EMRC<\/p>\n<p><strong>Data:\u00a0<\/strong>1de julho<\/p>\n<p><strong>Local:\u00a0<\/strong><strong>Anadia<\/strong><\/p>\n<p>Organiza: ANADIA<\/p>\n<p>&nbsp;<\/p>\n<p>Podes aceder \u00e0 vers\u00e3o em formato digital, clicando aqui&#8230;<\/p>\n<p><a href=\"https:\/\/diocese-aveiro.pt\/emrc\/wp-content\/uploads\/2017\/03\/Plano-DPE-2016-2017-versao_outubro.pdf\">Plano DPE 2016 &#8211; 2017<\/a><\/p>\n","protected":false},"excerpt":{"rendered":"<p>Programa\u00e7\u00e3o para o ano 2016\/2017 Tema: Caminhar com Maria, M\u00e3e da Esperan\u00e7a&#8230;<\/p>\n","protected":false},"author":1,"featured_media":0,"parent":457,"menu_order":0,"comment_status":"closed","ping_status":"closed","template":"","meta":{"footnotes":""},"_links":{"self":[{"href":"https:\/\/diocese-aveiro.pt\/emrc\/wp-json\/wp\/v2\/pages\/23"}],"collection":[{"href":"https:\/\/diocese-aveiro.pt\/emrc\/wp-json\/wp\/v2\/pages"}],"about":[{"href":"https:\/\/diocese-aveiro.pt\/emrc\/wp-json\/wp\/v2\/types\/page"}],"author":[{"embeddable":true,"href":"https:\/\/diocese-aveiro.pt\/emrc\/wp-json\/wp\/v2\/users\/1"}],"replies":[{"embeddable":true,"href":"https:\/\/diocese-aveiro.pt\/emrc\/wp-json\/wp\/v2\/comments?post=23"}],"version-history":[{"count":12,"href":"https:\/\/diocese-aveiro.pt\/emrc\/wp-json\/wp\/v2\/pages\/23\/revisions"}],"predecessor-version":[{"id":456,"href":"https:\/\/diocese-aveiro.pt\/emrc\/wp-json\/wp\/v2\/pages\/23\/revisions\/456"}],"up":[{"embeddable":true,"href":"https:\/\/diocese-aveiro.pt\/emrc\/wp-json\/wp\/v2\/pages\/457"}],"wp:attachment":[{"href":"https:\/\/diocese-aveiro.pt\/emrc\/wp-json\/wp\/v2\/media?parent=23"}],"curies":[{"name":"wp","href":"https:\/\/api.w.org\/{rel}","templated":true}]}}

<h2 style="text-align: center;"><span style="color: #0000ff;">Programação para o ano 2016/2017</span></h2>
<h2 style="text-align: center;"><span style="color: #0000ff;">Tema: Caminhar com Maria, Mãe da Esperança&#8230;</span></h2>
<p><!--more--></p>
<p>&nbsp;</p>
<p><strong><img fetchpriority="high" decoding="async" class="size-medium wp-image-7 alignright" src="https://diocese-aveiro.pt/emrc/wp-content/uploads/2017/03/cropped-SDEC_DPE-300x300.jpg" alt="" width="300" height="300" srcset="https://diocese-aveiro.pt/emrc/wp-content/uploads/2017/03/cropped-SDEC_DPE-300x300.jpg 300w, https://diocese-aveiro.pt/emrc/wp-content/uploads/2017/03/cropped-SDEC_DPE-150x150.jpg 150w, https://diocese-aveiro.pt/emrc/wp-content/uploads/2017/03/cropped-SDEC_DPE-270x270.jpg 270w, https://diocese-aveiro.pt/emrc/wp-content/uploads/2017/03/cropped-SDEC_DPE-192x192.jpg 192w, https://diocese-aveiro.pt/emrc/wp-content/uploads/2017/03/cropped-SDEC_DPE-180x180.jpg 180w, https://diocese-aveiro.pt/emrc/wp-content/uploads/2017/03/cropped-SDEC_DPE-32x32.jpg 32w, https://diocese-aveiro.pt/emrc/wp-content/uploads/2017/03/cropped-SDEC_DPE.jpg 512w" sizes="(max-width: 300px) 100vw, 300px" />Atividade: </strong>Encontro de docentes de EMRC de início do ano letivo</p>
<p><strong>Data: </strong>15 de outubro 2016</p>
<p><strong>Local: </strong>Casa Diocesana</p>
<p>&nbsp;</p>
<p><strong>≠</strong></p>
<p>&nbsp;</p>
<p><strong>Atividade: </strong>Semana Nacional da Educação Cristã</p>
<p><strong>Data: </strong>21 a 30 de outubro de 2016</p>
<p><strong>Observações: </strong>Nota da CEECDF: “<strong>Educar – Propor o caminho para uma vida plena”.</strong></p>
<p>&nbsp;</p>
<p><strong>≠</strong></p>
<p>&nbsp;</p>
<p><strong>Atividade: </strong>III Peregrinação nacional da Escola Católica</p>
<p><strong>Data: </strong>21 de outubro de 2016</p>
<p><strong>Local: </strong>FÁTIMA</p>
<p><strong> </strong></p>
<p><strong>≠</strong></p>
<p>&nbsp;</p>
<p><strong>Atividade: </strong>Formação para equipas de pastoral e professores em geral</p>
<p>Tema: ”A interioridade como paradigma educativo”<strong>.</strong></p>
<p><strong>Data: </strong>19 de Novembro de 2016</p>
<p><strong>Local: </strong>Fátima</p>
<p>Organização: Escola Católica</p>
<p><strong>Formadora</strong>: Drª Elena Andrés</p>
<p><strong> </strong></p>
<p><strong>≠</strong></p>
<p>&nbsp;</p>
<p><strong>Atividade: </strong>Encerramento do Ano Jubilar da Misericórdia</p>
<p><strong>Data: </strong>20 de novembro 2016</p>
<p><strong>Local: </strong>Diocese de Aveiro</p>
<p>&nbsp;</p>
<p><strong>≠</strong></p>
<p>&nbsp;</p>
<p><strong>Atividade: </strong>Retiro dos educadores cristãos</p>
<p>Orientador: D. António Moiteiro</p>
<p><strong>Data: </strong>26 e 27 Novembro 2016</p>
<p><strong>Local: </strong>Local: Casa Diocesana</p>
<p>&nbsp;</p>
<p>&nbsp;</p>
<p><strong>≠</strong></p>
<p>&nbsp;</p>
<p><strong>Atividade: </strong>10 Milhões de Estrelas – Um gesto pela Paz 2016</p>
<p><strong>Data: </strong>Tempo de Advento e Natal</p>
<p><strong>Observações: </strong>Em parceria com a Caritas Diocesana</p>
<p>&nbsp;</p>
<p><strong>≠</strong></p>
<p>&nbsp;</p>
<p><strong>Atividade: </strong>Jornadas locais de encontro e partilha de <strong>“ousadias”</strong></p>
<p><strong>Tema: </strong>«Como é que o Evangelho trespassa o nosso projeto educativo?»</p>
<p><strong>Data: </strong>4 de fevereiro</p>
<p><strong>Local: </strong>Viseu</p>
<p>Organização: Escola Católica</p>
<p>&nbsp;</p>
<p><strong>≠</strong></p>
<p>&nbsp;</p>
<p><strong>Atividade: </strong>Fórum EMRC | (nacional, creditada)</p>
<p><strong>Data: </strong>Lisboa: 28 e 29 janeiro 2017</p>
<p>Porto: 11 e 12 fevereiro 2017</p>
<p>&nbsp;</p>
<p><strong>≠</strong></p>
<p>&nbsp;</p>
<p><strong>Atividade: </strong>Encontro de Alunos do Ensino Secundário de EMRC em Taizé</p>
<p><strong>Data: </strong>25 fevereiro a 5 de março 2017</p>
<p><strong>Local: </strong>Taizé – França</p>
<p>Organiza: DPE</p>
<p>&nbsp;</p>
<p><strong>≠</strong></p>
<p>&nbsp;</p>
<p><strong>Atividade: </strong>Peregrinação Diocesana ao Santuário de Fátima</p>
<p><strong>Data: </strong>4 de março de 2017</p>
<p><strong>Local: </strong>Diocese de Aveiro</p>
<p>Local: Santuário de Fátima</p>
<p>&nbsp;</p>
<p><strong>≠</strong></p>
<p>&nbsp;</p>
<p><strong>Atividade: </strong>Retiro/formação para Encontro de docentes de EMRC</p>
<p>Tema: “Fátima: Luz que ergue a noite da Humanidade.&#8221;</p>
<p><strong>Data: </strong>18 de Março de 2017</p>
<p><strong>Local: </strong>Seminário de Santa Joana Princesa de Aveiro</p>
<p>Orientador: Ir. Marta Mendes (Aliança de Santa Maria)</p>
<p><strong>≠</strong></p>
<p>&nbsp;</p>
<p><strong>Atividade: </strong>Retiro para alunos da escola católica</p>
<p><strong>Data: </strong>24 e 25 de Março de 2017</p>
<p><strong>Local: </strong>Colégio de Calvão</p>
<p>&nbsp;</p>
<p><strong>≠</strong></p>
<p>&nbsp;</p>
<p><strong>Atividade: </strong>24 horas para o Senhor</p>
<p><strong>Data: </strong>24 e 25 de Março de 2017</p>
<p><strong>Local: </strong>Organização: Arciprestal</p>
<p>&nbsp;</p>
<p><strong>≠</strong></p>
<p>&nbsp;</p>
<p><strong>Atividade: </strong>Semana Nacional da Disciplina de EMRC</p>
<p><strong>Data: </strong>27 a 31 de março 2017</p>
<p><strong>Local: </strong>Organiza: SNEC/DPE</p>
<p>&nbsp;</p>
<p><strong>≠</strong></p>
<p>&nbsp;</p>
<p><strong>Atividade: </strong>Dia Mundial da Juventude</p>
<p><strong>Data: </strong>8 de abril</p>
<p><strong>Local: </strong>Organização: Departamento Pastoral da Juventude</p>
<p>&nbsp;</p>
<p><strong>≠</strong></p>
<p>&nbsp;</p>
<p><strong>Atividade: </strong>VII Encontro Nacional de EMRC do Ensino Secundário</p>
<p><strong>Data: </strong>21 e 22 de abril de 2017</p>
<p><strong>Local: </strong>Jacinto &#8211; Aveiro</p>
<p>Organiza: SNEC</p>
<p>&nbsp;</p>
<p><strong>≠</strong></p>
<p>&nbsp;</p>
<p><strong>Atividade: </strong>Fátima Jovem</p>
<p><strong>Data: </strong>6 e 7 de maio</p>
<p><strong>Local: </strong>Fátima</p>
<p>Organiza: SNEC</p>
<p>Em parceria com a Pastoral Juvenil</p>
<p>&nbsp;</p>
<p><strong>≠</strong></p>
<p>&nbsp;</p>
<p><strong>Atividade: </strong>Docentes de EMRC Aveiro Encontro/formação</p>
<p><strong>Data: </strong>20 maio</p>
<p><strong>Local: </strong>Seminário de Santa Joana Princesa de Aveiro</p>
<p>&nbsp;</p>
<p><strong>≠</strong></p>
<p>&nbsp;</p>
<p><strong>Atividade: </strong>XVII Interescolas Nacional de Alunos de EMRC do 1º ciclo</p>
<p><strong>Data: </strong>26 de maio de 2017</p>
<p><strong>Local: </strong>Local: Fátima</p>
<p>Organiza: SNEC</p>
<p>&nbsp;</p>
<p><strong>≠</strong></p>
<p>&nbsp;</p>
<p>&nbsp;</p>
<p><strong>Atividade: </strong>XVI Interescolas diocesano</p>
<p><strong>Data: </strong>30 de maio de 2017</p>
<p><strong>Local: </strong>Albergaria-A-Velha</p>
<p>&nbsp;</p>
<p><strong>≠</strong></p>
<p>&nbsp;</p>
<p><strong>Atividade: </strong>Dia da Igreja Diocesana</p>
<p>“A família, esperança da Igreja Diocesana”</p>
<p><strong>Data: </strong>25 de junho 2017</p>
<p><strong>Local: </strong></p>
<p>&nbsp;</p>
<p><strong>≠</strong></p>
<p>&nbsp;</p>
<p><strong>Atividade: </strong>Convívio de docentes de EMRC</p>
<p><strong>Data: </strong>1de julho</p>
<p><strong>Local: </strong><strong>Anadia</strong></p>
<p>Organiza: ANADIA</p>
<p>&nbsp;</p>
<p>Podes aceder à versão em formato digital, clicando aqui&#8230;</p>
<p><a href="https://diocese-aveiro.pt/emrc/wp-content/uploads/2017/03/Plano-DPE-2016-2017-versao_outubro.pdf">Plano DPE 2016 &#8211; 2017</a></p>

<p>Programação para o ano 2016/2017 Tema: Caminhar com Maria, Mãe da Esperança&#8230;</p>
