{"id":21,"date":"2017-03-21T17:04:28","date_gmt":"2017-03-21T17:04:28","guid":{"rendered":"https:\/\/diocese-aveiro.pt\/emrc\/?page_id=21"},"modified":"2023-09-18T11:49:47","modified_gmt":"2023-09-18T10:49:47","slug":"contactos","status":"publish","type":"page","link":"https:\/\/diocese-aveiro.pt\/emrc\/dpe\/contactos\/","title":{"rendered":"Contactos"},"content":{"rendered":"<p><strong>Departamento de Pastoral nas Escolas<\/strong><\/p>\n<p>Semin\u00e1rio de Aveiro &#8211; Centro de A\u00e7\u00e3o Pastoral<\/p>\n<p>Av. Jo\u00e3o Jacinto de Magalh\u00e3es, 17<\/p>\n<p>3814-506 Aveiro<\/p>\n<p>&nbsp;<\/p>\n<p>pastoralnasescolas@diocese-aveiro.pt<\/p>\n<p>pastoralnasescolas@gmail.com<\/p>\n","protected":false},"excerpt":{"rendered":"<p>Departamento de Pastoral nas Escolas Semin\u00e1rio de Aveiro &#8211; Centro de A\u00e7\u00e3o Pastoral Av. Jo\u00e3o Jacinto de Magalh\u00e3es, 17 3814-506 Aveiro &nbsp; pastoralnasescolas@diocese-aveiro.pt pastoralnasescolas@gmail.com<\/p>\n","protected":false},"author":1,"featured_media":0,"parent":62,"menu_order":0,"comment_status":"closed","ping_status":"closed","template":"","meta":{"footnotes":""},"_links":{"self":[{"href":"https:\/\/diocese-aveiro.pt\/emrc\/wp-json\/wp\/v2\/pages\/21"}],"collection":[{"href":"https:\/\/diocese-aveiro.pt\/emrc\/wp-json\/wp\/v2\/pages"}],"about":[{"href":"https:\/\/diocese-aveiro.pt\/emrc\/wp-json\/wp\/v2\/types\/page"}],"author":[{"embeddable":true,"href":"https:\/\/diocese-aveiro.pt\/emrc\/wp-json\/wp\/v2\/users\/1"}],"replies":[{"embeddable":true,"href":"https:\/\/diocese-aveiro.pt\/emrc\/wp-json\/wp\/v2\/comments?post=21"}],"version-history":[{"count":10,"href":"https:\/\/diocese-aveiro.pt\/emrc\/wp-json\/wp\/v2\/pages\/21\/revisions"}],"predecessor-version":[{"id":1534,"href":"https:\/\/diocese-aveiro.pt\/emrc\/wp-json\/wp\/v2\/pages\/21\/revisions\/1534"}],"up":[{"embeddable":true,"href":"https:\/\/diocese-aveiro.pt\/emrc\/wp-json\/wp\/v2\/pages\/62"}],"wp:attachment":[{"href":"https:\/\/diocese-aveiro.pt\/emrc\/wp-json\/wp\/v2\/media?parent=21"}],"curies":[{"name":"wp","href":"https:\/\/api.w.org\/{rel}","templated":true}]}}

<p><strong>Departamento de Pastoral nas Escolas</strong></p>
<p>Seminário de Aveiro &#8211; Centro de Ação Pastoral</p>
<p>Av. João Jacinto de Magalhães, 17</p>
<p>3814-506 Aveiro</p>
<p>&nbsp;</p>
<p>pastoralnasescolas@diocese-aveiro.pt</p>
<p>pastoralnasescolas@gmail.com</p>

<p>Departamento de Pastoral nas Escolas Seminário de Aveiro &#8211; Centro de Ação Pastoral Av. João Jacinto de Magalhães, 17 3814-506 Aveiro &nbsp; pastoralnasescolas@diocese-aveiro.pt pastoralnasescolas@gmail.com</p>
