{"id":19,"date":"2017-03-21T17:04:28","date_gmt":"2017-03-21T17:04:28","guid":{"rendered":"https:\/\/diocese-aveiro.pt\/emrc\/?page_id=19"},"modified":"2025-09-05T12:50:09","modified_gmt":"2025-09-05T11:50:09","slug":"equipa","status":"publish","type":"page","link":"https:\/\/diocese-aveiro.pt\/emrc\/dpe\/equipa\/","title":{"rendered":"Equipa do DPE"},"content":{"rendered":"<h2>Departamento de Pastoral nas Escolas<\/h2>\n<p>&nbsp;<\/p>\n<p><strong>Coordenador do Departamento:<\/strong> S\u00e9rgio Manuel de Jesus Martins, Professor destacado<\/p>\n<p>&nbsp;<\/p>\n<p>C\u00e2ndida Nat\u00e1lia Sousa Duarte, Professora no Col\u00e9gio Nossa Senhora da Assun\u00e7\u00e3o (Famalic\u00e3o)<\/p>\n<p>Filipe Ricardo Pereira Tavares, Professor no Agrupamento de Escolas de \u00cdlhavo<\/p>\n<p>Isabel Maria Soares dos Santos, Professora no Agrupamento de Escolas de Albergaria-\u00e0-Velha<\/p>\n<p>Liliana de Almeida Ventura, Professora no Agrupamento de Escolas Dr. M\u00e1rio Sacramento (Aveiro)<\/p>\n<p>Maria Jo\u00e3o de Carvalho Ramos Dias,\u00a0Professora na Escola Secund\u00e1ria \u00a0Adolfo Portela &#8211; \u00c1gueda<\/p>\n<p>S\u00e9rgio \u00d3scar Marques Faria, Professor no Agrupamento de Escolas Jos\u00e9 Est\u00eav\u00e3o &#8211; Aveiro<\/p>\n<p>Vitor Jesus Ferreira da Silva, Professor no Agrupamento de Escolas de Oliveira do Bairro<\/p>\n<p>&nbsp;<\/p>\n<p><strong>Respons\u00e1vel da Escola Cat\u00f3lica:<\/strong> C\u00e2ndida Nat\u00e1lia Sousa Duarte<\/p>\n<p>&nbsp;<\/p>\n","protected":false},"excerpt":{"rendered":"<p>Departamento de Pastoral nas Escolas &nbsp; Coordenador do Departamento: S\u00e9rgio Manuel de Jesus Martins, Professor destacado &nbsp; C\u00e2ndida Nat\u00e1lia Sousa Duarte, Professora no Col\u00e9gio Nossa Senhora da Assun\u00e7\u00e3o (Famalic\u00e3o) Filipe Ricardo Pereira Tavares, Professor no Agrupamento de Escolas de \u00cdlhavo Isabel Maria Soares dos Santos, Professora no Agrupamento de Escolas de Albergaria-\u00e0-Velha Liliana de Almeida Ventura, Professora no Agrupamento de [&hellip;]<\/p>\n","protected":false},"author":1,"featured_media":0,"parent":62,"menu_order":0,"comment_status":"closed","ping_status":"closed","template":"","meta":{"footnotes":""},"_links":{"self":[{"href":"https:\/\/diocese-aveiro.pt\/emrc\/wp-json\/wp\/v2\/pages\/19"}],"collection":[{"href":"https:\/\/diocese-aveiro.pt\/emrc\/wp-json\/wp\/v2\/pages"}],"about":[{"href":"https:\/\/diocese-aveiro.pt\/emrc\/wp-json\/wp\/v2\/types\/page"}],"author":[{"embeddable":true,"href":"https:\/\/diocese-aveiro.pt\/emrc\/wp-json\/wp\/v2\/users\/1"}],"replies":[{"embeddable":true,"href":"https:\/\/diocese-aveiro.pt\/emrc\/wp-json\/wp\/v2\/comments?post=19"}],"version-history":[{"count":11,"href":"https:\/\/diocese-aveiro.pt\/emrc\/wp-json\/wp\/v2\/pages\/19\/revisions"}],"predecessor-version":[{"id":1792,"href":"https:\/\/diocese-aveiro.pt\/emrc\/wp-json\/wp\/v2\/pages\/19\/revisions\/1792"}],"up":[{"embeddable":true,"href":"https:\/\/diocese-aveiro.pt\/emrc\/wp-json\/wp\/v2\/pages\/62"}],"wp:attachment":[{"href":"https:\/\/diocese-aveiro.pt\/emrc\/wp-json\/wp\/v2\/media?parent=19"}],"curies":[{"name":"wp","href":"https:\/\/api.w.org\/{rel}","templated":true}]}}

<h2>Departamento de Pastoral nas Escolas</h2>
<p>&nbsp;</p>
<p><strong>Coordenador do Departamento:</strong> Sérgio Manuel de Jesus Martins, Professor destacado</p>
<p>&nbsp;</p>
<p>Cândida Natália Sousa Duarte, Professora no Colégio Nossa Senhora da Assunção (Famalicão)</p>
<p>Filipe Ricardo Pereira Tavares, Professor no Agrupamento de Escolas de Ílhavo</p>
<p>Isabel Maria Soares dos Santos, Professora no Agrupamento de Escolas de Albergaria-à-Velha</p>
<p>Liliana de Almeida Ventura, Professora no Agrupamento de Escolas Dr. Mário Sacramento (Aveiro)</p>
<p>Maria João de Carvalho Ramos Dias, Professora na Escola Secundária  Adolfo Portela &#8211; Águeda</p>
<p>Sérgio Óscar Marques Faria, Professor no Agrupamento de Escolas José Estêvão &#8211; Aveiro</p>
<p>Vitor Jesus Ferreira da Silva, Professor no Agrupamento de Escolas de Oliveira do Bairro</p>
<p>&nbsp;</p>
<p><strong>Responsável da Escola Católica:</strong> Cândida Natália Sousa Duarte</p>
<p>&nbsp;</p>

<p>Departamento de Pastoral nas Escolas &nbsp; Coordenador do Departamento: Sérgio Manuel de Jesus Martins, Professor destacado &nbsp; Cândida Natália Sousa Duarte, Professora no Colégio Nossa Senhora da Assunção (Famalicão) Filipe Ricardo Pereira Tavares, Professor no Agrupamento de Escolas de Ílhavo Isabel Maria Soares dos Santos, Professora no Agrupamento de Escolas de Albergaria-à-Velha Liliana de Almeida Ventura, Professora no Agrupamento de [&hellip;]</p>
