{"id":1108,"date":"2020-10-01T18:23:59","date_gmt":"2020-10-01T17:23:59","guid":{"rendered":"https:\/\/diocese-aveiro.pt\/emrc\/?page_id=1108"},"modified":"2020-10-01T18:29:42","modified_gmt":"2020-10-01T17:29:42","slug":"nota-pastoral-para-a-semana-nacional-da-educacao-crista-2020","status":"publish","type":"page","link":"https:\/\/diocese-aveiro.pt\/emrc\/documentos\/nota-pastoral-para-a-semana-nacional-da-educacao-crista-2020\/","title":{"rendered":"Nota Pastoral para a semana Nacional da Educa\u00e7\u00e3o Crist\u00e3 2020"},"content":{"rendered":"<figure id=\"attachment_1109\" aria-describedby=\"caption-attachment-1109\" style=\"width: 565px\" class=\"wp-caption aligncenter\"><img fetchpriority=\"high\" decoding=\"async\" class=\"size-full wp-image-1109\" src=\"https:\/\/diocese-aveiro.pt\/emrc\/wp-content\/uploads\/2020\/10\/Crist\u00f3v\u00e3o_de_Figueiredo_-_Menino_de_Jesus_entre_os_Doutores.jpg\" alt=\"\" width=\"565\" height=\"475\" \/><figcaption id=\"caption-attachment-1109\" class=\"wp-caption-text\">Menino Jesus entre os doutores, Crist\u00f3v\u00e3o de Figueiredo, Museu de Arte Antiga (Lisboa)<\/figcaption><\/figure>\n<p>&nbsp;<\/p>\n<h1 style=\"text-align: center;\"><strong>Fortalecer e apoiar a Fam\u00edlia, Igreja Dom\u00e9stica<\/strong><\/h1>\n<h2 style=\"text-align: center;\"><strong>NOTA PASTORAL<\/strong><\/h2>\n<h3 style=\"text-align: center;\"><strong>Comiss\u00e3o Episcopal da Educa\u00e7\u00e3o Crist\u00e3 e Doutrina da F\u00e9<\/strong><\/h3>\n<h3 style=\"text-align: center;\"><strong>SEMANA NACIONAL DA EDUCA\u00c7\u00c3O CRIST\u00c3<\/strong><\/h3>\n<h3 style=\"text-align: center;\"><strong>18 a 25 de outubro de 2020<\/strong><\/h3>\n<p>No in\u00edcio de um novo ano pastoral e escolar, a Comiss\u00e3o Episcopal da Educa\u00e7\u00e3o Crist\u00e3 e Doutrina da F\u00e9 dirige a todos os obreiros da educa\u00e7\u00e3o crist\u00e3 uma mensagem de apre\u00e7o e incentivo pela dedica\u00e7\u00e3o e coragem com que abra\u00e7am este desafio em tempos de incerteza e de dificuldades variadas. Invoquemos a gra\u00e7a do Senhor Jesus e a luz do Esp\u00edrito Santo para encontrarmos caminhos novos para a situa\u00e7\u00e3o presente.<\/p>\n<ol>\n<li><strong> Agarrar-se ao essencial<\/strong><\/li>\n<\/ol>\n<p>Este tempo de pandemia veio trazer-nos a experi\u00eancia do distanciamento de forma surpreendente e inusitada; uma paragem no ritmo acelerado dos afazeres e no suceder de (pre)ocupa\u00e7\u00f5es. Uma experi\u00eancia que reduziu ou empobreceu muitas dimens\u00f5es da vida humana de grande significado e riqueza, como o conv\u00edvio social, as assembleias religiosas, a alegria das festas, o buli\u00e7o das crian\u00e7as. Provocou uma \u201cnova normalidade\u201d com repercuss\u00f5es na transmiss\u00e3o da f\u00e9 e na sua viv\u00eancia. Ajudou-nos a prestar aten\u00e7\u00e3o ao interior de n\u00f3s mesmos, a cultivar a espiritualidade, a apreciar as realidades simples e quotidianas como a beleza do universo, a amizade, a comunica\u00e7\u00e3o com os outros, com a natureza criada e com a vida. Desafiou-nos a descobrir e a ter tempo para o essencial. Em muitos casos impulsionou para um olhar e um cuidado generoso e criativo no servi\u00e7o aos mais fr\u00e1geis e desprotegidos. Por outro lado, houve uma valoriza\u00e7\u00e3o das redes sociais como espa\u00e7o fecundo de contacto interpessoal, possibilitando reduzir o distanciamento, transmitir o afeto, apoiar a educa\u00e7\u00e3o, mitigar a solid\u00e3o. Fizemo-nos pr\u00f3ximos, reinvent\u00e1mos e ampli\u00e1mos possibilidades de propostas de forma\u00e7\u00e3o crist\u00e3, de ora\u00e7\u00e3o e de celebra\u00e7\u00e3o. Permanece a imagem do Papa Francisco, s\u00f3, na imensa pra\u00e7a de S\u00e3o Pedro, testemunho e convite a caminharmos com coragem e esperan\u00e7a em Deus.<\/p>\n<ol start=\"2\">\n<li><strong> A fam\u00edlia, um bem essencial<\/strong><\/li>\n<\/ol>\n<p>Foi um tempo que veio, mais uma vez, evidenciar a import\u00e2ncia fundamental da fam\u00edlia na transmiss\u00e3o da vida e dos valores humanos e crist\u00e3os, assim como da sua fun\u00e7\u00e3o insubstitu\u00edvel na constru\u00e7\u00e3o de la\u00e7os, na educa\u00e7\u00e3o dos afetos, no acolhimento m\u00fatuo. Ela foi o ref\u00fagio e o apoio das pessoas amea\u00e7adas por este flagelo.<\/p>\n<p>Dioceses, par\u00f3quias e escolas procuraram sensibilizar e apoiar as fam\u00edlias a viver a liturgia e a ora\u00e7\u00e3o quotidianas e a intensificar a sua participa\u00e7\u00e3o na educa\u00e7\u00e3o formal dos filhos. Deste modo, a Igreja prestou maior aten\u00e7\u00e3o e colabora\u00e7\u00e3o \u00e0 fam\u00edlia, \u201cIgreja Dom\u00e9stica\u201d. N\u00e3o apenas para a ensinar, mas tamb\u00e9m para aprender com ela a exercer a miss\u00e3o eclesial de \u201chospital de campanha\u201d, acolhendo a Cristo e aos irm\u00e3os na nossa vida de todos os dias.<\/p>\n<ol start=\"3\">\n<li><strong> A fam\u00edlia crist\u00e3 no \u201cnovo normal\u201d<\/strong><\/li>\n<\/ol>\n<p>A nova normalidade, criada pela pandemia, pede-nos para olhar e preparar um futuro diferente e redescobrir nesse horizonte o lugar fundamental da fam\u00edlia.<\/p>\n<p>Na verdade, o individualismo e a descren\u00e7a da cultura moderna penetraram tamb\u00e9m nas fam\u00edlias e amea\u00e7am a sua unidade, harmonia, estabilidade. Esta situa\u00e7\u00e3o desafia-nos a cultivar mais profundamente a espiritualidade pessoal, em fam\u00edlia e em pequenos grupos, na linha da promessa de Jesus: \u201conde est\u00e3o dois ou tr\u00eas reunidos em meu nome a\u00ed estou Eu no meio deles\u201d (Mt 18, 20).<\/p>\n<p>Fortalecer a fam\u00edlia como lugar eclesial da presen\u00e7a de Deus onde se vive, celebra e transmite a f\u00e9 \u00e9 um caminho a percorrer hoje. Assim pensa tamb\u00e9m o sacerdote e te\u00f3logo jesu\u00edta, Miguel Ya\u00f1ez: \u201c<em>Creio que a crise da pandemia nos d\u00e1 a oportunidade de voltar a pensar no protagonismo dos leigos, na fun\u00e7\u00e3o primordial da fam\u00edlia na viv\u00eancia e na transmiss\u00e3o da f\u00e9, portanto da sua fun\u00e7\u00e3o sacerdotal, que n\u00e3o se reduz ao lit\u00fargico mas abarca toda a a\u00e7\u00e3o solid\u00e1ria que est\u00e3o a realizar e sobretudo a contemplar na fam\u00edlia o modelo da Igreja na sua capacidade de compreens\u00e3o, de di\u00e1logo, de m\u00fatuo apoio e de integra\u00e7\u00e3o\u201d.<\/em><\/p>\n<p>Entre n\u00f3s, a Catequese, a Educa\u00e7\u00e3o Moral e Religiosa Cat\u00f3lica (EMRC) e a Escola Cat\u00f3lica t\u00eam prestado aten\u00e7\u00e3o e cuidado \u00e0 fam\u00edlia, na sua miss\u00e3o evangelizadora, com propostas v\u00e1lidas para apoiar a sua miss\u00e3o educativa. Perante as circunst\u00e2ncias presentes, e abertos \u00e0 luz do Esp\u00edrito, torna-se imperioso aprofund\u00e1-las e abrir caminhos para o futuro.<\/p>\n<ol start=\"4\">\n<li><strong> Caminhos a percorrer<\/strong><\/li>\n<\/ol>\n<p>Tendo presente o percurso j\u00e1 realizado, indicamos algumas propostas para fortalecer a fam\u00edlia como Igreja Dom\u00e9stica. As comunidades crist\u00e3s e realidades educativas acompanhadas pelos Secretariados Diocesanos procurar\u00e3o concretizar e partilhar.<\/p>\n<ol>\n<li>Escutar as fam\u00edlias, as suas sugest\u00f5es, descobrir as suas dificuldades e \u00eaxitos alcan\u00e7ados, dever\u00e1 ser uma pedagogia constante nas reuni\u00f5es e encontros. Para se tornar pr\u00e1tica e enriquecedora, essa escuta precisa de ser programada e apoiada em quest\u00f5es concretas. O momento de escuta prepara e desperta interesse para o momento de proposta.<\/li>\n<li>Outra preocupa\u00e7\u00e3o de fundo no apoio \u00e0 fam\u00edlia \u00e9 a sinodalidade. Pede-se que os educadores crist\u00e3os cultivem uma rela\u00e7\u00e3o cordial, de proximidade e de abertura uns com os outros, com a comunidade, com a fam\u00edlia e com as Institui\u00e7\u00f5es educativas e chamem mesmo novos colaboradores. Na din\u00e2mica sinodal a proximidade vivida no pequeno grupo e nos movimentos constitui uma preciosa oportunidade no aprofundamento da f\u00e9, no apoio e no est\u00edmulo m\u00fatuos, em vista ao encontro pessoal e comunit\u00e1rio com o Deus da Vida.<\/li>\n<li>Outra proposta a ter sempre presente \u00e9 a necessidade de consciencializar as fam\u00edlias de que estamos a viver uma mudan\u00e7a de \u00e9poca e, portanto, precisamos de descobrir em conjunto caminhos novos para preparar o futuro. N\u00e3o \u00e9 com um regresso ao passado, como alguns sonham, mas com um discernimento l\u00facido dos sinais dos tempos e com a colabora\u00e7\u00e3o esclarecida de todos que podemos promover a forma\u00e7\u00e3o humana e crist\u00e3 nas diferentes realidades educativas. Para descobrir caminhos novos s\u00e3o importantes testemunhos concretos vividos e apresentados por fam\u00edlias.<\/li>\n<li>A dimens\u00e3o espiritual ou m\u00edstica precisa de estar sempre presente nos momentos de encontro familiar e nas reuni\u00f5es de forma\u00e7\u00e3o dos pais. A prepara\u00e7\u00e3o dos pais para as festas da catequese dever\u00e1 privilegiar esta dimens\u00e3o, atrav\u00e9s de um retiro, ou de exerc\u00edcios espirituais adequados (por exemplo <em>lectio divina<\/em> para preparar a festa da entrega da Palavra). N\u00e3o podemos cansar-nos de recomendar tamb\u00e9m a ora\u00e7\u00e3o em fam\u00edlia e oferecer elementos adequados colhidos na Sagrada Escritura ou na piedade popular.<\/li>\n<li>Proporcionar \u00e0s comunidades e \u00e0s fam\u00edlias subs\u00eddios digitais de qualidade, pr\u00e1ticos e acess\u00edveis para a educa\u00e7\u00e3o crist\u00e3. Dialogar com as fam\u00edlias a possibilidade de alternar a catequese presencial na par\u00f3quia com a forma\u00e7\u00e3o em fam\u00edlia sem esquecer a necessidade da sistematiza\u00e7\u00e3o da forma\u00e7\u00e3o que identifica a catequese.<\/li>\n<\/ol>\n<p>As experi\u00eancias vividas nestes \u00faltimos tempos despertaram in\u00fameras fam\u00edlias para a dimens\u00e3o espiritual da vida e motivou para um maior envolvimento na educa\u00e7\u00e3o religiosa dos filhos, real\u00e7ando a dimens\u00e3o vivencial e n\u00e3o tanto a doutrinal. \u00c9 um princ\u00edpio que pode e deve ser desenvolvido por um acompanhamento mais pr\u00f3ximo das fam\u00edlias por parte das comunidades. \u00c9 um desafio de ser Igreja e o desejo de construir um mundo fraterno e belo.<\/p>\n<p>&nbsp;<\/p>\n<p style=\"text-align: right;\">Dia de Santa Teresa do Menino Jesus, doutora da Igreja.<\/p>\n<pre style=\"text-align: right;\">Lisboa, 1 de outubro de 2020\r\n\r\n\r\n<\/pre>\n<p>Nota Pastoral para a Semana Nacional da Educa\u00e7\u00e3o Crist\u00e3 2020:<\/p>\n<p>Download do Documento.<\/p>\n<p><a href=\"https:\/\/diocese-aveiro.pt\/emrc\/wp-content\/uploads\/2020\/10\/NOTA-DA-COMISS\u00c3O-EPISC-EDU-CRIST\u00c3-2020.pdf\">NOTA DA COMISS\u00c3O EPISCUPAL DA\u00a0 EDUCA\u00c7\u00c3O CRIST\u00c3 2020<\/a><\/p>\n","protected":false},"excerpt":{"rendered":"<p>&nbsp; Fortalecer e apoiar a Fam\u00edlia, Igreja Dom\u00e9stica NOTA PASTORAL Comiss\u00e3o Episcopal da Educa\u00e7\u00e3o Crist\u00e3 e Doutrina da F\u00e9 SEMANA NACIONAL DA EDUCA\u00c7\u00c3O CRIST\u00c3 18 a 25 de outubro de 2020 No in\u00edcio de um novo ano pastoral e escolar, a Comiss\u00e3o Episcopal da Educa\u00e7\u00e3o Crist\u00e3 e Doutrina da F\u00e9 dirige a todos os obreiros da educa\u00e7\u00e3o crist\u00e3 uma mensagem [&hellip;]<\/p>\n","protected":false},"author":1,"featured_media":1109,"parent":494,"menu_order":0,"comment_status":"closed","ping_status":"closed","template":"","meta":{"footnotes":""},"_links":{"self":[{"href":"https:\/\/diocese-aveiro.pt\/emrc\/wp-json\/wp\/v2\/pages\/1108"}],"collection":[{"href":"https:\/\/diocese-aveiro.pt\/emrc\/wp-json\/wp\/v2\/pages"}],"about":[{"href":"https:\/\/diocese-aveiro.pt\/emrc\/wp-json\/wp\/v2\/types\/page"}],"author":[{"embeddable":true,"href":"https:\/\/diocese-aveiro.pt\/emrc\/wp-json\/wp\/v2\/users\/1"}],"replies":[{"embeddable":true,"href":"https:\/\/diocese-aveiro.pt\/emrc\/wp-json\/wp\/v2\/comments?post=1108"}],"version-history":[{"count":3,"href":"https:\/\/diocese-aveiro.pt\/emrc\/wp-json\/wp\/v2\/pages\/1108\/revisions"}],"predecessor-version":[{"id":1113,"href":"https:\/\/diocese-aveiro.pt\/emrc\/wp-json\/wp\/v2\/pages\/1108\/revisions\/1113"}],"up":[{"embeddable":true,"href":"https:\/\/diocese-aveiro.pt\/emrc\/wp-json\/wp\/v2\/pages\/494"}],"wp:featuredmedia":[{"embeddable":true,"href":"https:\/\/diocese-aveiro.pt\/emrc\/wp-json\/wp\/v2\/media\/1109"}],"wp:attachment":[{"href":"https:\/\/diocese-aveiro.pt\/emrc\/wp-json\/wp\/v2\/media?parent=1108"}],"curies":[{"name":"wp","href":"https:\/\/api.w.org\/{rel}","templated":true}]}}

Nota Pastoral para a semana Nacional da Educação Cristã 2020

<figure id="attachment_1109" aria-describedby="caption-attachment-1109" style="width: 565px" class="wp-caption aligncenter"><img fetchpriority="high" decoding="async" class="size-full wp-image-1109" src="https://diocese-aveiro.pt/emrc/wp-content/uploads/2020/10/Cristóvão_de_Figueiredo_-_Menino_de_Jesus_entre_os_Doutores.jpg" alt="" width="565" height="475" /><figcaption id="caption-attachment-1109" class="wp-caption-text">Menino Jesus entre os doutores, Cristóvão de Figueiredo, Museu de Arte Antiga (Lisboa)</figcaption></figure>
<p>&nbsp;</p>
<h1 style="text-align: center;"><strong>Fortalecer e apoiar a Família, Igreja Doméstica</strong></h1>
<h2 style="text-align: center;"><strong>NOTA PASTORAL</strong></h2>
<h3 style="text-align: center;"><strong>Comissão Episcopal da Educação Cristã e Doutrina da Fé</strong></h3>
<h3 style="text-align: center;"><strong>SEMANA NACIONAL DA EDUCAÇÃO CRISTÃ</strong></h3>
<h3 style="text-align: center;"><strong>18 a 25 de outubro de 2020</strong></h3>
<p>No início de um novo ano pastoral e escolar, a Comissão Episcopal da Educação Cristã e Doutrina da Fé dirige a todos os obreiros da educação cristã uma mensagem de apreço e incentivo pela dedicação e coragem com que abraçam este desafio em tempos de incerteza e de dificuldades variadas. Invoquemos a graça do Senhor Jesus e a luz do Espírito Santo para encontrarmos caminhos novos para a situação presente.</p>
<ol>
<li><strong> Agarrar-se ao essencial</strong></li>
</ol>
<p>Este tempo de pandemia veio trazer-nos a experiência do distanciamento de forma surpreendente e inusitada; uma paragem no ritmo acelerado dos afazeres e no suceder de (pre)ocupações. Uma experiência que reduziu ou empobreceu muitas dimensões da vida humana de grande significado e riqueza, como o convívio social, as assembleias religiosas, a alegria das festas, o buliço das crianças. Provocou uma “nova normalidade” com repercussões na transmissão da fé e na sua vivência. Ajudou-nos a prestar atenção ao interior de nós mesmos, a cultivar a espiritualidade, a apreciar as realidades simples e quotidianas como a beleza do universo, a amizade, a comunicação com os outros, com a natureza criada e com a vida. Desafiou-nos a descobrir e a ter tempo para o essencial. Em muitos casos impulsionou para um olhar e um cuidado generoso e criativo no serviço aos mais frágeis e desprotegidos. Por outro lado, houve uma valorização das redes sociais como espaço fecundo de contacto interpessoal, possibilitando reduzir o distanciamento, transmitir o afeto, apoiar a educação, mitigar a solidão. Fizemo-nos próximos, reinventámos e ampliámos possibilidades de propostas de formação cristã, de oração e de celebração. Permanece a imagem do Papa Francisco, só, na imensa praça de São Pedro, testemunho e convite a caminharmos com coragem e esperança em Deus.</p>
<ol start="2">
<li><strong> A família, um bem essencial</strong></li>
</ol>
<p>Foi um tempo que veio, mais uma vez, evidenciar a importância fundamental da família na transmissão da vida e dos valores humanos e cristãos, assim como da sua função insubstituível na construção de laços, na educação dos afetos, no acolhimento mútuo. Ela foi o refúgio e o apoio das pessoas ameaçadas por este flagelo.</p>
<p>Dioceses, paróquias e escolas procuraram sensibilizar e apoiar as famílias a viver a liturgia e a oração quotidianas e a intensificar a sua participação na educação formal dos filhos. Deste modo, a Igreja prestou maior atenção e colaboração à família, “Igreja Doméstica”. Não apenas para a ensinar, mas também para aprender com ela a exercer a missão eclesial de “hospital de campanha”, acolhendo a Cristo e aos irmãos na nossa vida de todos os dias.</p>
<ol start="3">
<li><strong> A família cristã no “novo normal”</strong></li>
</ol>
<p>A nova normalidade, criada pela pandemia, pede-nos para olhar e preparar um futuro diferente e redescobrir nesse horizonte o lugar fundamental da família.</p>
<p>Na verdade, o individualismo e a descrença da cultura moderna penetraram também nas famílias e ameaçam a sua unidade, harmonia, estabilidade. Esta situação desafia-nos a cultivar mais profundamente a espiritualidade pessoal, em família e em pequenos grupos, na linha da promessa de Jesus: “onde estão dois ou três reunidos em meu nome aí estou Eu no meio deles” (Mt 18, 20).</p>
<p>Fortalecer a família como lugar eclesial da presença de Deus onde se vive, celebra e transmite a fé é um caminho a percorrer hoje. Assim pensa também o sacerdote e teólogo jesuíta, Miguel Yañez: “<em>Creio que a crise da pandemia nos dá a oportunidade de voltar a pensar no protagonismo dos leigos, na função primordial da família na vivência e na transmissão da fé, portanto da sua função sacerdotal, que não se reduz ao litúrgico mas abarca toda a ação solidária que estão a realizar e sobretudo a contemplar na família o modelo da Igreja na sua capacidade de compreensão, de diálogo, de mútuo apoio e de integração”.</em></p>
<p>Entre nós, a Catequese, a Educação Moral e Religiosa Católica (EMRC) e a Escola Católica têm prestado atenção e cuidado à família, na sua missão evangelizadora, com propostas válidas para apoiar a sua missão educativa. Perante as circunstâncias presentes, e abertos à luz do Espírito, torna-se imperioso aprofundá-las e abrir caminhos para o futuro.</p>
<ol start="4">
<li><strong> Caminhos a percorrer</strong></li>
</ol>
<p>Tendo presente o percurso já realizado, indicamos algumas propostas para fortalecer a família como Igreja Doméstica. As comunidades cristãs e realidades educativas acompanhadas pelos Secretariados Diocesanos procurarão concretizar e partilhar.</p>
<ol>
<li>Escutar as famílias, as suas sugestões, descobrir as suas dificuldades e êxitos alcançados, deverá ser uma pedagogia constante nas reuniões e encontros. Para se tornar prática e enriquecedora, essa escuta precisa de ser programada e apoiada em questões concretas. O momento de escuta prepara e desperta interesse para o momento de proposta.</li>
<li>Outra preocupação de fundo no apoio à família é a sinodalidade. Pede-se que os educadores cristãos cultivem uma relação cordial, de proximidade e de abertura uns com os outros, com a comunidade, com a família e com as Instituições educativas e chamem mesmo novos colaboradores. Na dinâmica sinodal a proximidade vivida no pequeno grupo e nos movimentos constitui uma preciosa oportunidade no aprofundamento da fé, no apoio e no estímulo mútuos, em vista ao encontro pessoal e comunitário com o Deus da Vida.</li>
<li>Outra proposta a ter sempre presente é a necessidade de consciencializar as famílias de que estamos a viver uma mudança de época e, portanto, precisamos de descobrir em conjunto caminhos novos para preparar o futuro. Não é com um regresso ao passado, como alguns sonham, mas com um discernimento lúcido dos sinais dos tempos e com a colaboração esclarecida de todos que podemos promover a formação humana e cristã nas diferentes realidades educativas. Para descobrir caminhos novos são importantes testemunhos concretos vividos e apresentados por famílias.</li>
<li>A dimensão espiritual ou mística precisa de estar sempre presente nos momentos de encontro familiar e nas reuniões de formação dos pais. A preparação dos pais para as festas da catequese deverá privilegiar esta dimensão, através de um retiro, ou de exercícios espirituais adequados (por exemplo <em>lectio divina</em> para preparar a festa da entrega da Palavra). Não podemos cansar-nos de recomendar também a oração em família e oferecer elementos adequados colhidos na Sagrada Escritura ou na piedade popular.</li>
<li>Proporcionar às comunidades e às famílias subsídios digitais de qualidade, práticos e acessíveis para a educação cristã. Dialogar com as famílias a possibilidade de alternar a catequese presencial na paróquia com a formação em família sem esquecer a necessidade da sistematização da formação que identifica a catequese.</li>
</ol>
<p>As experiências vividas nestes últimos tempos despertaram inúmeras famílias para a dimensão espiritual da vida e motivou para um maior envolvimento na educação religiosa dos filhos, realçando a dimensão vivencial e não tanto a doutrinal. É um princípio que pode e deve ser desenvolvido por um acompanhamento mais próximo das famílias por parte das comunidades. É um desafio de ser Igreja e o desejo de construir um mundo fraterno e belo.</p>
<p>&nbsp;</p>
<p style="text-align: right;">Dia de Santa Teresa do Menino Jesus, doutora da Igreja.</p>
<pre style="text-align: right;">Lisboa, 1 de outubro de 2020


</pre>
<p>Nota Pastoral para a Semana Nacional da Educação Cristã 2020:</p>
<p>Download do Documento.</p>
<p><a href="https://diocese-aveiro.pt/emrc/wp-content/uploads/2020/10/NOTA-DA-COMISSÃO-EPISC-EDU-CRISTÃ-2020.pdf">NOTA DA COMISSÃO EPISCUPAL DA  EDUCAÇÃO CRISTÃ 2020</a></p>

<p>&nbsp; Fortalecer e apoiar a Família, Igreja Doméstica NOTA PASTORAL Comissão Episcopal da Educação Cristã e Doutrina da Fé SEMANA NACIONAL DA EDUCAÇÃO CRISTÃ 18 a 25 de outubro de 2020 No início de um novo ano pastoral e escolar, a Comissão Episcopal da Educação Cristã e Doutrina da Fé dirige a todos os obreiros da educação cristã uma mensagem [&hellip;]</p>
