{"id":9,"date":"2016-09-13T10:19:07","date_gmt":"2016-09-13T10:19:07","guid":{"rendered":"http:\/\/diocese-aveiro.pt\/cultura\/?page_id=9"},"modified":"2025-01-21T11:02:29","modified_gmt":"2025-01-21T11:02:29","slug":"objetivos","status":"publish","type":"page","link":"https:\/\/diocese-aveiro.pt\/cultura\/a-comissao\/objetivos\/","title":{"rendered":"OBJETIVOS"},"content":{"rendered":"<p style=\"text-align: justify;\">A cultura \u00e9 o pulsar dos povos. A etimologia da palavra mostra que nela se repercute a for\u00e7a do amanh\u00e3. Enquanto partic\u00edpio futuro de um verbo latino que fala de colheita e cultivo, a palavra \u00abcultura\u00bb expressa a import\u00e2ncia da mem\u00f3ria como condi\u00e7\u00e3o de constru\u00e7\u00e3o de qualquer identidade projetada para o futuro.<\/p>\n<p style=\"text-align: justify;\">Como se n\u00e3o bastasse o dinamismo que a ideia de cultura exprime, acresce a esta constata\u00e7\u00e3o o reconhecimento de que o Cristianismo \u00e9 uma religi\u00e3o que se define, geneticamente, como uma religi\u00e3o encarnada: \u00abnada do que \u00e9 humano lhe \u00e9 estranho\u00bb (Ter\u00eancio), pois \u00aba gl\u00f3ria de Deus \u00e9 o homem vivo\u00bb (S. Ireneu de Lyon).<\/p>\n<p style=\"text-align: justify;\">Nesta conflu\u00eancia, o trabalho de uma comiss\u00e3o diocesana da cultura n\u00e3o pode sen\u00e3o entender-se como algo fundamental e nunca marginal \u00e0 a\u00e7\u00e3o da Igreja. Perder a cultura \u00e9 perder a humanidade. Aqui se situar\u00e1 a a\u00e7\u00e3o desta comiss\u00e3o, nomeada em setembro de 2024 pelo Bispo de Aveiro, D. Ant\u00f3nio Moiteiro.<\/p>\n<p style=\"text-align: justify;\">A comiss\u00e3o diocesana da cultura, enquanto estrutura da a\u00e7\u00e3o pastoral diocesana, foi fundada por decreto do ent\u00e3o Bispo de Aveiro, D. Ant\u00f3nio Marcelino, datado de 25 de agosto de 2005, cabendo-lhe, entre outras fun\u00e7\u00f5es, a publica\u00e7\u00e3o da revista Igreja Aveirense, e visando concretizar, como mais sublimes objetivos, a promo\u00e7\u00e3o do di\u00e1logo entre a Igreja e a Cultura e a valoriza\u00e7\u00e3o da diversidade de express\u00f5es culturais presentes no territ\u00f3rio desta diocese.<\/p>\n<p style=\"text-align: right;\">Lu\u00eds Manuel Pereira da Silva<\/p>\n<p style=\"text-align: right;\">(Presidente da Comiss\u00e3o Diocesana da Cultura)<\/p>\n<p style=\"text-align: justify;\">Objetivos fundamentais:<\/p>\n<ol>\n<li style=\"text-align: justify;\">Proteger as marcas crist\u00e3s existentes na cultura ocidental em que Portugal se situa e a diocese de Aveiro se integra.<\/li>\n<li style=\"text-align: justify;\">Promover a cria\u00e7\u00e3o de novos contextos e novas marcas da cultura crist\u00e3.<\/li>\n<li style=\"text-align: justify;\">Difundir a especificidade da cultura crist\u00e3 e a sua natureza humanista e humanizadora.<\/li>\n<li style=\"text-align: justify;\">Promover o encontro entre a cultura crist\u00e3 e outras matrizes culturais.<\/li>\n<\/ol>\n","protected":false},"excerpt":{"rendered":"<p>A cultura \u00e9<\/p>\n","protected":false},"author":1,"featured_media":0,"parent":5,"menu_order":0,"comment_status":"closed","ping_status":"closed","template":"","meta":{"footnotes":""},"class_list":["post-9","page","type-page","status-publish","hentry"],"_links":{"self":[{"href":"https:\/\/diocese-aveiro.pt\/cultura\/wp-json\/wp\/v2\/pages\/9","targetHints":{"allow":["GET"]}}],"collection":[{"href":"https:\/\/diocese-aveiro.pt\/cultura\/wp-json\/wp\/v2\/pages"}],"about":[{"href":"https:\/\/diocese-aveiro.pt\/cultura\/wp-json\/wp\/v2\/types\/page"}],"author":[{"embeddable":true,"href":"https:\/\/diocese-aveiro.pt\/cultura\/wp-json\/wp\/v2\/users\/1"}],"replies":[{"embeddable":true,"href":"https:\/\/diocese-aveiro.pt\/cultura\/wp-json\/wp\/v2\/comments?post=9"}],"version-history":[{"count":6,"href":"https:\/\/diocese-aveiro.pt\/cultura\/wp-json\/wp\/v2\/pages\/9\/revisions"}],"predecessor-version":[{"id":18738,"href":"https:\/\/diocese-aveiro.pt\/cultura\/wp-json\/wp\/v2\/pages\/9\/revisions\/18738"}],"up":[{"embeddable":true,"href":"https:\/\/diocese-aveiro.pt\/cultura\/wp-json\/wp\/v2\/pages\/5"}],"wp:attachment":[{"href":"https:\/\/diocese-aveiro.pt\/cultura\/wp-json\/wp\/v2\/media?parent=9"}],"curies":[{"name":"wp","href":"https:\/\/api.w.org\/{rel}","templated":true}]}}

<p style="text-align: justify;">A cultura é o pulsar dos povos. A etimologia da palavra mostra que nela se repercute a força do amanhã. Enquanto particípio futuro de um verbo latino que fala de colheita e cultivo, a palavra «cultura» expressa a importância da memória como condição de construção de qualquer identidade projetada para o futuro.</p>
<p style="text-align: justify;">Como se não bastasse o dinamismo que a ideia de cultura exprime, acresce a esta constatação o reconhecimento de que o Cristianismo é uma religião que se define, geneticamente, como uma religião encarnada: «nada do que é humano lhe é estranho» (Terêncio), pois «a glória de Deus é o homem vivo» (S. Ireneu de Lyon).</p>
<p style="text-align: justify;">Nesta confluência, o trabalho de uma comissão diocesana da cultura não pode senão entender-se como algo fundamental e nunca marginal à ação da Igreja. Perder a cultura é perder a humanidade. Aqui se situará a ação desta comissão, nomeada em setembro de 2024 pelo Bispo de Aveiro, D. António Moiteiro.</p>
<p style="text-align: justify;">A comissão diocesana da cultura, enquanto estrutura da ação pastoral diocesana, foi fundada por decreto do então Bispo de Aveiro, D. António Marcelino, datado de 25 de agosto de 2005, cabendo-lhe, entre outras funções, a publicação da revista Igreja Aveirense, e visando concretizar, como mais sublimes objetivos, a promoção do diálogo entre a Igreja e a Cultura e a valorização da diversidade de expressões culturais presentes no território desta diocese.</p>
<p style="text-align: right;">Luís Manuel Pereira da Silva</p>
<p style="text-align: right;">(Presidente da Comissão Diocesana da Cultura)</p>
<p style="text-align: justify;">Objetivos fundamentais:</p>
<ol>
<li style="text-align: justify;">Proteger as marcas cristãs existentes na cultura ocidental em que Portugal se situa e a diocese de Aveiro se integra.</li>
<li style="text-align: justify;">Promover a criação de novos contextos e novas marcas da cultura cristã.</li>
<li style="text-align: justify;">Difundir a especificidade da cultura cristã e a sua natureza humanista e humanizadora.</li>
<li style="text-align: justify;">Promover o encontro entre a cultura cristã e outras matrizes culturais.</li>
</ol>

<p>A cultura é</p>
