{"id":4304,"date":"2018-07-17T10:02:10","date_gmt":"2018-07-17T09:02:10","guid":{"rendered":"http:\/\/diocese-aveiro.pt\/cultura\/?page_id=4304"},"modified":"2018-07-17T10:02:10","modified_gmt":"2018-07-17T09:02:10","slug":"politica-de-privacidade","status":"publish","type":"page","link":"https:\/\/diocese-aveiro.pt\/cultura\/politica-de-privacidade\/","title":{"rendered":"Pol\u00edtica de privacidade"},"content":{"rendered":"<p style=\"text-align: justify;\"><strong>Condi\u00e7\u00f5es de utiliza\u00e7\u00e3o<\/strong><\/p>\n<p style=\"text-align: justify;\">Antes de aceder e utilizar o site, leia atentamente os Termos e Condi\u00e7\u00f5es. Mediante o acesso e utiliza\u00e7\u00e3o deste site, o utilizador declara ter lido, compreendido e aceite os\u00a0<em>Termos e Condi\u00e7\u00f5es <\/em>abaixo descritos, sem necessidade de qualquer ato ou consentimento posterior.<\/p>\n<p style=\"text-align: justify;\">O acesso e a utiliza\u00e7\u00e3o das Apps da Diocese de Aveiro s\u00e3o igualmente reguladas por estes\u00a0<em>Termos e Condi\u00e7\u00f5es<\/em>\u00a0na medida do aplic\u00e1vel e com as devidas adapta\u00e7\u00f5es.<\/p>\n<p style=\"text-align: justify;\">Os\u00a0<em>Termos e Condi\u00e7\u00f5es<\/em>\u00a0poder\u00e3o ser alterados em qualquer momento por decis\u00e3o da Diocese de Aveiro, considerando-se que as altera\u00e7\u00f5es entram em vigor a partir da data da sua coloca\u00e7\u00e3o no site. O acesso e a utiliza\u00e7\u00e3o posteriores do site ou Apps pelo utilizador ser\u00e3o considerados como um sinal inequ\u00edvoco de que o mesmo leu, aceitou e compreendeu os <em>Termos e Condi\u00e7\u00f5es<\/em>\u00a0alterados.<\/p>\n<p style=\"text-align: justify;\">POL\u00cdTICA DE PRIVACIDADE<\/p>\n<p style=\"text-align: justify;\">A Diocese de Aveiro est\u00e1 fortemente empenhada em respeitar a privacidade dos seus utilizadores. Por este motivo, elaborou a seguinte Pol\u00edtica de Privacidade para o informar devidamente como o site funciona e como a sua informa\u00e7\u00e3o pessoal \u00e9 tratada.<\/p>\n<p style=\"text-align: justify;\">Qualquer altera\u00e7\u00e3o \u00e0 nossa Pol\u00edtica de Privacidade, posterior ao seu envio ativo de dados pessoais, e que coloque em causa os fins para os quais os cedeu, ser\u00e1 do seu conhecimento, se para isso nos tiver disponibilizado uma forma de contato.<\/p>\n<p style=\"text-align: justify;\"><strong>Informa\u00e7\u00f5es Pessoais Recolhidas<\/strong><\/p>\n<p style=\"text-align: justify;\">Quando visita o nosso site e subscreve alguma das funcionalidades dispon\u00edveis, necessitamos de recolher alguns dos seus dados pessoais para lhe podermos remeter a informa\u00e7\u00e3o ou esclarecimento que nos solicitou.<\/p>\n<p style=\"text-align: justify;\">N\u00e3o recolhemos informa\u00e7\u00e3o pessoal que o possa identificar ou que diga respeito a elementos pessoais seus, sem o seu consentimento. Podemos, deste modo, recolher e guardar informa\u00e7\u00e3o que voluntariamente decidiu fornecer-nos, incluindo, mas n\u00e3o limitando, informa\u00e7\u00e3o pessoal individualizada, como o seu nome e email.<\/p>\n<p style=\"text-align: justify;\">O uso do m\u00f3dulo \u201cHor\u00e1rio das Missas\u201d requer informa\u00e7\u00f5es relativas \u00e0 sua localiza\u00e7\u00e3o, tais como coordenadas GPS ou localiza\u00e7\u00e3o mediante o IP. Ao utilizar este servi\u00e7o, est\u00e1 a autorizar-nos a recolher estas informa\u00e7\u00f5es.<\/p>\n<p style=\"text-align: justify;\">Caso seja necess\u00e1rio que nos providencie informa\u00e7\u00e3o pessoal para aceder a algum tipo de funcionalidades, ser\u00e1 expressamente informado de como essa informa\u00e7\u00e3o ser\u00e1 utilizada.<\/p>\n<p style=\"text-align: justify;\"><strong>Conserva\u00e7\u00e3o de Informa\u00e7\u00e3o Pessoal<\/strong><\/p>\n<p style=\"text-align: justify;\">Ap\u00f3s a recolha de informa\u00e7\u00e3o pessoal individualizada que voluntariamente nos transmitiu, a Diocese de Aveiro proceder\u00e1 \u00e0 sua conserva\u00e7\u00e3o e manuten\u00e7\u00e3o at\u00e9 instru\u00e7\u00f5es suas em contr\u00e1rio, ou at\u00e9 que a lei exija a respetiva elimina\u00e7\u00e3o. A conserva\u00e7\u00e3o dessa informa\u00e7\u00e3o permite que a Diocese de Aveiro continue a fornecer-lhe servi\u00e7os personalizados sem interrup\u00e7\u00e3o.<\/p>\n<p style=\"text-align: justify;\">Qualquer utilizador poder\u00e1 livremente optar por fornecer, ou n\u00e3o, qualquer informa\u00e7\u00e3o pessoal individualizada.<\/p>\n<p style=\"text-align: justify;\">Nestes termos, caso n\u00e3o queira receber comunica\u00e7\u00f5es da parte da Diocese de Aveiro mesmo depois de nos ter fornecido os seus dados, por favor contacte-nos por e-mail para <a href=\"mailto:gicda@diocese-aveiro.pt\">gicda@diocese-aveiro.pt<\/a><\/p>\n<p style=\"text-align: justify;\"><strong>Seguran\u00e7a e Utiliza\u00e7\u00e3o da Informa\u00e7\u00e3o<\/strong><\/p>\n<p style=\"text-align: justify;\">A Diocese de Aveiro compromete-se a assegurar a privacidade dos visitantes do seu site na Internet.<\/p>\n<p style=\"text-align: justify;\">TRATAMENTO DOS DADOS<\/p>\n<p style=\"text-align: justify;\">1) A Diocese de Aveiro procede \u00e0 recolha e tratamento de dados pessoais dos seus visitantes, tais como:<\/p>\n<ul style=\"text-align: justify;\">\n<li>Nome<\/li>\n<li>Endere\u00e7o de correio eletr\u00f3nico (e-mail)<\/li>\n<li>O tratamento dos dados pessoais dos visitantes da Diocese de Aveiro \u00e9 da responsabilidade desta, consistindo numa opera\u00e7\u00e3o ou num conjunto de opera\u00e7\u00f5es efetuadas sobre aqueles dados pessoais, por meios automatizados ou n\u00e3o automatizados.<\/li>\n<\/ul>\n<p style=\"text-align: justify;\"><em>De acordo com o Regulamento (EU) 2016\/679 do Parlamento Europeu e do Conselho, de 27 de abril de 2016, qualquer visitante da Diocese de Aveiro tem o direito de:<\/em><\/p>\n<ul style=\"text-align: justify;\">\n<li>a qualquer momento, retirar ou alterar o consentimento prestado \u00e0 Diocese de Aveiro para o tratamento dos seus dados pessoais, com efeitos para o futuro<\/li>\n<li>ap\u00f3s a retirada do consentimento prestado \u00e0 Diocese de Aveiro, deixar de ser contactado para efeito de comunica\u00e7\u00f5es promocionais, de marketing e\/ou publicit\u00e1rias<\/li>\n<li>solicitar informa\u00e7\u00e3o acerca dos seus dados pessoais, a qualquer momento<\/li>\n<li>solicitar a corre\u00e7\u00e3o de qualquer dos seus dados pessoais fornecidos<\/li>\n<li>solicitar a portabilidade dos mesmos, para a entidade que, para esse efeito indicar<\/li>\n<li>solicitar a limita\u00e7\u00e3o de tratamento, apagamento ou mascaramento dos seus dados pessoais, e que n\u00e3o sejam necess\u00e1rios para o cumprimento de quaisquer obriga\u00e7\u00f5es legais da Diocese de Aveiro nomeadamente para efeitos de seguran\u00e7a e\/ou garantia legal ou contratual<\/li>\n<li>ser informado pela Diocese de Aveiro, caso esta, eventualmente, tiver a inten\u00e7\u00e3o de proceder ao tratamento dos seus dados pessoais para outros fins que n\u00e3o, os que, pelo presente concede o seu consentimento<\/li>\n<\/ul>\n<p style=\"text-align: justify;\">Para quaisquer informa\u00e7\u00f5es, assim como para o exerc\u00edcio dos direitos que lhes est\u00e3o legalmente conferidos, os visitantes devem contactar a Diocese de Aveiro, atrav\u00e9s do e-mail com o endere\u00e7o <a href=\"mailto:gicda@diocese-aveiro.pt\">gicda@diocese-aveiro.pt<\/a>.<\/p>\n<p style=\"text-align: justify;\">Decorre do exposto que os dados pessoais dos visitantes da Diocese de Aveiro podem ser alvo de tratamento automatizado de forma a adequar as comunica\u00e7\u00f5es promocionais, de marketing e\/ou publicit\u00e1rias a esses dados.<\/p>\n<p style=\"text-align: justify;\">A Diocese de Aveiro conservar\u00e1 os dados pessoais dos seus visitantes pelo per\u00edodo necess\u00e1rio \u00e0 realiza\u00e7\u00e3o dos contatos e cumprimento das obriga\u00e7\u00f5es legais.<\/p>\n<p style=\"text-align: justify;\">O Titular dos dados pessoais \u00e9 tamb\u00e9m plena e claramente informado que poder\u00e1 apresentar qualquer reclama\u00e7\u00e3o, quanto \u00e0 viola\u00e7\u00e3o dos seus direitos, junto da Comiss\u00e3o Nacional de Prote\u00e7\u00e3o de Dados.<\/p>\n<p style=\"text-align: justify;\">POL\u00cdTICA DE COOKIES<\/p>\n<p style=\"text-align: justify;\">Usamos cookies no nosso website para melhorar o desempenho e a sua experi\u00eancia como utilizador. Este documento explica como o fazemos.<\/p>\n<p style=\"text-align: justify;\"><strong>O que s\u00e3o cookies?<\/strong><\/p>\n<p style=\"text-align: justify;\">&#8220;Cookies&#8221; s\u00e3o pequenos ficheiros de texto que s\u00e3o armazenados no seu computador ou no seu dispositivo m\u00f3vel atrav\u00e9s do navegador de internet (browser), retendo apenas informa\u00e7\u00e3o relacionada com as suas prefer\u00eancias, n\u00e3o incluindo, como tal, os seus dados pessoais. A coloca\u00e7\u00e3o de cookies ajudar\u00e1 o website a reconhecer o seu dispositivo na pr\u00f3xima vez que o utilizador o visita.<\/p>\n<p style=\"text-align: justify;\">Usamos o termo cookies nesta pol\u00edtica para referir todos os ficheiros que recolhem informa\u00e7\u00f5es desta forma.<\/p>\n<p style=\"text-align: justify;\">Os cookies utilizados n\u00e3o recolhem informa\u00e7\u00e3o que identifica o utilizador. Os cookies recolhem informa\u00e7\u00f5es gen\u00e9ricas, designadamente a forma como os utilizadores chegam e utilizam os websites ou a zona do pa\u00eds\/pa\u00edses atrav\u00e9s do qual acedem ao website, etc.<\/p>\n<p style=\"text-align: justify;\">Os cookies ret\u00eam apenas informa\u00e7\u00e3o relacionada com as suas prefer\u00eancias. A qualquer momento o utilizador pode, atrav\u00e9s do seu navegador de internet (browser) decidir ser notificado sobre a rece\u00e7\u00e3o de cookies, bem como bloquear a respetiva entrada no seu sistema.<\/p>\n<p style=\"text-align: justify;\">A recusa de uso de cookies no website, pode resultar na impossibilidade de ter acesso a algumas das suas \u00e1reas ou de receber informa\u00e7\u00e3o personalizada.<\/p>\n<p style=\"text-align: justify;\"><strong>Para que servem os Cookies?<\/strong><\/p>\n<p style=\"text-align: justify;\">Os cookies servem para ajudar a determinar a utilidade, interesse e o n\u00famero de utiliza\u00e7\u00f5es dos seus websites, permitindo uma navega\u00e7\u00e3o mais r\u00e1pida e eficiente, eliminando a necessidade de introduzir repetidamente as mesmas informa\u00e7\u00f5es.<\/p>\n<p style=\"text-align: justify;\"><strong>Como pode gerir os cookies?<\/strong><\/p>\n<p style=\"text-align: justify;\">Todos os navegadores de internet (browsers) permitem ao utilizador aceitar, recusar ou apagar cookies, nomeadamente atrav\u00e9s da sele\u00e7\u00e3o das defini\u00e7\u00f5es apropriadas no respetivo navegador de internet (browser).<\/p>\n<p style=\"text-align: justify;\">DIREITOS DE AUTOR E DE PROPRIEDADE INTELECTUAL<\/p>\n<p style=\"text-align: justify;\">Todos os dados e todo o conte\u00fado em geral neste site s\u00e3o da propriedade da Diocese de Aveiro e est\u00e3o protegidas nos termos gerais de direito e pela legisla\u00e7\u00e3o nacional e internacional de prote\u00e7\u00e3o da Propriedade Intelectual. A reprodu\u00e7\u00e3o para uso pessoal \u00e9 permitida, mediante pedido de autoriza\u00e7\u00e3o, mas s\u00e3o proibidas as modifica\u00e7\u00f5es n\u00e3o autorizadas, imita\u00e7\u00f5es, empr\u00e9stimos, alugueres, transmiss\u00f5es ou venda de qualquer conte\u00fado deste site.<\/p>\n<p style=\"text-align: justify;\">Os conte\u00fados das p\u00e1ginas deste site est\u00e3o protegidas por Direitos de Autor e Direitos Conexos, e Direitos da Propriedade Industrial.<\/p>\n<p style=\"text-align: justify;\">Concede-se autoriza\u00e7\u00e3o para utilizar documentos (tais como Press Releases e Comunicados) a partir deste site, desde que o aviso de direitos de autor apare\u00e7a em todas as c\u00f3pias. A utiliza\u00e7\u00e3o desses documentos dever\u00e1 servir exclusivamente para efeitos informativos e n\u00e3o comerciais ou pessoais, n\u00e3o sendo copiados ou colocados em qualquer computador de rede ou difundido em qualquer outro meio de comunica\u00e7\u00e3o, e que n\u00e3o sejam efetuadas quaisquer modifica\u00e7\u00f5es nos documentos.<\/p>\n<p style=\"text-align: justify;\">Embora os dados pessoais que nos s\u00e3o fornecidos estejam ao abrigo do definido na nossa pol\u00edtica de privacidade, entendemos que toda a informa\u00e7\u00e3o que nos \u00e9 comunicada atrav\u00e9s da internet (incluindo sugest\u00f5es, material ou ideias) ser\u00e1 da nossa propriedade e uso exclusivo, se bem que restrito. Tal informa\u00e7\u00e3o n\u00e3o ter\u00e1 que ser tratada por n\u00f3s como confidencial.<\/p>\n<p style=\"text-align: justify;\">Algumas partes do site podem conter imagens que s\u00e3o alvo de direitos de copyright dos seus fornecedores (como por exemplo as fotos de banco de imagem).<\/p>\n<p style=\"text-align: justify;\">HYPERLINKS<\/p>\n<p style=\"text-align: justify;\">Para facilitar a sua acessibilidade, a Diocese de Aveiro pode incluir links para outros sites na internet. Quando utilizar os links para esses sites, dever\u00e1 rever e aceitar as regras desse site antes de o utilizar. N\u00e3o nos \u00e9 poss\u00edvel garantir a qualidade dos mesmos, nem assumimos qualquer responsabilidade pelo conte\u00fado ou demais funcionalidades desses sites.<\/p>\n<p style=\"text-align: justify;\">\n","protected":false},"excerpt":{"rendered":"<p>Condi\u00e7\u00f5es de utiliza\u00e7\u00e3o<\/p>\n","protected":false},"author":1,"featured_media":0,"parent":0,"menu_order":0,"comment_status":"closed","ping_status":"closed","template":"","meta":{"footnotes":""},"class_list":["post-4304","page","type-page","status-publish","hentry"],"_links":{"self":[{"href":"https:\/\/diocese-aveiro.pt\/cultura\/wp-json\/wp\/v2\/pages\/4304","targetHints":{"allow":["GET"]}}],"collection":[{"href":"https:\/\/diocese-aveiro.pt\/cultura\/wp-json\/wp\/v2\/pages"}],"about":[{"href":"https:\/\/diocese-aveiro.pt\/cultura\/wp-json\/wp\/v2\/types\/page"}],"author":[{"embeddable":true,"href":"https:\/\/diocese-aveiro.pt\/cultura\/wp-json\/wp\/v2\/users\/1"}],"replies":[{"embeddable":true,"href":"https:\/\/diocese-aveiro.pt\/cultura\/wp-json\/wp\/v2\/comments?post=4304"}],"version-history":[{"count":3,"href":"https:\/\/diocese-aveiro.pt\/cultura\/wp-json\/wp\/v2\/pages\/4304\/revisions"}],"predecessor-version":[{"id":4317,"href":"https:\/\/diocese-aveiro.pt\/cultura\/wp-json\/wp\/v2\/pages\/4304\/revisions\/4317"}],"wp:attachment":[{"href":"https:\/\/diocese-aveiro.pt\/cultura\/wp-json\/wp\/v2\/media?parent=4304"}],"curies":[{"name":"wp","href":"https:\/\/api.w.org\/{rel}","templated":true}]}}

Política de privacidade

<p style="text-align: justify;"><strong>Condições de utilização</strong></p>
<p style="text-align: justify;">Antes de aceder e utilizar o site, leia atentamente os Termos e Condições. Mediante o acesso e utilização deste site, o utilizador declara ter lido, compreendido e aceite os <em>Termos e Condições </em>abaixo descritos, sem necessidade de qualquer ato ou consentimento posterior.</p>
<p style="text-align: justify;">O acesso e a utilização das Apps da Diocese de Aveiro são igualmente reguladas por estes <em>Termos e Condições</em> na medida do aplicável e com as devidas adaptações.</p>
<p style="text-align: justify;">Os <em>Termos e Condições</em> poderão ser alterados em qualquer momento por decisão da Diocese de Aveiro, considerando-se que as alterações entram em vigor a partir da data da sua colocação no site. O acesso e a utilização posteriores do site ou Apps pelo utilizador serão considerados como um sinal inequívoco de que o mesmo leu, aceitou e compreendeu os <em>Termos e Condições</em> alterados.</p>
<p style="text-align: justify;">POLÍTICA DE PRIVACIDADE</p>
<p style="text-align: justify;">A Diocese de Aveiro está fortemente empenhada em respeitar a privacidade dos seus utilizadores. Por este motivo, elaborou a seguinte Política de Privacidade para o informar devidamente como o site funciona e como a sua informação pessoal é tratada.</p>
<p style="text-align: justify;">Qualquer alteração à nossa Política de Privacidade, posterior ao seu envio ativo de dados pessoais, e que coloque em causa os fins para os quais os cedeu, será do seu conhecimento, se para isso nos tiver disponibilizado uma forma de contato.</p>
<p style="text-align: justify;"><strong>Informações Pessoais Recolhidas</strong></p>
<p style="text-align: justify;">Quando visita o nosso site e subscreve alguma das funcionalidades disponíveis, necessitamos de recolher alguns dos seus dados pessoais para lhe podermos remeter a informação ou esclarecimento que nos solicitou.</p>
<p style="text-align: justify;">Não recolhemos informação pessoal que o possa identificar ou que diga respeito a elementos pessoais seus, sem o seu consentimento. Podemos, deste modo, recolher e guardar informação que voluntariamente decidiu fornecer-nos, incluindo, mas não limitando, informação pessoal individualizada, como o seu nome e email.</p>
<p style="text-align: justify;">O uso do módulo “Horário das Missas” requer informações relativas à sua localização, tais como coordenadas GPS ou localização mediante o IP. Ao utilizar este serviço, está a autorizar-nos a recolher estas informações.</p>
<p style="text-align: justify;">Caso seja necessário que nos providencie informação pessoal para aceder a algum tipo de funcionalidades, será expressamente informado de como essa informação será utilizada.</p>
<p style="text-align: justify;"><strong>Conservação de Informação Pessoal</strong></p>
<p style="text-align: justify;">Após a recolha de informação pessoal individualizada que voluntariamente nos transmitiu, a Diocese de Aveiro procederá à sua conservação e manutenção até instruções suas em contrário, ou até que a lei exija a respetiva eliminação. A conservação dessa informação permite que a Diocese de Aveiro continue a fornecer-lhe serviços personalizados sem interrupção.</p>
<p style="text-align: justify;">Qualquer utilizador poderá livremente optar por fornecer, ou não, qualquer informação pessoal individualizada.</p>
<p style="text-align: justify;">Nestes termos, caso não queira receber comunicações da parte da Diocese de Aveiro mesmo depois de nos ter fornecido os seus dados, por favor contacte-nos por e-mail para <a href="mailto:gicda@diocese-aveiro.pt">gicda@diocese-aveiro.pt</a></p>
<p style="text-align: justify;"><strong>Segurança e Utilização da Informação</strong></p>
<p style="text-align: justify;">A Diocese de Aveiro compromete-se a assegurar a privacidade dos visitantes do seu site na Internet.</p>
<p style="text-align: justify;">TRATAMENTO DOS DADOS</p>
<p style="text-align: justify;">1) A Diocese de Aveiro procede à recolha e tratamento de dados pessoais dos seus visitantes, tais como:</p>
<ul style="text-align: justify;">
<li>Nome</li>
<li>Endereço de correio eletrónico (e-mail)</li>
<li>O tratamento dos dados pessoais dos visitantes da Diocese de Aveiro é da responsabilidade desta, consistindo numa operação ou num conjunto de operações efetuadas sobre aqueles dados pessoais, por meios automatizados ou não automatizados.</li>
</ul>
<p style="text-align: justify;"><em>De acordo com o Regulamento (EU) 2016/679 do Parlamento Europeu e do Conselho, de 27 de abril de 2016, qualquer visitante da Diocese de Aveiro tem o direito de:</em></p>
<ul style="text-align: justify;">
<li>a qualquer momento, retirar ou alterar o consentimento prestado à Diocese de Aveiro para o tratamento dos seus dados pessoais, com efeitos para o futuro</li>
<li>após a retirada do consentimento prestado à Diocese de Aveiro, deixar de ser contactado para efeito de comunicações promocionais, de marketing e/ou publicitárias</li>
<li>solicitar informação acerca dos seus dados pessoais, a qualquer momento</li>
<li>solicitar a correção de qualquer dos seus dados pessoais fornecidos</li>
<li>solicitar a portabilidade dos mesmos, para a entidade que, para esse efeito indicar</li>
<li>solicitar a limitação de tratamento, apagamento ou mascaramento dos seus dados pessoais, e que não sejam necessários para o cumprimento de quaisquer obrigações legais da Diocese de Aveiro nomeadamente para efeitos de segurança e/ou garantia legal ou contratual</li>
<li>ser informado pela Diocese de Aveiro, caso esta, eventualmente, tiver a intenção de proceder ao tratamento dos seus dados pessoais para outros fins que não, os que, pelo presente concede o seu consentimento</li>
</ul>
<p style="text-align: justify;">Para quaisquer informações, assim como para o exercício dos direitos que lhes estão legalmente conferidos, os visitantes devem contactar a Diocese de Aveiro, através do e-mail com o endereço <a href="mailto:gicda@diocese-aveiro.pt">gicda@diocese-aveiro.pt</a>.</p>
<p style="text-align: justify;">Decorre do exposto que os dados pessoais dos visitantes da Diocese de Aveiro podem ser alvo de tratamento automatizado de forma a adequar as comunicações promocionais, de marketing e/ou publicitárias a esses dados.</p>
<p style="text-align: justify;">A Diocese de Aveiro conservará os dados pessoais dos seus visitantes pelo período necessário à realização dos contatos e cumprimento das obrigações legais.</p>
<p style="text-align: justify;">O Titular dos dados pessoais é também plena e claramente informado que poderá apresentar qualquer reclamação, quanto à violação dos seus direitos, junto da Comissão Nacional de Proteção de Dados.</p>
<p style="text-align: justify;">POLÍTICA DE COOKIES</p>
<p style="text-align: justify;">Usamos cookies no nosso website para melhorar o desempenho e a sua experiência como utilizador. Este documento explica como o fazemos.</p>
<p style="text-align: justify;"><strong>O que são cookies?</strong></p>
<p style="text-align: justify;">&#8220;Cookies&#8221; são pequenos ficheiros de texto que são armazenados no seu computador ou no seu dispositivo móvel através do navegador de internet (browser), retendo apenas informação relacionada com as suas preferências, não incluindo, como tal, os seus dados pessoais. A colocação de cookies ajudará o website a reconhecer o seu dispositivo na próxima vez que o utilizador o visita.</p>
<p style="text-align: justify;">Usamos o termo cookies nesta política para referir todos os ficheiros que recolhem informações desta forma.</p>
<p style="text-align: justify;">Os cookies utilizados não recolhem informação que identifica o utilizador. Os cookies recolhem informações genéricas, designadamente a forma como os utilizadores chegam e utilizam os websites ou a zona do país/países através do qual acedem ao website, etc.</p>
<p style="text-align: justify;">Os cookies retêm apenas informação relacionada com as suas preferências. A qualquer momento o utilizador pode, através do seu navegador de internet (browser) decidir ser notificado sobre a receção de cookies, bem como bloquear a respetiva entrada no seu sistema.</p>
<p style="text-align: justify;">A recusa de uso de cookies no website, pode resultar na impossibilidade de ter acesso a algumas das suas áreas ou de receber informação personalizada.</p>
<p style="text-align: justify;"><strong>Para que servem os Cookies?</strong></p>
<p style="text-align: justify;">Os cookies servem para ajudar a determinar a utilidade, interesse e o número de utilizações dos seus websites, permitindo uma navegação mais rápida e eficiente, eliminando a necessidade de introduzir repetidamente as mesmas informações.</p>
<p style="text-align: justify;"><strong>Como pode gerir os cookies?</strong></p>
<p style="text-align: justify;">Todos os navegadores de internet (browsers) permitem ao utilizador aceitar, recusar ou apagar cookies, nomeadamente através da seleção das definições apropriadas no respetivo navegador de internet (browser).</p>
<p style="text-align: justify;">DIREITOS DE AUTOR E DE PROPRIEDADE INTELECTUAL</p>
<p style="text-align: justify;">Todos os dados e todo o conteúdo em geral neste site são da propriedade da Diocese de Aveiro e estão protegidas nos termos gerais de direito e pela legislação nacional e internacional de proteção da Propriedade Intelectual. A reprodução para uso pessoal é permitida, mediante pedido de autorização, mas são proibidas as modificações não autorizadas, imitações, empréstimos, alugueres, transmissões ou venda de qualquer conteúdo deste site.</p>
<p style="text-align: justify;">Os conteúdos das páginas deste site estão protegidas por Direitos de Autor e Direitos Conexos, e Direitos da Propriedade Industrial.</p>
<p style="text-align: justify;">Concede-se autorização para utilizar documentos (tais como Press Releases e Comunicados) a partir deste site, desde que o aviso de direitos de autor apareça em todas as cópias. A utilização desses documentos deverá servir exclusivamente para efeitos informativos e não comerciais ou pessoais, não sendo copiados ou colocados em qualquer computador de rede ou difundido em qualquer outro meio de comunicação, e que não sejam efetuadas quaisquer modificações nos documentos.</p>
<p style="text-align: justify;">Embora os dados pessoais que nos são fornecidos estejam ao abrigo do definido na nossa política de privacidade, entendemos que toda a informação que nos é comunicada através da internet (incluindo sugestões, material ou ideias) será da nossa propriedade e uso exclusivo, se bem que restrito. Tal informação não terá que ser tratada por nós como confidencial.</p>
<p style="text-align: justify;">Algumas partes do site podem conter imagens que são alvo de direitos de copyright dos seus fornecedores (como por exemplo as fotos de banco de imagem).</p>
<p style="text-align: justify;">HYPERLINKS</p>
<p style="text-align: justify;">Para facilitar a sua acessibilidade, a Diocese de Aveiro pode incluir links para outros sites na internet. Quando utilizar os links para esses sites, deverá rever e aceitar as regras desse site antes de o utilizar. Não nos é possível garantir a qualidade dos mesmos, nem assumimos qualquer responsabilidade pelo conteúdo ou demais funcionalidades desses sites.</p>
<p style="text-align: justify;">

<p>Condições de utilização</p>
