{"id":5,"date":"2018-07-11T13:03:40","date_gmt":"2018-07-11T13:03:40","guid":{"rendered":"https:\/\/diocese-aveiro.pt\/cefam\/?page_id=5"},"modified":"2019-06-18T09:57:59","modified_gmt":"2019-06-18T09:57:59","slug":"proposta","status":"publish","type":"page","link":"https:\/\/diocese-aveiro.pt\/cefam\/proposta\/","title":{"rendered":"\u00c2mbito"},"content":{"rendered":"<p>DIOCESE DE AVEIRO |\u00a0CENTRO DE FORMA\u00c7\u00c3O D. ANT\u00d3NIO MARCELINO<\/p>\n<p><img loading=\"lazy\" decoding=\"async\" class=\"alignnone wp-image-34\" src=\"https:\/\/diocese-aveiro.pt\/cefam\/wp-content\/uploads\/2018\/07\/site_banner_red-1024x384.jpg\" alt=\"\" width=\"1200\" height=\"450\" srcset=\"https:\/\/diocese-aveiro.pt\/cefam\/wp-content\/uploads\/2018\/07\/site_banner_red-1024x384.jpg 1024w, https:\/\/diocese-aveiro.pt\/cefam\/wp-content\/uploads\/2018\/07\/site_banner_red-300x113.jpg 300w, https:\/\/diocese-aveiro.pt\/cefam\/wp-content\/uploads\/2018\/07\/site_banner_red-768x288.jpg 768w, https:\/\/diocese-aveiro.pt\/cefam\/wp-content\/uploads\/2018\/07\/site_banner_red.jpg 1600w\" sizes=\"(max-width: 1200px) 100vw, 1200px\" \/><\/p>\n<p style=\"text-align: center;\"><strong>\u2013 \u00c2MBITO \u2013<\/strong><\/p>\n<ol>\n<li>O CEFAM situa-se no \u00e2mbito da forma\u00e7\u00e3o crist\u00e3 de n\u00edvel m\u00e9dio e que \u201ctem em vista a forma\u00e7\u00e3o de l\u00edderes paroquiais ou de movimentos, capazes de desempenhar atividades pastorais [\u2026] e aprofundar os elementos fundamentais da f\u00e9 crist\u00e3\u201d<a href=\"#_ftn1\" name=\"_ftnref1\"><sup>[1]<\/sup><\/a>.<\/li>\n<li>\u00c0 luz deste \u00e2mbito de interven\u00e7\u00e3o e potenciando a sua atividade e recursos, o CEFAM alarga a sua interven\u00e7\u00e3o ao di\u00e1logo f\u00e9 e cultura, abrindo assim as suas portas a todos os interessados.<\/li>\n<\/ol>\n<p><a href=\"#_ftnref1\" name=\"_ftn1\"><sup>[1]<\/sup><\/a> CONFER\u00caNCIA EPISCOPAL PORTUGUESA, <em>A Forma\u00e7\u00e3o crist\u00e3 de base dos adultos &#8211; Instru\u00e7\u00e3o Pastoral<\/em>, Secretariado Geral do Episcopado, Lisboa 1994, 18.<\/p>\n<p style=\"text-align: center;\">______________________________________________________________________________<\/p>\n","protected":false},"excerpt":{"rendered":"<p>DIOCESE DE AVEIRO |\u00a0CENTRO DE FORMA\u00c7\u00c3O D. ANT\u00d3NIO MARCELINO \u2013 \u00c2MBITO \u2013 O CEFAM situa-se no \u00e2mbito da forma\u00e7\u00e3o crist\u00e3 de n\u00edvel m\u00e9dio e que \u201ctem em vista a forma\u00e7\u00e3o de l\u00edderes paroquiais ou de movimentos, capazes de desempenhar atividades pastorais [\u2026] e aprofundar os elementos fundamentais da f\u00e9 crist\u00e3\u201d[1]. \u00c0 luz deste \u00e2mbito de<\/p><\/div>\n<div class=\"blog-btn\"><a href=\"https:\/\/diocese-aveiro.pt\/cefam\/proposta\/\" class=\"home-blog-btn\">Ler mais<\/a><\/p>\n","protected":false},"author":1,"featured_media":0,"parent":0,"menu_order":0,"comment_status":"closed","ping_status":"closed","template":"","meta":{"footnotes":""},"class_list":["post-5","page","type-page","status-publish","hentry"],"_links":{"self":[{"href":"https:\/\/diocese-aveiro.pt\/cefam\/wp-json\/wp\/v2\/pages\/5"}],"collection":[{"href":"https:\/\/diocese-aveiro.pt\/cefam\/wp-json\/wp\/v2\/pages"}],"about":[{"href":"https:\/\/diocese-aveiro.pt\/cefam\/wp-json\/wp\/v2\/types\/page"}],"author":[{"embeddable":true,"href":"https:\/\/diocese-aveiro.pt\/cefam\/wp-json\/wp\/v2\/users\/1"}],"replies":[{"embeddable":true,"href":"https:\/\/diocese-aveiro.pt\/cefam\/wp-json\/wp\/v2\/comments?post=5"}],"version-history":[{"count":9,"href":"https:\/\/diocese-aveiro.pt\/cefam\/wp-json\/wp\/v2\/pages\/5\/revisions"}],"predecessor-version":[{"id":131,"href":"https:\/\/diocese-aveiro.pt\/cefam\/wp-json\/wp\/v2\/pages\/5\/revisions\/131"}],"wp:attachment":[{"href":"https:\/\/diocese-aveiro.pt\/cefam\/wp-json\/wp\/v2\/media?parent=5"}],"curies":[{"name":"wp","href":"https:\/\/api.w.org\/{rel}","templated":true}]}}