{"id":10,"date":"2018-07-11T13:04:26","date_gmt":"2018-07-11T13:04:26","guid":{"rendered":"https:\/\/diocese-aveiro.pt\/cefam\/?page_id=10"},"modified":"2019-06-18T09:57:17","modified_gmt":"2019-06-18T09:57:17","slug":"destinatarios","status":"publish","type":"page","link":"https:\/\/diocese-aveiro.pt\/cefam\/destinatarios\/","title":{"rendered":"Destinat\u00e1rios"},"content":{"rendered":"<p>DIOCESE DE AVEIRO |\u00a0CENTRO DE FORMA\u00c7\u00c3O D. ANT\u00d3NIO MARCELINO<\/p>\n<p><img loading=\"lazy\" decoding=\"async\" class=\"alignnone size-full wp-image-42\" src=\"https:\/\/diocese-aveiro.pt\/cefam\/wp-content\/uploads\/2018\/07\/site_banner_destinatarios.jpg\" alt=\"\" width=\"1200\" height=\"450\" srcset=\"https:\/\/diocese-aveiro.pt\/cefam\/wp-content\/uploads\/2018\/07\/site_banner_destinatarios.jpg 1200w, https:\/\/diocese-aveiro.pt\/cefam\/wp-content\/uploads\/2018\/07\/site_banner_destinatarios-300x113.jpg 300w, https:\/\/diocese-aveiro.pt\/cefam\/wp-content\/uploads\/2018\/07\/site_banner_destinatarios-768x288.jpg 768w, https:\/\/diocese-aveiro.pt\/cefam\/wp-content\/uploads\/2018\/07\/site_banner_destinatarios-1024x384.jpg 1024w\" sizes=\"(max-width: 1200px) 100vw, 1200px\" \/><\/p>\n<p style=\"text-align: center;\"><strong>\u2013 DESTINAT\u00c1RIOS \u2013<\/strong><\/p>\n<p>O Centro de forma\u00e7\u00e3o destina-se em primeiro lugar a todos os crist\u00e3os interessados em aprofundar a sua forma\u00e7\u00e3o humano crist\u00e3 e a todos aqueles que s\u00e3o agentes de pastoral e\/ou exercem ou ir\u00e3o exercer algum minist\u00e9rio laical.<\/p>\n<p>Destina-se tamb\u00e9m a todos os candidatos ao Diaconado permanente e ainda a todos os que, sendo ou n\u00e3o crist\u00e3os, desejam conhecer a vis\u00e3o crist\u00e3 do mundo e do homem.<\/p>\n<p style=\"text-align: center;\">______________________________________________________________________________<\/p>\n","protected":false},"excerpt":{"rendered":"<p>DIOCESE DE AVEIRO |\u00a0CENTRO DE FORMA\u00c7\u00c3O D. ANT\u00d3NIO MARCELINO \u2013 DESTINAT\u00c1RIOS \u2013 O Centro de forma\u00e7\u00e3o destina-se em primeiro lugar a todos os crist\u00e3os interessados em aprofundar a sua forma\u00e7\u00e3o humano crist\u00e3 e a todos aqueles que s\u00e3o agentes de pastoral e\/ou exercem ou ir\u00e3o exercer algum minist\u00e9rio laical. Destina-se tamb\u00e9m a todos os candidatos<\/p><\/div>\n<div class=\"blog-btn\"><a href=\"https:\/\/diocese-aveiro.pt\/cefam\/destinatarios\/\" class=\"home-blog-btn\">Ler mais<\/a><\/p>\n","protected":false},"author":1,"featured_media":0,"parent":0,"menu_order":0,"comment_status":"closed","ping_status":"closed","template":"","meta":{"footnotes":""},"class_list":["post-10","page","type-page","status-publish","hentry"],"_links":{"self":[{"href":"https:\/\/diocese-aveiro.pt\/cefam\/wp-json\/wp\/v2\/pages\/10"}],"collection":[{"href":"https:\/\/diocese-aveiro.pt\/cefam\/wp-json\/wp\/v2\/pages"}],"about":[{"href":"https:\/\/diocese-aveiro.pt\/cefam\/wp-json\/wp\/v2\/types\/page"}],"author":[{"embeddable":true,"href":"https:\/\/diocese-aveiro.pt\/cefam\/wp-json\/wp\/v2\/users\/1"}],"replies":[{"embeddable":true,"href":"https:\/\/diocese-aveiro.pt\/cefam\/wp-json\/wp\/v2\/comments?post=10"}],"version-history":[{"count":4,"href":"https:\/\/diocese-aveiro.pt\/cefam\/wp-json\/wp\/v2\/pages\/10\/revisions"}],"predecessor-version":[{"id":130,"href":"https:\/\/diocese-aveiro.pt\/cefam\/wp-json\/wp\/v2\/pages\/10\/revisions\/130"}],"wp:attachment":[{"href":"https:\/\/diocese-aveiro.pt\/cefam\/wp-json\/wp\/v2\/media?parent=10"}],"curies":[{"name":"wp","href":"https:\/\/api.w.org\/{rel}","templated":true}]}}