{"id":38,"date":"2022-09-02T11:01:47","date_gmt":"2022-09-02T11:01:47","guid":{"rendered":"https:\/\/diocese-aveiro.pt\/cap\/about\/"},"modified":"2022-09-15T21:37:54","modified_gmt":"2022-09-15T21:37:54","slug":"about","status":"publish","type":"page","link":"https:\/\/diocese-aveiro.pt\/cap\/about\/","title":{"rendered":"O Centro"},"content":{"rendered":"\r\n\r\n\r\n\r\n\r\n\r\n\r\n<h2><strong>O que \u00e9 o Centro de A\u00e7\u00e3o Pastoral<\/strong><img loading=\"lazy\" decoding=\"async\" class=\"size-medium wp-image-70 alignright\" src=\"https:\/\/diocese-aveiro.pt\/cap\/wp-content\/uploads\/2022\/09\/Prancheta-1-300x300.png\" alt=\"\" width=\"300\" height=\"300\" srcset=\"https:\/\/diocese-aveiro.pt\/cap\/wp-content\/uploads\/2022\/09\/Prancheta-1-300x300.png 300w, https:\/\/diocese-aveiro.pt\/cap\/wp-content\/uploads\/2022\/09\/Prancheta-1-1024x1024.png 1024w, https:\/\/diocese-aveiro.pt\/cap\/wp-content\/uploads\/2022\/09\/Prancheta-1-150x150.png 150w, https:\/\/diocese-aveiro.pt\/cap\/wp-content\/uploads\/2022\/09\/Prancheta-1-768x768.png 768w, https:\/\/diocese-aveiro.pt\/cap\/wp-content\/uploads\/2022\/09\/Prancheta-1-100x100.png 100w, https:\/\/diocese-aveiro.pt\/cap\/wp-content\/uploads\/2022\/09\/Prancheta-1.png 1418w\" sizes=\"auto, (max-width: 300px) 100vw, 300px\" \/><\/h2>\r\n\r\n\r\n\r\n<p>O Centro de A\u00e7\u00e3o Pastoral \u00e9 o espa\u00e7o destinado a congregar, em estrutura de comunh\u00e3o, \u00a0os servi\u00e7os, os secretariados, os departamentos, as comiss\u00f5es e os movimentos da Diocese de Aveiro.<\/p>\r\n<p>&nbsp;<\/p>\r\n<p>O Centro de A\u00e7\u00e3o Pastoral funciona no Semin\u00e1rio de Santa Joana Princesa, em Aveiro, dispon\u00edvel para acolher, acompanhar, informar e dinamizar a vida diocesana e dos seus diocesanos.\u00a0<\/p>\r\n\r\n\r\n\r\n\r\n\r\n\r\n\r\n\r\n\r\n\r\n\r\n\r\n\r\n\r\n\r\n\r\n\r\n\r\n","protected":false},"excerpt":{"rendered":"","protected":false},"author":1,"featured_media":0,"parent":0,"menu_order":0,"comment_status":"closed","ping_status":"closed","template":"","meta":{"_acf_changed":false,"footnotes":""},"class_list":["post-38","page","type-page","status-publish","hentry"],"acf":[],"_links":{"self":[{"href":"https:\/\/diocese-aveiro.pt\/cap\/wp-json\/wp\/v2\/pages\/38","targetHints":{"allow":["GET"]}}],"collection":[{"href":"https:\/\/diocese-aveiro.pt\/cap\/wp-json\/wp\/v2\/pages"}],"about":[{"href":"https:\/\/diocese-aveiro.pt\/cap\/wp-json\/wp\/v2\/types\/page"}],"author":[{"embeddable":true,"href":"https:\/\/diocese-aveiro.pt\/cap\/wp-json\/wp\/v2\/users\/1"}],"replies":[{"embeddable":true,"href":"https:\/\/diocese-aveiro.pt\/cap\/wp-json\/wp\/v2\/comments?post=38"}],"version-history":[{"count":6,"href":"https:\/\/diocese-aveiro.pt\/cap\/wp-json\/wp\/v2\/pages\/38\/revisions"}],"predecessor-version":[{"id":92,"href":"https:\/\/diocese-aveiro.pt\/cap\/wp-json\/wp\/v2\/pages\/38\/revisions\/92"}],"wp:attachment":[{"href":"https:\/\/diocese-aveiro.pt\/cap\/wp-json\/wp\/v2\/media?parent=38"}],"curies":[{"name":"wp","href":"https:\/\/api.w.org\/{rel}","templated":true}]}}

<h2><strong>O que é o Centro de Ação Pastoral</strong><img loading="lazy" decoding="async" class="size-medium wp-image-70 alignright" src="https://diocese-aveiro.pt/cap/wp-content/uploads/2022/09/Prancheta-1-300x300.png" alt="" width="300" height="300" srcset="https://diocese-aveiro.pt/cap/wp-content/uploads/2022/09/Prancheta-1-300x300.png 300w, https://diocese-aveiro.pt/cap/wp-content/uploads/2022/09/Prancheta-1-1024x1024.png 1024w, https://diocese-aveiro.pt/cap/wp-content/uploads/2022/09/Prancheta-1-150x150.png 150w, https://diocese-aveiro.pt/cap/wp-content/uploads/2022/09/Prancheta-1-768x768.png 768w, https://diocese-aveiro.pt/cap/wp-content/uploads/2022/09/Prancheta-1-100x100.png 100w, https://diocese-aveiro.pt/cap/wp-content/uploads/2022/09/Prancheta-1.png 1418w" sizes="auto, (max-width: 300px) 100vw, 300px" /></h2>



<p>O Centro de Ação Pastoral é o espaço destinado a congregar, em estrutura de comunhão,  os serviços, os secretariados, os departamentos, as comissões e os movimentos da Diocese de Aveiro.</p>
<p>&nbsp;</p>
<p>O Centro de Ação Pastoral funciona no Seminário de Santa Joana Princesa, em Aveiro, disponível para acolher, acompanhar, informar e dinamizar a vida diocesana e dos seus diocesanos. </p>
