{"id":217,"date":"2022-09-16T10:51:02","date_gmt":"2022-09-16T10:51:02","guid":{"rendered":"https:\/\/diocese-aveiro.pt\/cap\/?page_id=217"},"modified":"2022-09-16T10:51:02","modified_gmt":"2022-09-16T10:51:02","slug":"dvafe-departamento-das-vocacoes-acolhimento-e-formacao-espiritual","status":"publish","type":"page","link":"https:\/\/diocese-aveiro.pt\/cap\/departamentos\/dvafe-departamento-das-vocacoes-acolhimento-e-formacao-espiritual\/","title":{"rendered":"DVAFE | Departamento das Voca\u00e7\u00f5es, Acolhimento e Forma\u00e7\u00e3o Espiritual"},"content":{"rendered":"<p>DEPARTAMENTO DAS VOCA\u00c7\u00d5ES, ACOLHIMENTO<\/p>\n<p>E FORMA\u00c7\u00c3O ESPIRITUAL<\/p>\n","protected":false},"excerpt":{"rendered":"<p>DEPARTAMENTO DAS VOCA\u00c7\u00d5ES, ACOLHIMENTO E FORMA\u00c7\u00c3O ESPIRITUAL<\/p>\n","protected":false},"author":1,"featured_media":0,"parent":134,"menu_order":0,"comment_status":"closed","ping_status":"closed","template":"","meta":{"_acf_changed":false,"footnotes":""},"class_list":["post-217","page","type-page","status-publish","hentry"],"acf":[],"_links":{"self":[{"href":"https:\/\/diocese-aveiro.pt\/cap\/wp-json\/wp\/v2\/pages\/217","targetHints":{"allow":["GET"]}}],"collection":[{"href":"https:\/\/diocese-aveiro.pt\/cap\/wp-json\/wp\/v2\/pages"}],"about":[{"href":"https:\/\/diocese-aveiro.pt\/cap\/wp-json\/wp\/v2\/types\/page"}],"author":[{"embeddable":true,"href":"https:\/\/diocese-aveiro.pt\/cap\/wp-json\/wp\/v2\/users\/1"}],"replies":[{"embeddable":true,"href":"https:\/\/diocese-aveiro.pt\/cap\/wp-json\/wp\/v2\/comments?post=217"}],"version-history":[{"count":1,"href":"https:\/\/diocese-aveiro.pt\/cap\/wp-json\/wp\/v2\/pages\/217\/revisions"}],"predecessor-version":[{"id":218,"href":"https:\/\/diocese-aveiro.pt\/cap\/wp-json\/wp\/v2\/pages\/217\/revisions\/218"}],"up":[{"embeddable":true,"href":"https:\/\/diocese-aveiro.pt\/cap\/wp-json\/wp\/v2\/pages\/134"}],"wp:attachment":[{"href":"https:\/\/diocese-aveiro.pt\/cap\/wp-json\/wp\/v2\/media?parent=217"}],"curies":[{"name":"wp","href":"https:\/\/api.w.org\/{rel}","templated":true}]}}

DVAFE | Departamento das Vocações, Acolhimento e Formação Espiritual

<p>DEPARTAMENTO DAS VOCAÇÕES, ACOLHIMENTO</p>
<p>E FORMAÇÃO ESPIRITUAL</p>

<p>DEPARTAMENTO DAS VOCAÇÕES, ACOLHIMENTO E FORMAÇÃO ESPIRITUAL</p>
