{"id":195,"date":"2022-09-16T10:43:52","date_gmt":"2022-09-16T10:43:52","guid":{"rendered":"https:\/\/diocese-aveiro.pt\/cap\/?page_id=195"},"modified":"2022-09-16T10:43:52","modified_gmt":"2022-09-16T10:43:52","slug":"sdpsc-secretariado-diocesano-da-pastoral-socio-caritativa","status":"publish","type":"page","link":"https:\/\/diocese-aveiro.pt\/cap\/secretariados\/sdpsc-secretariado-diocesano-da-pastoral-socio-caritativa\/","title":{"rendered":"SDPSC | Secretariado Diocesano da Pastoral S\u00f3cio-Caritativa"},"content":{"rendered":"<p>SECRETARIADO DIOCESANO DA PASTORAL S\u00d3CIO-CARITATIVA<\/p>\n<p>1. DEPARTAMENTO DA PASTORAL DA SA\u00daDE<\/p>\n<p>2. DEPARTAMENTO DA PASTORAL DA MOBILIDADE HUMANA<\/p>\n<p>3. DEPARTAMENTO DA PASTORAL PENITENCI\u00c1RIA\/PRISIONAL<\/p>\n<p>4. DEPARTAMENTO DE APOIO \u00c0S IPSS<\/p>\n<p>5. SERVI\u00c7O DIOCESANO DA C\u00c1RITAS<\/p>\n","protected":false},"excerpt":{"rendered":"<p>SECRETARIADO DIOCESANO DA PASTORAL S\u00d3CIO-CARITATIVA 1. DEPARTAMENTO DA PASTORAL DA SA\u00daDE 2. DEPARTAMENTO DA PASTORAL DA MOBILIDADE HUMANA 3. DEPARTAMENTO DA PASTORAL PENITENCI\u00c1RIA\/PRISIONAL 4. DEPARTAMENTO DE APOIO \u00c0S IPSS 5. SERVI\u00c7O DIOCESANO DA C\u00c1RITAS<\/p>\n","protected":false},"author":1,"featured_media":0,"parent":136,"menu_order":0,"comment_status":"closed","ping_status":"closed","template":"","meta":{"_acf_changed":false,"footnotes":""},"class_list":["post-195","page","type-page","status-publish","hentry"],"acf":[],"_links":{"self":[{"href":"https:\/\/diocese-aveiro.pt\/cap\/wp-json\/wp\/v2\/pages\/195","targetHints":{"allow":["GET"]}}],"collection":[{"href":"https:\/\/diocese-aveiro.pt\/cap\/wp-json\/wp\/v2\/pages"}],"about":[{"href":"https:\/\/diocese-aveiro.pt\/cap\/wp-json\/wp\/v2\/types\/page"}],"author":[{"embeddable":true,"href":"https:\/\/diocese-aveiro.pt\/cap\/wp-json\/wp\/v2\/users\/1"}],"replies":[{"embeddable":true,"href":"https:\/\/diocese-aveiro.pt\/cap\/wp-json\/wp\/v2\/comments?post=195"}],"version-history":[{"count":1,"href":"https:\/\/diocese-aveiro.pt\/cap\/wp-json\/wp\/v2\/pages\/195\/revisions"}],"predecessor-version":[{"id":196,"href":"https:\/\/diocese-aveiro.pt\/cap\/wp-json\/wp\/v2\/pages\/195\/revisions\/196"}],"up":[{"embeddable":true,"href":"https:\/\/diocese-aveiro.pt\/cap\/wp-json\/wp\/v2\/pages\/136"}],"wp:attachment":[{"href":"https:\/\/diocese-aveiro.pt\/cap\/wp-json\/wp\/v2\/media?parent=195"}],"curies":[{"name":"wp","href":"https:\/\/api.w.org\/{rel}","templated":true}]}}

SDPSC | Secretariado Diocesano da Pastoral Sócio-Caritativa

<p>SECRETARIADO DIOCESANO DA PASTORAL SÓCIO-CARITATIVA</p>
<p>1. DEPARTAMENTO DA PASTORAL DA SAÚDE</p>
<p>2. DEPARTAMENTO DA PASTORAL DA MOBILIDADE HUMANA</p>
<p>3. DEPARTAMENTO DA PASTORAL PENITENCIÁRIA/PRISIONAL</p>
<p>4. DEPARTAMENTO DE APOIO ÀS IPSS</p>
<p>5. SERVIÇO DIOCESANO DA CÁRITAS</p>

<p>SECRETARIADO DIOCESANO DA PASTORAL SÓCIO-CARITATIVA 1. DEPARTAMENTO DA PASTORAL DA SAÚDE 2. DEPARTAMENTO DA PASTORAL DA MOBILIDADE HUMANA 3. DEPARTAMENTO DA PASTORAL PENITENCIÁRIA/PRISIONAL 4. DEPARTAMENTO DE APOIO ÀS IPSS 5. SERVIÇO DIOCESANO DA CÁRITAS</p>
