{"id":186,"date":"2022-09-16T10:39:36","date_gmt":"2022-09-16T10:39:36","guid":{"rendered":"https:\/\/diocese-aveiro.pt\/cap\/?page_id=186"},"modified":"2022-09-16T10:39:36","modified_gmt":"2022-09-16T10:39:36","slug":"sdl-secretariado-diocesano-de-liturgia","status":"publish","type":"page","link":"https:\/\/diocese-aveiro.pt\/cap\/secretariados\/sdl-secretariado-diocesano-de-liturgia\/","title":{"rendered":"SDL | Secretariado Diocesano de Liturgia"},"content":{"rendered":"<p>&nbsp;<\/p>\n<p><img loading=\"lazy\" decoding=\"async\" class=\"alignnone wp-image-187 size-thumbnail\" src=\"https:\/\/diocese-aveiro.pt\/cap\/wp-content\/uploads\/2022\/09\/12049171_326155120842094_2073960066390932096_n-e1663324720971-150x150.png\" alt=\"\" width=\"150\" height=\"150\" srcset=\"https:\/\/diocese-aveiro.pt\/cap\/wp-content\/uploads\/2022\/09\/12049171_326155120842094_2073960066390932096_n-e1663324720971-150x150.png 150w, https:\/\/diocese-aveiro.pt\/cap\/wp-content\/uploads\/2022\/09\/12049171_326155120842094_2073960066390932096_n-e1663324720971-100x100.png 100w\" sizes=\"auto, (max-width: 150px) 100vw, 150px\" \/><\/p>\n<p><strong>SECRETARIADO DIOCESANO DE LITURGIA<\/strong><\/p>\n<p><a href=\"http:\/\/diocese-aveiro.pt\/liturgia\/\" target=\"_blank\" rel=\"noopener\"><img loading=\"lazy\" decoding=\"async\" class=\"alignnone wp-image-108 size-full\" src=\"https:\/\/diocese-aveiro.pt\/cap\/wp-content\/uploads\/2022\/09\/home.png\" alt=\"\" width=\"40\" height=\"40\" \/> <\/a><a href=\"https:\/\/www.facebook.com\/sdlaveiro\" target=\"_blank\" rel=\"noopener\"><img loading=\"lazy\" decoding=\"async\" class=\"alignnone wp-image-103 size-full\" src=\"https:\/\/diocese-aveiro.pt\/cap\/wp-content\/uploads\/2022\/09\/facebook.png\" alt=\"\" width=\"40\" height=\"40\" \/><\/a><\/p>\n<p>email: <strong><a href=\"mailto:liturgia@diocese-aveiro.pt\">liturgia@diocese-aveiro.pt<\/a><\/strong><\/p>\n<div data-canvas-width=\"540.9434985291295\">\n<p><strong>DIRETOR<\/strong><br \/>\nP. Jo\u00e3o Paulo Soares Henriques<\/p>\n<p><strong>SECRETARIA<\/strong><br \/>\nMaria Alcina Marnoto Fernandes<\/p>\n<p><strong>TESOURARIA<\/strong><br \/>\nJo\u00e3o Carlos Alberto de Pinho<br \/>\nMaria Alcina Marnoto Fernandes<\/p>\n<\/div>\n<div data-canvas-width=\"540.9434985291295\">\n<hr \/>\n<\/div>\n<div data-canvas-width=\"540.9434985291295\">\n<p data-canvas-width=\"723.0035109647055\"><strong>DEPARTAMENTO DE PASTORAL LIT\u00daRGICA<\/strong><\/p>\n<p>P. Jo\u00e3o Paulo Soares Henriques (coordenador)<br \/>\nP. Nuno Gon\u00e7alves \u2013 (Respons\u00e1vel MEC\u00b4s)<br \/>\nP. Paulo Cruz \u2013 (Respons\u00e1vel M\u00fasica Lit\u00fargica)<br \/>\nRicardo Vara Cavaleiro \u2013 (Respons\u00e1vel Ac\u00f3litos)<br \/>\nHelena Cordeiro \u2013 (Respons\u00e1vel Leitores)<br \/>\nJo\u00e3o Carlos Alberto de Pinho<br \/>\nMaria Alcina Marnoto Fernandes<\/p>\n<\/div>\n","protected":false},"excerpt":{"rendered":"<p>&nbsp; SECRETARIADO DIOCESANO DE LITURGIA email: liturgia@diocese-aveiro.pt DIRETOR P. Jo\u00e3o Paulo Soares Henriques SECRETARIA Maria Alcina Marnoto Fernandes TESOURARIA Jo\u00e3o Carlos Alberto de Pinho Maria Alcina Marnoto Fernandes DEPARTAMENTO DE PASTORAL LIT\u00daRGICA P. Jo\u00e3o Paulo Soares Henriques (coordenador) P. Nuno Gon\u00e7alves \u2013 (Respons\u00e1vel MEC\u00b4s) P. Paulo Cruz \u2013 (Respons\u00e1vel M\u00fasica Lit\u00fargica) Ricardo Vara Cavaleiro \u2013 &hellip; <\/p>\n<p class=\"link-more\"><a href=\"https:\/\/diocese-aveiro.pt\/cap\/secretariados\/sdl-secretariado-diocesano-de-liturgia\/\" class=\"more-link\">Continuar a ler <span class=\"screen-reader-text\">&#8220;SDL | Secretariado Diocesano de Liturgia&#8221;<\/span><\/a><\/p>\n","protected":false},"author":1,"featured_media":0,"parent":136,"menu_order":3,"comment_status":"closed","ping_status":"closed","template":"","meta":{"_acf_changed":false,"footnotes":""},"class_list":["post-186","page","type-page","status-publish","hentry"],"acf":[],"_links":{"self":[{"href":"https:\/\/diocese-aveiro.pt\/cap\/wp-json\/wp\/v2\/pages\/186","targetHints":{"allow":["GET"]}}],"collection":[{"href":"https:\/\/diocese-aveiro.pt\/cap\/wp-json\/wp\/v2\/pages"}],"about":[{"href":"https:\/\/diocese-aveiro.pt\/cap\/wp-json\/wp\/v2\/types\/page"}],"author":[{"embeddable":true,"href":"https:\/\/diocese-aveiro.pt\/cap\/wp-json\/wp\/v2\/users\/1"}],"replies":[{"embeddable":true,"href":"https:\/\/diocese-aveiro.pt\/cap\/wp-json\/wp\/v2\/comments?post=186"}],"version-history":[{"count":1,"href":"https:\/\/diocese-aveiro.pt\/cap\/wp-json\/wp\/v2\/pages\/186\/revisions"}],"predecessor-version":[{"id":188,"href":"https:\/\/diocese-aveiro.pt\/cap\/wp-json\/wp\/v2\/pages\/186\/revisions\/188"}],"up":[{"embeddable":true,"href":"https:\/\/diocese-aveiro.pt\/cap\/wp-json\/wp\/v2\/pages\/136"}],"wp:attachment":[{"href":"https:\/\/diocese-aveiro.pt\/cap\/wp-json\/wp\/v2\/media?parent=186"}],"curies":[{"name":"wp","href":"https:\/\/api.w.org\/{rel}","templated":true}]}}

<p>&nbsp;</p>
<p><img loading="lazy" decoding="async" class="alignnone wp-image-187 size-thumbnail" src="https://diocese-aveiro.pt/cap/wp-content/uploads/2022/09/12049171_326155120842094_2073960066390932096_n-e1663324720971-150x150.png" alt="" width="150" height="150" srcset="https://diocese-aveiro.pt/cap/wp-content/uploads/2022/09/12049171_326155120842094_2073960066390932096_n-e1663324720971-150x150.png 150w, https://diocese-aveiro.pt/cap/wp-content/uploads/2022/09/12049171_326155120842094_2073960066390932096_n-e1663324720971-100x100.png 100w" sizes="auto, (max-width: 150px) 100vw, 150px" /></p>
<p><strong>SECRETARIADO DIOCESANO DE LITURGIA</strong></p>
<p><a href="http://diocese-aveiro.pt/liturgia/" target="_blank" rel="noopener"><img loading="lazy" decoding="async" class="alignnone wp-image-108 size-full" src="https://diocese-aveiro.pt/cap/wp-content/uploads/2022/09/home.png" alt="" width="40" height="40" /> </a><a href="https://www.facebook.com/sdlaveiro" target="_blank" rel="noopener"><img loading="lazy" decoding="async" class="alignnone wp-image-103 size-full" src="https://diocese-aveiro.pt/cap/wp-content/uploads/2022/09/facebook.png" alt="" width="40" height="40" /></a></p>
<p>email: <strong><a href="mailto:liturgia@diocese-aveiro.pt">liturgia@diocese-aveiro.pt</a></strong></p>
<div data-canvas-width="540.9434985291295">
<p><strong>DIRETOR</strong><br />
P. João Paulo Soares Henriques</p>
<p><strong>SECRETARIA</strong><br />
Maria Alcina Marnoto Fernandes</p>
<p><strong>TESOURARIA</strong><br />
João Carlos Alberto de Pinho<br />
Maria Alcina Marnoto Fernandes</p>
</div>
<div data-canvas-width="540.9434985291295">
<hr />
</div>
<div data-canvas-width="540.9434985291295">
<p data-canvas-width="723.0035109647055"><strong>DEPARTAMENTO DE PASTORAL LITÚRGICA</strong></p>
<p>P. João Paulo Soares Henriques (coordenador)<br />
P. Nuno Gonçalves – (Responsável MEC´s)<br />
P. Paulo Cruz – (Responsável Música Litúrgica)<br />
Ricardo Vara Cavaleiro – (Responsável Acólitos)<br />
Helena Cordeiro – (Responsável Leitores)<br />
João Carlos Alberto de Pinho<br />
Maria Alcina Marnoto Fernandes</p>
</div>

<p>&nbsp; SECRETARIADO DIOCESANO DE LITURGIA email: liturgia@diocese-aveiro.pt DIRETOR P. João Paulo Soares Henriques SECRETARIA Maria Alcina Marnoto Fernandes TESOURARIA João Carlos Alberto de Pinho Maria Alcina Marnoto Fernandes DEPARTAMENTO DE PASTORAL LITÚRGICA P. João Paulo Soares Henriques (coordenador) P. Nuno Gonçalves – (Responsável MEC´s) P. Paulo Cruz – (Responsável Música Litúrgica) Ricardo Vara Cavaleiro – &hellip; </p>
<p class="link-more"><a href="https://diocese-aveiro.pt/cap/secretariados/sdl-secretariado-diocesano-de-liturgia/" class="more-link">Continuar a ler <span class="screen-reader-text">&#8220;SDL | Secretariado Diocesano de Liturgia&#8221;</span></a></p>
