{"id":182,"date":"2022-09-16T10:34:54","date_gmt":"2022-09-16T10:34:54","guid":{"rendered":"https:\/\/diocese-aveiro.pt\/cap\/?page_id=182"},"modified":"2022-09-16T10:34:54","modified_gmt":"2022-09-16T10:34:54","slug":"dafec-departamento-de-acompanhamento-da-familia-e-espiritualidade-conjugal","status":"publish","type":"page","link":"https:\/\/diocese-aveiro.pt\/cap\/departamentos\/dafec-departamento-de-acompanhamento-da-familia-e-espiritualidade-conjugal\/","title":{"rendered":"DAFEC | Departamento de Acompanhamento da Fam\u00edlia e Espiritualidade Conjugal"},"content":{"rendered":"<p>em remodela\u00e7\u00e3o<\/p>\n","protected":false},"excerpt":{"rendered":"<p>em remodela\u00e7\u00e3o<\/p>\n","protected":false},"author":1,"featured_media":0,"parent":134,"menu_order":0,"comment_status":"closed","ping_status":"closed","template":"","meta":{"_acf_changed":false,"footnotes":""},"class_list":["post-182","page","type-page","status-publish","hentry"],"acf":[],"_links":{"self":[{"href":"https:\/\/diocese-aveiro.pt\/cap\/wp-json\/wp\/v2\/pages\/182","targetHints":{"allow":["GET"]}}],"collection":[{"href":"https:\/\/diocese-aveiro.pt\/cap\/wp-json\/wp\/v2\/pages"}],"about":[{"href":"https:\/\/diocese-aveiro.pt\/cap\/wp-json\/wp\/v2\/types\/page"}],"author":[{"embeddable":true,"href":"https:\/\/diocese-aveiro.pt\/cap\/wp-json\/wp\/v2\/users\/1"}],"replies":[{"embeddable":true,"href":"https:\/\/diocese-aveiro.pt\/cap\/wp-json\/wp\/v2\/comments?post=182"}],"version-history":[{"count":1,"href":"https:\/\/diocese-aveiro.pt\/cap\/wp-json\/wp\/v2\/pages\/182\/revisions"}],"predecessor-version":[{"id":183,"href":"https:\/\/diocese-aveiro.pt\/cap\/wp-json\/wp\/v2\/pages\/182\/revisions\/183"}],"up":[{"embeddable":true,"href":"https:\/\/diocese-aveiro.pt\/cap\/wp-json\/wp\/v2\/pages\/134"}],"wp:attachment":[{"href":"https:\/\/diocese-aveiro.pt\/cap\/wp-json\/wp\/v2\/media?parent=182"}],"curies":[{"name":"wp","href":"https:\/\/api.w.org\/{rel}","templated":true}]}}

DAFEC | Departamento de Acompanhamento da Família e Espiritualidade Conjugal

<p>em remodelação</p>
