{"id":158,"date":"2022-09-16T10:05:00","date_gmt":"2022-09-16T10:05:00","guid":{"rendered":"https:\/\/diocese-aveiro.pt\/cap\/?page_id=158"},"modified":"2022-09-16T10:07:19","modified_gmt":"2022-09-16T10:07:19","slug":"158-2","status":"publish","type":"page","link":"https:\/\/diocese-aveiro.pt\/cap\/departamentos\/158-2\/","title":{"rendered":"DPJA | Departamento da Pastoral da Juventude"},"content":{"rendered":"<h4>COORDENADOR:<\/h4>\n<p>P. Leonel Santiago Abrantes<\/p>\n<h5>e-mail:<\/h5>\n<p><a href=\"mailto:pastoraljuvenil@diocese-aveiro.pt\">pastoraljuvenil@diocese-aveiro.pt<\/a><\/p>\n<p><a href=\"https:\/\/dpja.pt\" target=\"_blank\" rel=\"noopener\"><img loading=\"lazy\" decoding=\"async\" class=\"alignnone wp-image-108 size-full\" src=\"https:\/\/diocese-aveiro.pt\/cap\/wp-content\/uploads\/2022\/09\/home.png\" alt=\"\" width=\"40\" height=\"40\" \/><\/a> <a href=\"https:\/\/www.facebook.com\/DPJAveiro\/\" target=\"_blank\" rel=\"noopener\"><img loading=\"lazy\" decoding=\"async\" class=\"alignnone wp-image-103 size-full\" src=\"https:\/\/diocese-aveiro.pt\/cap\/wp-content\/uploads\/2022\/09\/facebook.png\" alt=\"\" width=\"40\" height=\"40\" \/><\/a><\/p>\n<h2>Equipa:<\/h2>\n<ol>\n<li style=\"list-style-type: none;\">\n<ul>\n<li>Ana Martins (Sever do Vouga);<\/li>\n<li>Daniel Maia (Gl\u00f3ria);<\/li>\n<li>In\u00eas Ferr\u00e3o (Nariz);<\/li>\n<li>Jo\u00e3o Areias (\u00cdlhavo);<\/li>\n<li>Luciana Correia (\u00c1gueda);<\/li>\n<li>Maria Jo\u00e3o Bilelo (\u00cdlhavo);<\/li>\n<li>Micaela Oliveira \u2013 Ni (\u00c1gueda);<\/li>\n<li>M\u00f3nica Ribau (\u00cdlhavo);<\/li>\n<li>Sara Amaral (Oliveirinha);<\/li>\n<li>Sara Batista (Oi\u00e3);<\/li>\n<li>S\u00f3nia Santos (Esgueira).<\/li>\n<\/ul>\n<\/li>\n<\/ol>\n","protected":false},"excerpt":{"rendered":"<p>COORDENADOR: P. Leonel Santiago Abrantes e-mail: pastoraljuvenil@diocese-aveiro.pt Equipa: Ana Martins (Sever do Vouga); Daniel Maia (Gl\u00f3ria); In\u00eas Ferr\u00e3o (Nariz); Jo\u00e3o Areias (\u00cdlhavo); Luciana Correia (\u00c1gueda); Maria Jo\u00e3o Bilelo (\u00cdlhavo); Micaela Oliveira \u2013 Ni (\u00c1gueda); M\u00f3nica Ribau (\u00cdlhavo); Sara Amaral (Oliveirinha); Sara Batista (Oi\u00e3); S\u00f3nia Santos (Esgueira).<\/p>\n","protected":false},"author":1,"featured_media":159,"parent":134,"menu_order":4,"comment_status":"closed","ping_status":"closed","template":"","meta":{"_acf_changed":false,"footnotes":""},"class_list":["post-158","page","type-page","status-publish","has-post-thumbnail","hentry"],"acf":[],"_links":{"self":[{"href":"https:\/\/diocese-aveiro.pt\/cap\/wp-json\/wp\/v2\/pages\/158","targetHints":{"allow":["GET"]}}],"collection":[{"href":"https:\/\/diocese-aveiro.pt\/cap\/wp-json\/wp\/v2\/pages"}],"about":[{"href":"https:\/\/diocese-aveiro.pt\/cap\/wp-json\/wp\/v2\/types\/page"}],"author":[{"embeddable":true,"href":"https:\/\/diocese-aveiro.pt\/cap\/wp-json\/wp\/v2\/users\/1"}],"replies":[{"embeddable":true,"href":"https:\/\/diocese-aveiro.pt\/cap\/wp-json\/wp\/v2\/comments?post=158"}],"version-history":[{"count":5,"href":"https:\/\/diocese-aveiro.pt\/cap\/wp-json\/wp\/v2\/pages\/158\/revisions"}],"predecessor-version":[{"id":164,"href":"https:\/\/diocese-aveiro.pt\/cap\/wp-json\/wp\/v2\/pages\/158\/revisions\/164"}],"up":[{"embeddable":true,"href":"https:\/\/diocese-aveiro.pt\/cap\/wp-json\/wp\/v2\/pages\/134"}],"wp:featuredmedia":[{"embeddable":true,"href":"https:\/\/diocese-aveiro.pt\/cap\/wp-json\/wp\/v2\/media\/159"}],"wp:attachment":[{"href":"https:\/\/diocese-aveiro.pt\/cap\/wp-json\/wp\/v2\/media?parent=158"}],"curies":[{"name":"wp","href":"https:\/\/api.w.org\/{rel}","templated":true}]}}

<h4>COORDENADOR:</h4>
<p>P. Leonel Santiago Abrantes</p>
<h5>e-mail:</h5>
<p><a href="mailto:pastoraljuvenil@diocese-aveiro.pt">pastoraljuvenil@diocese-aveiro.pt</a></p>
<p><a href="https://dpja.pt" target="_blank" rel="noopener"><img loading="lazy" decoding="async" class="alignnone wp-image-108 size-full" src="https://diocese-aveiro.pt/cap/wp-content/uploads/2022/09/home.png" alt="" width="40" height="40" /></a> <a href="https://www.facebook.com/DPJAveiro/" target="_blank" rel="noopener"><img loading="lazy" decoding="async" class="alignnone wp-image-103 size-full" src="https://diocese-aveiro.pt/cap/wp-content/uploads/2022/09/facebook.png" alt="" width="40" height="40" /></a></p>
<h2>Equipa:</h2>
<ol>
<li style="list-style-type: none;">
<ul>
<li>Ana Martins (Sever do Vouga);</li>
<li>Daniel Maia (Glória);</li>
<li>Inês Ferrão (Nariz);</li>
<li>João Areias (Ílhavo);</li>
<li>Luciana Correia (Águeda);</li>
<li>Maria João Bilelo (Ílhavo);</li>
<li>Micaela Oliveira – Ni (Águeda);</li>
<li>Mónica Ribau (Ílhavo);</li>
<li>Sara Amaral (Oliveirinha);</li>
<li>Sara Batista (Oiã);</li>
<li>Sónia Santos (Esgueira).</li>
</ul>
</li>
</ol>

<p>COORDENADOR: P. Leonel Santiago Abrantes e-mail: pastoraljuvenil@diocese-aveiro.pt Equipa: Ana Martins (Sever do Vouga); Daniel Maia (Glória); Inês Ferrão (Nariz); João Areias (Ílhavo); Luciana Correia (Águeda); Maria João Bilelo (Ílhavo); Micaela Oliveira – Ni (Águeda); Mónica Ribau (Ílhavo); Sara Amaral (Oliveirinha); Sara Batista (Oiã); Sónia Santos (Esgueira).</p>
