{"id":154,"date":"2022-09-16T10:03:09","date_gmt":"2022-09-16T10:03:09","guid":{"rendered":"https:\/\/diocese-aveiro.pt\/cap\/?page_id=154"},"modified":"2022-09-16T10:22:42","modified_gmt":"2022-09-16T10:22:42","slug":"dpe-departamento-de-pastoral-nas-escolas","status":"publish","type":"page","link":"https:\/\/diocese-aveiro.pt\/cap\/departamentos\/dpe-departamento-de-pastoral-nas-escolas\/","title":{"rendered":"DPE | Departamento de Pastoral nas Escolas"},"content":{"rendered":"<h4><img loading=\"lazy\" decoding=\"async\" class=\"alignnone size-medium wp-image-173\" src=\"https:\/\/diocese-aveiro.pt\/cap\/wp-content\/uploads\/2022\/09\/cropped-logo-300x132.png\" alt=\"\" width=\"300\" height=\"132\" srcset=\"https:\/\/diocese-aveiro.pt\/cap\/wp-content\/uploads\/2022\/09\/cropped-logo-300x132.png 300w, https:\/\/diocese-aveiro.pt\/cap\/wp-content\/uploads\/2022\/09\/cropped-logo-768x338.png 768w, https:\/\/diocese-aveiro.pt\/cap\/wp-content\/uploads\/2022\/09\/cropped-logo.png 962w\" sizes=\"auto, (max-width: 300px) 100vw, 300px\" \/><\/h4>\n<h4>COORDENADOR:<\/h4>\n<p>Dr. S\u00e9rgio Manuel de Jesus Martins<\/p>\n<h5>e-mail:<\/h5>\n<p><a href=\"mailto:pastoralnasescolas@diocese-aveiro.pt\">pastoralnasescolas@diocese-aveiro.pt<\/a><\/p>\n<p><a href=\"http:\/\/diocese-aveiro.pt\/emrc\/\"><img loading=\"lazy\" decoding=\"async\" class=\"alignnone size-full wp-image-108\" src=\"https:\/\/diocese-aveiro.pt\/cap\/wp-content\/uploads\/2022\/09\/home.png\" alt=\"\" width=\"40\" height=\"40\" \/> <\/a><a href=\"https:\/\/www.facebook.com\/emrc.aveiro\"><img loading=\"lazy\" decoding=\"async\" class=\"alignnone size-full wp-image-103\" src=\"https:\/\/diocese-aveiro.pt\/cap\/wp-content\/uploads\/2022\/09\/facebook.png\" alt=\"\" width=\"40\" height=\"40\" \/><\/a> <a href=\"https:\/\/www.youtube.com\/channel\/UClH7gdz7uMrr1IQATjoMXUA\"><img loading=\"lazy\" decoding=\"async\" class=\"alignnone wp-image-171 size-full\" src=\"https:\/\/diocese-aveiro.pt\/cap\/wp-content\/uploads\/2022\/09\/youtube.png\" alt=\"\" width=\"40\" height=\"40\" \/><\/a><\/p>\n<p>Filipe Ricardo Pereira Tavares, Professor no Agrupamento de Escolas de \u00cdlhavo<\/p>\n<p>Isabel Maria Soares dos Santos,\u00a0Professora no Agrupamento de Escolas de Albergaria \u00e0 Velha<\/p>\n<p>Maria Clara Dias Alves da Silva,\u00a0Professora no Agrupamento de Escolas de Aveiro<\/p>\n<p>Maria Jo\u00e3o de Carvalho Ramos Dias,\u00a0Professora na Escola Secund\u00e1ria \u00a0Adolfo Portela \u2013 \u00c1gueda<\/p>\n<p>Maria Teresa Pinho da Silva Ribeiro,\u00a0Professora no Agrupamento de Escolas de Esgueira<\/p>\n<p>Ricardo Jorge Domingues,\u00a0Professor no\u00a0Col\u00e9gio Diocesano de Nossa Senhora da Apresenta\u00e7\u00e3o \u2013 Calv\u00e3o<\/p>\n<p>Ir. C\u00e2ndida Nat\u00e1lia Sousa Duarte, Professora no\u00a0Col\u00e9gio N\u00aa Sr\u00aa Assun\u00e7\u00e3o \u2013 Anadia<\/p>\n","protected":false},"excerpt":{"rendered":"<p>COORDENADOR: Dr. S\u00e9rgio Manuel de Jesus Martins e-mail: pastoralnasescolas@diocese-aveiro.pt Filipe Ricardo Pereira Tavares, Professor no Agrupamento de Escolas de \u00cdlhavo Isabel Maria Soares dos Santos,\u00a0Professora no Agrupamento de Escolas de Albergaria \u00e0 Velha Maria Clara Dias Alves da Silva,\u00a0Professora no Agrupamento de Escolas de Aveiro Maria Jo\u00e3o de Carvalho Ramos Dias,\u00a0Professora na Escola Secund\u00e1ria \u00a0Adolfo &hellip; <\/p>\n<p class=\"link-more\"><a href=\"https:\/\/diocese-aveiro.pt\/cap\/departamentos\/dpe-departamento-de-pastoral-nas-escolas\/\" class=\"more-link\">Continuar a ler <span class=\"screen-reader-text\">&#8220;DPE | Departamento de Pastoral nas Escolas&#8221;<\/span><\/a><\/p>\n","protected":false},"author":1,"featured_media":0,"parent":134,"menu_order":0,"comment_status":"closed","ping_status":"closed","template":"","meta":{"_acf_changed":false,"footnotes":""},"class_list":["post-154","page","type-page","status-publish","hentry"],"acf":[],"_links":{"self":[{"href":"https:\/\/diocese-aveiro.pt\/cap\/wp-json\/wp\/v2\/pages\/154","targetHints":{"allow":["GET"]}}],"collection":[{"href":"https:\/\/diocese-aveiro.pt\/cap\/wp-json\/wp\/v2\/pages"}],"about":[{"href":"https:\/\/diocese-aveiro.pt\/cap\/wp-json\/wp\/v2\/types\/page"}],"author":[{"embeddable":true,"href":"https:\/\/diocese-aveiro.pt\/cap\/wp-json\/wp\/v2\/users\/1"}],"replies":[{"embeddable":true,"href":"https:\/\/diocese-aveiro.pt\/cap\/wp-json\/wp\/v2\/comments?post=154"}],"version-history":[{"count":4,"href":"https:\/\/diocese-aveiro.pt\/cap\/wp-json\/wp\/v2\/pages\/154\/revisions"}],"predecessor-version":[{"id":174,"href":"https:\/\/diocese-aveiro.pt\/cap\/wp-json\/wp\/v2\/pages\/154\/revisions\/174"}],"up":[{"embeddable":true,"href":"https:\/\/diocese-aveiro.pt\/cap\/wp-json\/wp\/v2\/pages\/134"}],"wp:attachment":[{"href":"https:\/\/diocese-aveiro.pt\/cap\/wp-json\/wp\/v2\/media?parent=154"}],"curies":[{"name":"wp","href":"https:\/\/api.w.org\/{rel}","templated":true}]}}

<h4><img loading="lazy" decoding="async" class="alignnone size-medium wp-image-173" src="https://diocese-aveiro.pt/cap/wp-content/uploads/2022/09/cropped-logo-300x132.png" alt="" width="300" height="132" srcset="https://diocese-aveiro.pt/cap/wp-content/uploads/2022/09/cropped-logo-300x132.png 300w, https://diocese-aveiro.pt/cap/wp-content/uploads/2022/09/cropped-logo-768x338.png 768w, https://diocese-aveiro.pt/cap/wp-content/uploads/2022/09/cropped-logo.png 962w" sizes="auto, (max-width: 300px) 100vw, 300px" /></h4>
<h4>COORDENADOR:</h4>
<p>Dr. Sérgio Manuel de Jesus Martins</p>
<h5>e-mail:</h5>
<p><a href="mailto:pastoralnasescolas@diocese-aveiro.pt">pastoralnasescolas@diocese-aveiro.pt</a></p>
<p><a href="http://diocese-aveiro.pt/emrc/"><img loading="lazy" decoding="async" class="alignnone size-full wp-image-108" src="https://diocese-aveiro.pt/cap/wp-content/uploads/2022/09/home.png" alt="" width="40" height="40" /> </a><a href="https://www.facebook.com/emrc.aveiro"><img loading="lazy" decoding="async" class="alignnone size-full wp-image-103" src="https://diocese-aveiro.pt/cap/wp-content/uploads/2022/09/facebook.png" alt="" width="40" height="40" /></a> <a href="https://www.youtube.com/channel/UClH7gdz7uMrr1IQATjoMXUA"><img loading="lazy" decoding="async" class="alignnone wp-image-171 size-full" src="https://diocese-aveiro.pt/cap/wp-content/uploads/2022/09/youtube.png" alt="" width="40" height="40" /></a></p>
<p>Filipe Ricardo Pereira Tavares, Professor no Agrupamento de Escolas de Ílhavo</p>
<p>Isabel Maria Soares dos Santos, Professora no Agrupamento de Escolas de Albergaria à Velha</p>
<p>Maria Clara Dias Alves da Silva, Professora no Agrupamento de Escolas de Aveiro</p>
<p>Maria João de Carvalho Ramos Dias, Professora na Escola Secundária  Adolfo Portela – Águeda</p>
<p>Maria Teresa Pinho da Silva Ribeiro, Professora no Agrupamento de Escolas de Esgueira</p>
<p>Ricardo Jorge Domingues, Professor no Colégio Diocesano de Nossa Senhora da Apresentação – Calvão</p>
<p>Ir. Cândida Natália Sousa Duarte, Professora no Colégio Nª Srª Assunção – Anadia</p>

<p>COORDENADOR: Dr. Sérgio Manuel de Jesus Martins e-mail: pastoralnasescolas@diocese-aveiro.pt Filipe Ricardo Pereira Tavares, Professor no Agrupamento de Escolas de Ílhavo Isabel Maria Soares dos Santos, Professora no Agrupamento de Escolas de Albergaria à Velha Maria Clara Dias Alves da Silva, Professora no Agrupamento de Escolas de Aveiro Maria João de Carvalho Ramos Dias, Professora na Escola Secundária  Adolfo &hellip; </p>
<p class="link-more"><a href="https://diocese-aveiro.pt/cap/departamentos/dpe-departamento-de-pastoral-nas-escolas/" class="more-link">Continuar a ler <span class="screen-reader-text">&#8220;DPE | Departamento de Pastoral nas Escolas&#8221;</span></a></p>
