{"id":131,"date":"2022-09-16T09:40:09","date_gmt":"2022-09-16T09:40:09","guid":{"rendered":"https:\/\/diocese-aveiro.pt\/cap\/?page_id=131"},"modified":"2022-09-16T09:40:09","modified_gmt":"2022-09-16T09:40:09","slug":"cdjp-comissao-diocesana-justica-e-paz","status":"publish","type":"page","link":"https:\/\/diocese-aveiro.pt\/cap\/comissoes-diocesanas\/cdjp-comissao-diocesana-justica-e-paz\/","title":{"rendered":"CDJP | Comiss\u00e3o Diocesana Justi\u00e7a e Paz"},"content":{"rendered":"<p><span style=\"color: #993300;\"><strong>Comiss\u00e3o Justi\u00e7a e Paz<\/strong><\/span><\/p>\n<p><img loading=\"lazy\" decoding=\"async\" class=\"alignnone wp-image-107\" src=\"https:\/\/diocese-aveiro.pt\/cap\/wp-content\/uploads\/2022\/09\/logoCDJP_aveiro.jpg\" alt=\"\" width=\"59\" height=\"50\" \/><a href=\"http:\/\/cdjpaveiro.blogspot.com\"><img loading=\"lazy\" decoding=\"async\" class=\"alignnone wp-image-108 size-full\" src=\"https:\/\/diocese-aveiro.pt\/cap\/wp-content\/uploads\/2022\/09\/home.png\" alt=\"Comiss\u00e3o Diocesana de Justi\u00e7a e Paz da Diocese de Aveiro\" width=\"40\" height=\"40\" \/><\/a><\/p>\n<p style=\"font-weight: 400;\">A constitui\u00e7\u00e3o da Comiss\u00e3o Diocesana Justi\u00e7a e Paz \u00e9 um projeto com muitos anos que s\u00f3 agora se concretiza. Foi, por fim, uma decis\u00e3o do S\u00ednodo Diocesano e n\u00e3o pod\u00edamos retardar mais a sua execu\u00e7\u00e3o.<\/p>\n<p style=\"font-weight: 400;\">Surge em boa hora, quando se comemoram os cinquenta anos da Declara\u00e7\u00e3o Universal dos Direitos do Homem. Ela vai ter nesta Declara\u00e7\u00e3o um est\u00edmulo e uma inspira\u00e7\u00e3o.<\/p>\n<p style=\"font-weight: 400;\">A evolu\u00e7\u00e3o da sociedade aveirense, com os normais problemas sociais e humanos, requer uma aten\u00e7\u00e3o especial por parte da Igreja Diocesana.<\/p>\n<p style=\"font-weight: 400;\">Temos a convic\u00e7\u00e3o de que o encontro da Igreja com a sociedade, com a cultura, com a tecnologia, com qualquer atividade humana organizada, se faz no homem ou na pessoa concreta. Respeitando sempre a autonomia das diversas inst\u00e2ncias sociais, sentimos o dever de estar presentes com aquilo que hoje nos \u00e9 espec\u00edfico, onde se joga a vida das pessoas, onde se luta pela dignidade humana e pelos valores fundamentais.<\/p>\n<p style=\"font-weight: 400;\">A Comiss\u00e3o Diocesana Justi\u00e7a e Paz, com as suas atribui\u00e7\u00f5es e composi\u00e7\u00e3o pode e deve ser uma presen\u00e7a atenta, um espa\u00e7o de reflex\u00e3o s\u00e9ria, uma chamada de aten\u00e7\u00e3o oportuna, uma voz respeitosa de den\u00fancia, sempre que est\u00e3o em causa valores humanos e sociais a apoiar, a estimular, a defender e iniciativas a propor e a acompanhar.<\/p>\n<p style=\"font-weight: 400;\">Ao apresentar a Comiss\u00e3o quero sublinhar dois aspetos importantes: a sua dimens\u00e3o eclesial, pela estreita liga\u00e7\u00e3o ao Bispo da Diocese e \u00e0 sua miss\u00e3o pastoral, e a sua estrutura laical, pela sua presid\u00eancia, composi\u00e7\u00e3o e campo de atua\u00e7\u00e3o. Dois aspetos complementares que a enriquecem e valorizam a sua a\u00e7\u00e3o, tendo em vista a fidelidade que norteia e a autonomia de que disp\u00f5e.<\/p>\n<p style=\"font-weight: 400;\">Aprovo os Estatutos da Comiss\u00e3o Diocesana Justi\u00e7a e Paz, elaborados por um grupo que fez uma longa caminhada de reflex\u00e3o, e quero deixar, desde j\u00e1, uma palavra de est\u00edmulo e gratid\u00e3o a todos quantos a venham a constituir, fazendo dela um meio \u00fatil \u00e0 miss\u00e3o da Igreja, no seu servi\u00e7o \u00e0s pessoas e \u00e0 comunidade humana aveirense.<\/p>\n<p style=\"font-weight: 400;\">Aveiro, 1 de Novembro de 1998<\/p>\n<p style=\"font-weight: 400;\"><em>+ Ant\u00f3nio Marcelino, Bispo de Aveiro<\/em><\/p>\n","protected":false},"excerpt":{"rendered":"<p>Comiss\u00e3o Justi\u00e7a e Paz A constitui\u00e7\u00e3o da Comiss\u00e3o Diocesana Justi\u00e7a e Paz \u00e9 um projeto com muitos anos que s\u00f3 agora se concretiza. Foi, por fim, uma decis\u00e3o do S\u00ednodo Diocesano e n\u00e3o pod\u00edamos retardar mais a sua execu\u00e7\u00e3o. Surge em boa hora, quando se comemoram os cinquenta anos da Declara\u00e7\u00e3o Universal dos Direitos do &hellip; <\/p>\n<p class=\"link-more\"><a href=\"https:\/\/diocese-aveiro.pt\/cap\/comissoes-diocesanas\/cdjp-comissao-diocesana-justica-e-paz\/\" class=\"more-link\">Continuar a ler <span class=\"screen-reader-text\">&#8220;CDJP | Comiss\u00e3o Diocesana Justi\u00e7a e Paz&#8221;<\/span><\/a><\/p>\n","protected":false},"author":1,"featured_media":107,"parent":100,"menu_order":0,"comment_status":"closed","ping_status":"closed","template":"","meta":{"_acf_changed":false,"footnotes":""},"class_list":["post-131","page","type-page","status-publish","has-post-thumbnail","hentry"],"acf":[],"_links":{"self":[{"href":"https:\/\/diocese-aveiro.pt\/cap\/wp-json\/wp\/v2\/pages\/131","targetHints":{"allow":["GET"]}}],"collection":[{"href":"https:\/\/diocese-aveiro.pt\/cap\/wp-json\/wp\/v2\/pages"}],"about":[{"href":"https:\/\/diocese-aveiro.pt\/cap\/wp-json\/wp\/v2\/types\/page"}],"author":[{"embeddable":true,"href":"https:\/\/diocese-aveiro.pt\/cap\/wp-json\/wp\/v2\/users\/1"}],"replies":[{"embeddable":true,"href":"https:\/\/diocese-aveiro.pt\/cap\/wp-json\/wp\/v2\/comments?post=131"}],"version-history":[{"count":1,"href":"https:\/\/diocese-aveiro.pt\/cap\/wp-json\/wp\/v2\/pages\/131\/revisions"}],"predecessor-version":[{"id":132,"href":"https:\/\/diocese-aveiro.pt\/cap\/wp-json\/wp\/v2\/pages\/131\/revisions\/132"}],"up":[{"embeddable":true,"href":"https:\/\/diocese-aveiro.pt\/cap\/wp-json\/wp\/v2\/pages\/100"}],"wp:featuredmedia":[{"embeddable":true,"href":"https:\/\/diocese-aveiro.pt\/cap\/wp-json\/wp\/v2\/media\/107"}],"wp:attachment":[{"href":"https:\/\/diocese-aveiro.pt\/cap\/wp-json\/wp\/v2\/media?parent=131"}],"curies":[{"name":"wp","href":"https:\/\/api.w.org\/{rel}","templated":true}]}}

CDJP | Comissão Diocesana Justiça e Paz

<p><span style="color: #993300;"><strong>Comissão Justiça e Paz</strong></span></p>
<p><img loading="lazy" decoding="async" class="alignnone wp-image-107" src="https://diocese-aveiro.pt/cap/wp-content/uploads/2022/09/logoCDJP_aveiro.jpg" alt="" width="59" height="50" /><a href="http://cdjpaveiro.blogspot.com"><img loading="lazy" decoding="async" class="alignnone wp-image-108 size-full" src="https://diocese-aveiro.pt/cap/wp-content/uploads/2022/09/home.png" alt="Comissão Diocesana de Justiça e Paz da Diocese de Aveiro" width="40" height="40" /></a></p>
<p style="font-weight: 400;">A constituição da Comissão Diocesana Justiça e Paz é um projeto com muitos anos que só agora se concretiza. Foi, por fim, uma decisão do Sínodo Diocesano e não podíamos retardar mais a sua execução.</p>
<p style="font-weight: 400;">Surge em boa hora, quando se comemoram os cinquenta anos da Declaração Universal dos Direitos do Homem. Ela vai ter nesta Declaração um estímulo e uma inspiração.</p>
<p style="font-weight: 400;">A evolução da sociedade aveirense, com os normais problemas sociais e humanos, requer uma atenção especial por parte da Igreja Diocesana.</p>
<p style="font-weight: 400;">Temos a convicção de que o encontro da Igreja com a sociedade, com a cultura, com a tecnologia, com qualquer atividade humana organizada, se faz no homem ou na pessoa concreta. Respeitando sempre a autonomia das diversas instâncias sociais, sentimos o dever de estar presentes com aquilo que hoje nos é específico, onde se joga a vida das pessoas, onde se luta pela dignidade humana e pelos valores fundamentais.</p>
<p style="font-weight: 400;">A Comissão Diocesana Justiça e Paz, com as suas atribuições e composição pode e deve ser uma presença atenta, um espaço de reflexão séria, uma chamada de atenção oportuna, uma voz respeitosa de denúncia, sempre que estão em causa valores humanos e sociais a apoiar, a estimular, a defender e iniciativas a propor e a acompanhar.</p>
<p style="font-weight: 400;">Ao apresentar a Comissão quero sublinhar dois aspetos importantes: a sua dimensão eclesial, pela estreita ligação ao Bispo da Diocese e à sua missão pastoral, e a sua estrutura laical, pela sua presidência, composição e campo de atuação. Dois aspetos complementares que a enriquecem e valorizam a sua ação, tendo em vista a fidelidade que norteia e a autonomia de que dispõe.</p>
<p style="font-weight: 400;">Aprovo os Estatutos da Comissão Diocesana Justiça e Paz, elaborados por um grupo que fez uma longa caminhada de reflexão, e quero deixar, desde já, uma palavra de estímulo e gratidão a todos quantos a venham a constituir, fazendo dela um meio útil à missão da Igreja, no seu serviço às pessoas e à comunidade humana aveirense.</p>
<p style="font-weight: 400;">Aveiro, 1 de Novembro de 1998</p>
<p style="font-weight: 400;"><em>+ António Marcelino, Bispo de Aveiro</em></p>

<p>Comissão Justiça e Paz A constituição da Comissão Diocesana Justiça e Paz é um projeto com muitos anos que só agora se concretiza. Foi, por fim, uma decisão do Sínodo Diocesano e não podíamos retardar mais a sua execução. Surge em boa hora, quando se comemoram os cinquenta anos da Declaração Universal dos Direitos do &hellip; </p>
<p class="link-more"><a href="https://diocese-aveiro.pt/cap/comissoes-diocesanas/cdjp-comissao-diocesana-justica-e-paz/" class="more-link">Continuar a ler <span class="screen-reader-text">&#8220;CDJP | Comissão Diocesana Justiça e Paz&#8221;</span></a></p>
