{"id":122,"date":"2022-09-16T09:36:23","date_gmt":"2022-09-16T09:36:23","guid":{"rendered":"https:\/\/diocese-aveiro.pt\/cap\/?page_id=122"},"modified":"2022-09-16T09:37:45","modified_gmt":"2022-09-16T09:37:45","slug":"cdpmv-comissao-diocesana-de-proteccao-de-menores-e-pessoas-vulneraveis","status":"publish","type":"page","link":"https:\/\/diocese-aveiro.pt\/cap\/comissoes-diocesanas\/cdpmv-comissao-diocesana-de-proteccao-de-menores-e-pessoas-vulneraveis\/","title":{"rendered":"CDPMPV | Comiss\u00e3o Diocesana de Protec\u00e7\u00e3o de Menores e Pessoas Vulner\u00e1veis"},"content":{"rendered":"<p><strong>Comiss\u00e3o Diocesana para a Prote\u00e7\u00e3o de Menores e Pessoas Vulner\u00e1veis (CDPMPV)<\/strong><\/p>\n<p><a href=\"https:\/\/diocese-aveiro.pt\/comissaodpmpv\/\"><img loading=\"lazy\" decoding=\"async\" class=\"alignnone wp-image-108 size-full\" src=\"https:\/\/diocese-aveiro.pt\/cap\/wp-content\/uploads\/2022\/09\/home.png\" alt=\"Comiss\u00e3o Diocesanada Cultura\" width=\"40\" height=\"40\" \/><\/a><\/p>\n<p>Cumprindo a vontade do papa Francisco expressa na Carta \u201c<em>Vos estis lux mundi<\/em>\u201d de criar, em cada Diocese, uma Comiss\u00e3o para a Prote\u00e7\u00e3o de Menores e Pessoas Vulner\u00e1veis\u201d v\u00edtimas de abusos sexuais por parte de agentes ligado \u00e0 Igreja,<\/p>\n<p>Decido criar a referida Comiss\u00e3o que ter\u00e1 como objetivo ajudar o Bispo no exerc\u00edcio das suas responsabilidades, contribuindo e difundindo uma cultura de preven\u00e7\u00e3o, dando instrumentos de informa\u00e7\u00e3o e forma\u00e7\u00e3o e seguindo as normativas civis e can\u00f3nicos bem como as Orienta\u00e7\u00f5es da Santa S\u00e9 e da Confer\u00eancia Episcopal Portuguesa.<\/p>\n<p>Ser\u00e1 composta pelos seguintes membros:<\/p>\n<p>Dr. M\u00e1rio Silva Tavares Mendes,\u00a0<em>Juiz conselheiro jubilado<\/em><\/p>\n<p>Dr. Nuno \u00c1lvares de Castro Ramos Pereira,\u00a0<em>Psiquiatra<\/em><\/p>\n<p>Dr.a M\u00f3nica Pedreiras da Cruz,\u00a0<em>Inspetora da PJ<\/em><\/p>\n<p>Dr.a Ana Paula Hip\u00f3lito de Carvalho ,\u00a0<em>Educadora de inf\u00e2ncia<\/em><\/p>\n<p>Dr. Ricardo Vara Cavaleiro,\u00a0<em>Advogado<\/em><\/p>\n<p>A tomada de posse ser\u00e1 realizada de forma p\u00fablica e agendada para o dia 1 de junho \u00e0s 15.00 no Pa\u00e7o Episcopal.<\/p>\n<p class=\"has-text-align-center\">Aveiro, 22 de maio de 2020<\/p>\n<p class=\"has-text-align-center\"><em>+ Ant\u00f3nio Manuel Moiteiro Ramos, bispo de Aveiro<\/em><\/p>\n","protected":false},"excerpt":{"rendered":"<p>Comiss\u00e3o Diocesana para a Prote\u00e7\u00e3o de Menores e Pessoas Vulner\u00e1veis (CDPMPV) Cumprindo a vontade do papa Francisco expressa na Carta \u201cVos estis lux mundi\u201d de criar, em cada Diocese, uma Comiss\u00e3o para a Prote\u00e7\u00e3o de Menores e Pessoas Vulner\u00e1veis\u201d v\u00edtimas de abusos sexuais por parte de agentes ligado \u00e0 Igreja, Decido criar a referida Comiss\u00e3o &hellip; <\/p>\n<p class=\"link-more\"><a href=\"https:\/\/diocese-aveiro.pt\/cap\/comissoes-diocesanas\/cdpmv-comissao-diocesana-de-proteccao-de-menores-e-pessoas-vulneraveis\/\" class=\"more-link\">Continuar a ler <span class=\"screen-reader-text\">&#8220;CDPMPV | Comiss\u00e3o Diocesana de Protec\u00e7\u00e3o de Menores e Pessoas Vulner\u00e1veis&#8221;<\/span><\/a><\/p>\n","protected":false},"author":1,"featured_media":123,"parent":100,"menu_order":0,"comment_status":"closed","ping_status":"closed","template":"","meta":{"_acf_changed":false,"footnotes":""},"class_list":["post-122","page","type-page","status-publish","has-post-thumbnail","hentry"],"acf":[],"_links":{"self":[{"href":"https:\/\/diocese-aveiro.pt\/cap\/wp-json\/wp\/v2\/pages\/122","targetHints":{"allow":["GET"]}}],"collection":[{"href":"https:\/\/diocese-aveiro.pt\/cap\/wp-json\/wp\/v2\/pages"}],"about":[{"href":"https:\/\/diocese-aveiro.pt\/cap\/wp-json\/wp\/v2\/types\/page"}],"author":[{"embeddable":true,"href":"https:\/\/diocese-aveiro.pt\/cap\/wp-json\/wp\/v2\/users\/1"}],"replies":[{"embeddable":true,"href":"https:\/\/diocese-aveiro.pt\/cap\/wp-json\/wp\/v2\/comments?post=122"}],"version-history":[{"count":4,"href":"https:\/\/diocese-aveiro.pt\/cap\/wp-json\/wp\/v2\/pages\/122\/revisions"}],"predecessor-version":[{"id":127,"href":"https:\/\/diocese-aveiro.pt\/cap\/wp-json\/wp\/v2\/pages\/122\/revisions\/127"}],"up":[{"embeddable":true,"href":"https:\/\/diocese-aveiro.pt\/cap\/wp-json\/wp\/v2\/pages\/100"}],"wp:featuredmedia":[{"embeddable":true,"href":"https:\/\/diocese-aveiro.pt\/cap\/wp-json\/wp\/v2\/media\/123"}],"wp:attachment":[{"href":"https:\/\/diocese-aveiro.pt\/cap\/wp-json\/wp\/v2\/media?parent=122"}],"curies":[{"name":"wp","href":"https:\/\/api.w.org\/{rel}","templated":true}]}}

CDPMPV | Comissão Diocesana de Protecção de Menores e Pessoas Vulneráveis

<p><strong>Comissão Diocesana para a Proteção de Menores e Pessoas Vulneráveis (CDPMPV)</strong></p>
<p><a href="https://diocese-aveiro.pt/comissaodpmpv/"><img loading="lazy" decoding="async" class="alignnone wp-image-108 size-full" src="https://diocese-aveiro.pt/cap/wp-content/uploads/2022/09/home.png" alt="Comissão Diocesanada Cultura" width="40" height="40" /></a></p>
<p>Cumprindo a vontade do papa Francisco expressa na Carta “<em>Vos estis lux mundi</em>” de criar, em cada Diocese, uma Comissão para a Proteção de Menores e Pessoas Vulneráveis” vítimas de abusos sexuais por parte de agentes ligado à Igreja,</p>
<p>Decido criar a referida Comissão que terá como objetivo ajudar o Bispo no exercício das suas responsabilidades, contribuindo e difundindo uma cultura de prevenção, dando instrumentos de informação e formação e seguindo as normativas civis e canónicos bem como as Orientações da Santa Sé e da Conferência Episcopal Portuguesa.</p>
<p>Será composta pelos seguintes membros:</p>
<p>Dr. Mário Silva Tavares Mendes, <em>Juiz conselheiro jubilado</em></p>
<p>Dr. Nuno Álvares de Castro Ramos Pereira, <em>Psiquiatra</em></p>
<p>Dr.a Mónica Pedreiras da Cruz, <em>Inspetora da PJ</em></p>
<p>Dr.a Ana Paula Hipólito de Carvalho , <em>Educadora de infância</em></p>
<p>Dr. Ricardo Vara Cavaleiro, <em>Advogado</em></p>
<p>A tomada de posse será realizada de forma pública e agendada para o dia 1 de junho às 15.00 no Paço Episcopal.</p>
<p class="has-text-align-center">Aveiro, 22 de maio de 2020</p>
<p class="has-text-align-center"><em>+ António Manuel Moiteiro Ramos, bispo de Aveiro</em></p>

<p>Comissão Diocesana para a Proteção de Menores e Pessoas Vulneráveis (CDPMPV) Cumprindo a vontade do papa Francisco expressa na Carta “Vos estis lux mundi” de criar, em cada Diocese, uma Comissão para a Proteção de Menores e Pessoas Vulneráveis” vítimas de abusos sexuais por parte de agentes ligado à Igreja, Decido criar a referida Comissão &hellip; </p>
<p class="link-more"><a href="https://diocese-aveiro.pt/cap/comissoes-diocesanas/cdpmv-comissao-diocesana-de-proteccao-de-menores-e-pessoas-vulneraveis/" class="more-link">Continuar a ler <span class="screen-reader-text">&#8220;CDPMPV | Comissão Diocesana de Protecção de Menores e Pessoas Vulneráveis&#8221;</span></a></p>
