{"id":297,"date":"2021-01-08T15:41:28","date_gmt":"2021-01-08T15:41:28","guid":{"rendered":"https:\/\/diocese-aveiro.pt\/beduido\/?page_id=297"},"modified":"2021-03-26T12:02:30","modified_gmt":"2021-03-26T12:02:30","slug":"uncao-dos-doentes","status":"publish","type":"page","link":"https:\/\/diocese-aveiro.pt\/beduido\/sacramentos\/uncao-dos-doentes\/","title":{"rendered":"Un\u00e7\u00e3o dos Doentes"},"content":{"rendered":"\n\n\nDesigning\n\n<span style=\"color: rgb(99, 36, 35);\"><\/span><p style=\"text-align: justify;\"><span style=\"color: rgb(99, 36, 35);\"><span style=\"font-size: 24px;\">A Ep\u00edstola de S. Tiago recomenda que se administre a Un\u00e7\u00e3o aos doentes para os aliviar e salvar.<\/span><\/span><\/p><span style=\"color: rgb(99, 36, 35);\"><span style=\"font-size: 24px;\"><br><\/span><\/span><p style=\"text-align: justify;\"><span style=\"color: rgb(99, 36, 35);\"><span style=\"font-size: 24px;\">Deve, por isso, com todo o empenho e dilig\u00eancia, aplicar-se aos fi\u00e9is gravemente doentes, quer em raz\u00e3o da pr\u00f3pria enfermidade, quer em raz\u00e3o da idade avan\u00e7ada.<\/span><\/span><\/p><span style=\"color: rgb(99, 36, 35);\"><span style=\"font-size: 24px;\"><br><\/span><\/span><p style=\"text-align: justify;\"><span style=\"color: rgb(99, 36, 35);\"><span style=\"font-size: 24px;\">Pode tamb\u00e9m dar-se a Santa Un\u00e7\u00e3o antes de uma grave interven\u00e7\u00e3o cir\u00fargica, quando o motivo \u00e9 uma doen\u00e7a perigosa.<\/span><\/span><\/p><span style=\"color: rgb(99, 36, 35);\"><\/span>\n\n\n\n\n\n\n\n","protected":false},"excerpt":{"rendered":"","protected":false},"author":1,"featured_media":0,"parent":193,"menu_order":0,"comment_status":"closed","ping_status":"closed","template":"","meta":{"footnotes":""},"class_list":["post-297","page","type-page","status-publish","hentry"],"_links":{"self":[{"href":"https:\/\/diocese-aveiro.pt\/beduido\/wp-json\/wp\/v2\/pages\/297","targetHints":{"allow":["GET"]}}],"collection":[{"href":"https:\/\/diocese-aveiro.pt\/beduido\/wp-json\/wp\/v2\/pages"}],"about":[{"href":"https:\/\/diocese-aveiro.pt\/beduido\/wp-json\/wp\/v2\/types\/page"}],"author":[{"embeddable":true,"href":"https:\/\/diocese-aveiro.pt\/beduido\/wp-json\/wp\/v2\/users\/1"}],"replies":[{"embeddable":true,"href":"https:\/\/diocese-aveiro.pt\/beduido\/wp-json\/wp\/v2\/comments?post=297"}],"version-history":[{"count":6,"href":"https:\/\/diocese-aveiro.pt\/beduido\/wp-json\/wp\/v2\/pages\/297\/revisions"}],"predecessor-version":[{"id":1271,"href":"https:\/\/diocese-aveiro.pt\/beduido\/wp-json\/wp\/v2\/pages\/297\/revisions\/1271"}],"up":[{"embeddable":true,"href":"https:\/\/diocese-aveiro.pt\/beduido\/wp-json\/wp\/v2\/pages\/193"}],"wp:attachment":[{"href":"https:\/\/diocese-aveiro.pt\/beduido\/wp-json\/wp\/v2\/media?parent=297"}],"curies":[{"name":"wp","href":"https:\/\/api.w.org\/{rel}","templated":true}]}}