{"id":149,"date":"2021-01-08T11:47:20","date_gmt":"2021-01-08T11:47:20","guid":{"rendered":"https:\/\/diocese-aveiro.pt\/beduido\/?page_id=149"},"modified":"2021-02-02T19:50:04","modified_gmt":"2021-02-02T19:50:04","slug":"historia","status":"publish","type":"page","link":"https:\/\/diocese-aveiro.pt\/beduido\/patrimonio\/igrejas-paroquiais\/matriz\/historia\/","title":{"rendered":"Hist\u00f3ria"},"content":{"rendered":"\n\nP\u00e1gina em constru\u00e7\u00e3o\n\n<p><span style=\"color: rgb(255, 255, 255);\">\u00abJogo\u00bb<\/span><\/p><p><span style=\"color: rgb(255, 255, 255);\">Desafio 0<\/span><\/p><p><span style=\"color: rgb(255, 255, 255);\">Pista 2 de 2<\/span><\/p>\n\n\n","protected":false},"excerpt":{"rendered":"","protected":false},"author":1,"featured_media":0,"parent":147,"menu_order":0,"comment_status":"closed","ping_status":"closed","template":"","meta":{"footnotes":""},"class_list":["post-149","page","type-page","status-publish","hentry"],"_links":{"self":[{"href":"https:\/\/diocese-aveiro.pt\/beduido\/wp-json\/wp\/v2\/pages\/149","targetHints":{"allow":["GET"]}}],"collection":[{"href":"https:\/\/diocese-aveiro.pt\/beduido\/wp-json\/wp\/v2\/pages"}],"about":[{"href":"https:\/\/diocese-aveiro.pt\/beduido\/wp-json\/wp\/v2\/types\/page"}],"author":[{"embeddable":true,"href":"https:\/\/diocese-aveiro.pt\/beduido\/wp-json\/wp\/v2\/users\/1"}],"replies":[{"embeddable":true,"href":"https:\/\/diocese-aveiro.pt\/beduido\/wp-json\/wp\/v2\/comments?post=149"}],"version-history":[{"count":7,"href":"https:\/\/diocese-aveiro.pt\/beduido\/wp-json\/wp\/v2\/pages\/149\/revisions"}],"predecessor-version":[{"id":966,"href":"https:\/\/diocese-aveiro.pt\/beduido\/wp-json\/wp\/v2\/pages\/149\/revisions\/966"}],"up":[{"embeddable":true,"href":"https:\/\/diocese-aveiro.pt\/beduido\/wp-json\/wp\/v2\/pages\/147"}],"wp:attachment":[{"href":"https:\/\/diocese-aveiro.pt\/beduido\/wp-json\/wp\/v2\/media?parent=149"}],"curies":[{"name":"wp","href":"https:\/\/api.w.org\/{rel}","templated":true}]}}