{"id":32,"date":"2020-03-02T11:00:44","date_gmt":"2020-03-02T11:00:44","guid":{"rendered":"https:\/\/diocese-aveiro.pt\/acaosocial\/?page_id=32"},"modified":"2020-03-02T13:44:05","modified_gmt":"2020-03-02T13:44:05","slug":"fundacoes","status":"publish","type":"page","link":"https:\/\/diocese-aveiro.pt\/acaosocial\/fundacoes\/","title":{"rendered":"FUNDA\u00c7\u00d5ES"},"content":{"rendered":"\n<p><strong>Funda\u00e7\u00e3o Padre F\u00e9lix<br><\/strong> Institui\u00e7\u00e3o \u2013 07-04-1989<br> Rua do Barro, 24 \u2013 S\u00e3o Bernardo \u2013 3810-063 Aveiro<br> Telefone  234 340 135; 961 217 365<br> direcao@fundacaopadrefelix.pt<br><a href=\"http:\/\/www.fundacaopadrefelix.pt\" target=\"_blank\" rel=\"noreferrer noopener\" aria-label=\" www.fundacaopadrefelix.pt (abre num novo separador)\"> www.fundacaopadrefelix.pt<\/a><\/p>\n\n\n\n<p><strong>Funda\u00e7\u00e3o Prior Sardo<br><\/strong> Presidente \u2013 Filipe Casqueira Coelho<br> Institui\u00e7\u00e3o \u2013 31-10-1993<br> Rua Trindade Salgueiro \u2013 Apartado 111 \u2013 3834-685 Gafanha da Nazar\u00e9<br> Telefone 234 361 340<\/p>\n\n\n\n<p><strong>Funda\u00e7\u00e3o C\u00f3nego Filipe de Figueiredo<\/strong><br> Institui\u00e7\u00e3o \u2013  27-11-2004<br> Presidente \u2013  Domingos Alfredo Tavares Mendes<br> Rua do Dr. Manuel Andrade, 4 \u2013 Apartado 128 \u2013 3864-909 Estarreja<br> fundaconfilipedefigueiredo@hotmail.com<br><a rel=\"noreferrer noopener\" aria-label=\" www.fundaconfilipedefigueiredo.com (abre num novo separador)\" href=\"http:\/\/www.fundaconfilipedefigueiredo.com\" target=\"_blank\"> www.fundaconfilipedefigueiredo.com<\/a><\/p>\n","protected":false},"excerpt":{"rendered":"<p>Funda\u00e7\u00e3o Padre F\u00e9lix Institui\u00e7\u00e3o \u2013 07-04-1989 Rua do Barro, 24 \u2013 S\u00e3o Bernardo \u2013 3810-063 Aveiro Telefone 234 340 135; 961 217 365 direcao@fundacaopadrefelix.pt www.fundacaopadrefelix.pt Funda\u00e7\u00e3o Prior Sardo Presidente \u2013 Filipe Casqueira Coelho Institui\u00e7\u00e3o \u2013 31-10-1993 Rua Trindade Salgueiro \u2013 Apartado 111 \u2013 3834-685 Gafanha da Nazar\u00e9 Telefone 234 361 340 Funda\u00e7\u00e3o C\u00f3nego Filipe de &#8230;.&nbsp;&nbsp;<a class=\" special\" href=\"https:\/\/diocese-aveiro.pt\/acaosocial\/fundacoes\/\">Read More<\/a><\/p>\n","protected":false},"author":1,"featured_media":0,"parent":0,"menu_order":0,"comment_status":"closed","ping_status":"closed","template":"","meta":{"footnotes":""},"class_list":["post-32","page","type-page","status-publish","hentry"],"_links":{"self":[{"href":"https:\/\/diocese-aveiro.pt\/acaosocial\/wp-json\/wp\/v2\/pages\/32","targetHints":{"allow":["GET"]}}],"collection":[{"href":"https:\/\/diocese-aveiro.pt\/acaosocial\/wp-json\/wp\/v2\/pages"}],"about":[{"href":"https:\/\/diocese-aveiro.pt\/acaosocial\/wp-json\/wp\/v2\/types\/page"}],"author":[{"embeddable":true,"href":"https:\/\/diocese-aveiro.pt\/acaosocial\/wp-json\/wp\/v2\/users\/1"}],"replies":[{"embeddable":true,"href":"https:\/\/diocese-aveiro.pt\/acaosocial\/wp-json\/wp\/v2\/comments?post=32"}],"version-history":[{"count":3,"href":"https:\/\/diocese-aveiro.pt\/acaosocial\/wp-json\/wp\/v2\/pages\/32\/revisions"}],"predecessor-version":[{"id":40,"href":"https:\/\/diocese-aveiro.pt\/acaosocial\/wp-json\/wp\/v2\/pages\/32\/revisions\/40"}],"wp:attachment":[{"href":"https:\/\/diocese-aveiro.pt\/acaosocial\/wp-json\/wp\/v2\/media?parent=32"}],"curies":[{"name":"wp","href":"https:\/\/api.w.org\/{rel}","templated":true}]}}