{"id":2194,"date":"2024-03-05T17:50:20","date_gmt":"2024-03-05T17:50:20","guid":{"rendered":"https:\/\/diocese-aveiro.pt\/v3\/?page_id=2194"},"modified":"2024-03-06T09:41:22","modified_gmt":"2024-03-06T09:41:22","slug":"vida-consagrada","status":"publish","type":"page","link":"http:\/\/diocese-aveiro.pt\/v3\/vida-consagrada\/","title":{"rendered":"VIDA CONSAGRADA"},"content":{"rendered":"\n<p class=\"has-text-align-center has-white-color has-text-color has-background has-link-color wp-elements-116c35b6d7476968f3fff8e276921ca7\" style=\"background-color:#2e6c9e\">INSTITUTOS MASCULINOS<\/p>\n\n\n\n<p><strong>Padres do Sagrado Cora\u00e7\u00e3o de Jesus\/ Dehonianos (SCJ)<br><\/strong>Casa do Sagrado Cora\u00e7\u00e3o de Jesus<br>Rua das Cardadeiras, 28 &#8211; Apartado 702 &#8211; Esgueira &#8211; 3801-801 Aveiro<br>234 300 430<br>aveiro@dehonianos.org<br><a href=\"https:\/\/www.dehonianos.org\/portal\/aveiro\/\" target=\"_blank\" rel=\"noreferrer noopener\">www.dehonianos.org\/portal\/aveiro<\/a><\/p>\n\n\n\n<p><strong>Sacerdotes Salesianos (SDB)<br><\/strong>Col\u00e9gio Salesiano de Mogofores &#8211; 3780-453 Mogofores<br>231 510 790, 916 630 702<br>taveira@salesianos.pt<br><a href=\"https:\/\/www.mogofores.salesianos.pt\/\" target=\"_blank\" rel=\"noreferrer noopener\">www.mogofores.salesianos.pt<\/a><\/p>\n\n\n\n<p><strong>Sacerdotes Mission\u00e1rios do Verbo Divino (SVD)<br><\/strong>Rua C\u00e9sar Barata n.\u00ba 16 \u2013 3750-791 Trofa<br>919 302 223<br>jlspimenta@gmail.com<\/p>\n\n\n\n<p class=\"has-text-align-center has-white-color has-text-color has-background has-link-color wp-elements-40d34e1fe8ad6c70b043cc43be34d01b\" style=\"background-color:#2e6c9e\">INSTITUTOS FEMININOS<\/p>\n\n\n\n<p><strong>Carmelitas Descal\u00e7as (Carmelo)<br><\/strong>Carmelo de Cristo Redentor<br>Rua de Nossa Senhora da Sa\u00fade, 18 &#8211; S\u00e3o Bernardo &#8211; 3810-291 Aveiro<br>234 342 615<br>carmeloaveiro@carmelitas.pt<br><a href=\"https:\/\/carmeloaveiro.carmelitas.pt\/\" target=\"_blank\" rel=\"noreferrer noopener\">www.carmeloaveiro.carmelitas.pt<\/a><\/p>\n\n\n\n<p><strong>Criaditas dos Pobres<br><\/strong>Rua de Ant\u00f3nio da Benta, 27 &#8211; 3800-101 Aveiro<br>234 424 518<br>criaditas.dospobres@sapo.pt<\/p>\n\n\n\n<p><strong>Dominicanas de Santa Catarina de Sena<br><\/strong>Casa de Santa Joana &#8211; Rua de Espinho, 1 &#8211; 3810-114 Aveiro<br>234 422 692, 962 153 594<br>idscs.aveiro@gmail.com<br><a href=\"https:\/\/dominicanas-scs.pt\/\" target=\"_blank\" rel=\"noreferrer noopener\">www.dominicanas-scs.pt<\/a><\/p>\n\n\n\n<p><strong>Franciscanas Mission\u00e1rias de Maria (FMM)<br><\/strong>Casa paroquial &#8211; 3780-011 Amoreira da G\u00e2ndara<br>231 596 446<br>fmmamoreira@sapo.pt<br><a href=\"http:\/\/www.fmmportugal.com\/\" target=\"_blank\" rel=\"noreferrer noopener\">www.fmmportugal.com<\/a><\/p>\n\n\n\n<p><strong>Franciscanas Mission\u00e1rias de Nossa Senhora (FMNS)<br><\/strong>Rua Obra da Crian\u00e7a &#8211; Casa 1 &#8211; 3830-144 \u00cdlhavo<br>234 322 477<br><a href=\"https:\/\/www.franciscanas.pt\/\">www.franciscanas.pt<\/a><\/p>\n\n\n\n<p><strong>Irm\u00e3s da Alian\u00e7a de Santa Maria (ASM)<br><\/strong>Rua da Nestl\u00e9, 16E \u2013 Largo da Igreja &#8211; 3860-071 Estarreja<br>234 845 267<br>deolinda.alianca@gmail.com; alianca.estarreja@gmail.com<br><a href=\"https:\/\/asmaria.org\/\" target=\"_blank\" rel=\"noreferrer noopener\">www.asmaria.org<\/a><\/p>\n\n\n\n<p><strong>Irm\u00e3s de Santa Doroteia \u2013 Irm\u00e3s Doroteias<br><\/strong>P\u00f3voa da Igreja &#8211; 3750-721 Recard\u00e3es<br>234 600 767<br>com.recardaes@gmail.com<br><a href=\"https:\/\/irmasdoroteias.pt\/\" target=\"_blank\" rel=\"noreferrer noopener\">www.irmasdoroteias.pt<\/a><\/p>\n\n\n\n<p><strong>Irm\u00e3s de S. Jos\u00e9 de Cluny (SJC)<br><\/strong>Col\u00e9gio de Nossa Senhora da Assun\u00e7\u00e3o<br>Rua S. Jos\u00e9 de Cluny n.\u00ba 25 &#8211; Famalic\u00e3o &#8211; 3780-292 Anadia<br>231 510 500, 967 346 813, 968 319 760<br>Col\u00e9gio: geral@cnsacluny.com;<br>Comunidade: csenhorapaz@gmail.com<br><a href=\"https:\/\/www.cnsacluny.com\/\" target=\"_blank\" rel=\"noreferrer noopener\">www.cnsacluny.com<\/a><\/p>\n\n\n\n<p><strong>Irm\u00e3s Servas da Sagrada Fam\u00edlia (ISSF)<br><\/strong>Casa da Imaculada Concei\u00e7\u00e3o &#8211; Rua das Flores n.\u00ba 2 &#8211; 3780-222 Anadia<br>231 512 602<br>imaculadoconceicao@sapo.pt<\/p>\n\n\n\n<p><strong>Mission\u00e1rias Reparadoras do Sagrado Cora\u00e7\u00e3o de Jesus (MR)<br><\/strong>Patronato de Nossa Senhora das Dores<br>Rua Dr. Correia de Miranda, 27 &#8211; 3850-755 Travass\u00f4 &#8211; \u00c1gueda<br>234 629 238<br>patronato@pnsdores.com<br><a href=\"https:\/\/pnsdores.com\/\" target=\"_blank\" rel=\"noreferrer noopener\">www.pnsdores.com<\/a><\/p>\n\n\n\n<p><strong>Religiosas do Amor de Deus \u2013 Lar de S. Jos\u00e9<br><\/strong>Rua de D. J\u00falio Tavares Rebimbas &#8211; 3830-175 \u00cdlhavo<br>234 329 420<br>amordedeus.larsaojose@gmail.com<\/p>\n\n\n\n<p><strong>Religiosas do Sagrado Cora\u00e7\u00e3o de Maria (RSCM)<br><\/strong>Av. de Jos\u00e9 Est\u00eav\u00e3o, 8 &#8211; Costa Nova do Prado<br>3830-453 Gafanha da Encarna\u00e7\u00e3o<br>234 360 518<br>com.costanova@irscm.pt<br><a href=\"https:\/\/www.irscm.pt\/\" target=\"_blank\" rel=\"noreferrer noopener\">www.irscm.pt<\/a><\/p>\n\n\n\n<p><em>Centro de Espiritualidade Jean Gailhac<br><\/em>Av. de Jos\u00e9 Est\u00eav\u00e3o, 8\/10 &#8211; Costa Nova do Prado<br>3830-453 Gafanha da Encarna\u00e7\u00e3o<br>234 360 835<br>cejeangailhac@irscm.pt<br><a href=\"https:\/\/www.irscm.pt\/centro-de-espiritualidade-jean-gailhac-cejg\/\" target=\"_blank\" rel=\"noreferrer noopener\">www.irscm.pt\/centro-de-espiritualidade-jean-gailhac-cejg<\/a><\/p>\n\n\n\n<p><em>Comunidade do Sagrado Cora\u00e7\u00e3o de Maria<\/em><br>Largo dos Combatentes da Grande Guerra, 4 &#8211; 3870-154 Murtosa<br>234 868 007<br>com.murtosa@irscm.pt<\/p>\n\n\n\n<p><strong>Servas de Nossa Senhora de F\u00e1tima (SNSF)<br><\/strong>Av. de Ara\u00fajo e Silva, 96\/98 &#8211; 3810-048 \u2013 Aveiro<br>234 193 850<br>snsfaveiro@netvisao.pt, aveiro@servasnsfatima.org<br><a href=\"https:\/\/servasnsfatima.org\/\" target=\"_blank\" rel=\"noreferrer noopener\">www.servasnsfatima.org<\/a><\/p>\n\n\n\n<p><strong>Servas do Sant\u00edssimo Sacramento<br><\/strong>Sever do Vouga<br>913 389 298<\/p>\n\n\n\n<p class=\"has-text-align-center has-white-color has-text-color has-background has-link-color wp-elements-7ca97944a9c85442099e163a4503e261\" style=\"background-color:#2e6c9e\">INSTITUTOS SECULARES<\/p>\n\n\n\n<p><strong>\u2018C\u00e1ritas Christi\u2019 (CC)<br><\/strong>Maria de Lurdes Marques Costa<br>Rua das Quintas &#8211; Santa Joana &#8211; 3810-557 Aveiro<br>234 341 078<\/p>\n\n\n\n<p><strong>Cooperadoras da Fam\u00edlia (ISCF)<br><\/strong>Casa de Santa Zita &#8211; Rua dos Combatentes da Grande Guerra, 113 &#8211; 3810-087 Aveiro<br>234 420 990; 969 941 887<br>aveiro@osz.pt<br><a href=\"https:\/\/www.osz.pt\/\" target=\"_blank\" rel=\"noreferrer noopener\">www.osz.pt<\/a><\/p>\n\n\n\n<p><strong>Instituto Secular das Irm\u00e3s de Maria de Schoenstatt<br><\/strong>Centro Tabor &#8211; Rua do Santu\u00e1rio,83 &#8211; 3830-806 Gafanha da Nazar\u00e9<br>234 320 290; 963 690 414<br>geral@sementesdosantuario.pt<br><a href=\"https:\/\/www.schoenstatt.pt\/santuarios\/aveiro\" target=\"_blank\" rel=\"noreferrer noopener\">www.schoenstatt.pt\/santuarios\/aveiro<\/a><br><a href=\"https:\/\/sementesdosantuario.pt\/\" target=\"_blank\" rel=\"noreferrer noopener\">www.sementesdosantuario.pt<\/a><\/p>\n\n\n\n<p><strong>Auxiliares do Apostolado<br><\/strong>961 254 929<br>teresamiranda1957@hotmail.com<\/p>\n\n\n\n<p><strong>Instituto \u2018Maria a Caminho\u2019<br><\/strong>Rua Central, 45 &#8211; Alagoas &#8211; 3810-233 Aveiro<br>234 086 691<\/p>\n\n\n\n<p><strong>Leigas Consagradas na Ordem das Virgens<br><\/strong>Fernanda Marques Pereira<br>Rua da P\u00f3voa de Baixo, 64 \u2013 Casa A \u2013 3860-386 ESTARREJA<br>234 871 362; 963 020 801<br>f.pereira.seguros@netvisao.pt<\/p>\n\n\n\n<p><strong>Mission\u00e1rios Atletas de Cristo<br><\/strong>Rua da Vila, 113 \u2013 3780-599 Vilarinho do Bairro<br>911 741 594<br>lucianoaly25@gmail.com<\/p>\n","protected":false},"excerpt":{"rendered":"<p>INSTITUTOS MASCULINOS Padres do Sagrado Cora\u00e7\u00e3o de Jesus\/ Dehonianos (SCJ)Casa do Sagrado Cora\u00e7\u00e3o de JesusRua das Cardadeiras, 28 &#8211; Apartado 702 &#8211; Esgueira &#8211; 3801-801 Aveiro234 300 430aveiro@dehonianos.orgwww.dehonianos.org\/portal\/aveiro Sacerdotes Salesianos (SDB)Col\u00e9gio Salesiano de Mogofores &#8211; 3780-453 Mogofores231 510 790, 916 630 702taveira@salesianos.ptwww.mogofores.salesianos.pt Sacerdotes Mission\u00e1rios do Verbo Divino (SVD)Rua C\u00e9sar Barata n.\u00ba 16 \u2013 3750-791 Trofa919 302 223jlspimenta@gmail.com INSTITUTOS FEMININOS Carmelitas [&hellip;]<\/p>\n","protected":false},"author":1,"featured_media":0,"parent":0,"menu_order":0,"comment_status":"closed","ping_status":"closed","template":"","meta":{"pagelayer_contact_templates":[],"_pagelayer_content":"","_mc_calendar":[],"footnotes":""},"class_list":["post-2194","page","type-page","status-publish","hentry"],"_links":{"self":[{"href":"http:\/\/diocese-aveiro.pt\/v3\/wp-json\/wp\/v2\/pages\/2194","targetHints":{"allow":["GET"]}}],"collection":[{"href":"http:\/\/diocese-aveiro.pt\/v3\/wp-json\/wp\/v2\/pages"}],"about":[{"href":"http:\/\/diocese-aveiro.pt\/v3\/wp-json\/wp\/v2\/types\/page"}],"author":[{"embeddable":true,"href":"http:\/\/diocese-aveiro.pt\/v3\/wp-json\/wp\/v2\/users\/1"}],"replies":[{"embeddable":true,"href":"http:\/\/diocese-aveiro.pt\/v3\/wp-json\/wp\/v2\/comments?post=2194"}],"version-history":[{"count":11,"href":"http:\/\/diocese-aveiro.pt\/v3\/wp-json\/wp\/v2\/pages\/2194\/revisions"}],"predecessor-version":[{"id":2210,"href":"http:\/\/diocese-aveiro.pt\/v3\/wp-json\/wp\/v2\/pages\/2194\/revisions\/2210"}],"wp:attachment":[{"href":"http:\/\/diocese-aveiro.pt\/v3\/wp-json\/wp\/v2\/media?parent=2194"}],"curies":[{"name":"wp","href":"https:\/\/api.w.org\/{rel}","templated":true}]}}

<p class="has-text-align-center has-white-color has-text-color has-background has-link-color wp-elements-116c35b6d7476968f3fff8e276921ca7" style="background-color:#2e6c9e">INSTITUTOS MASCULINOS</p>



<p><strong>Padres do Sagrado Coração de Jesus/ Dehonianos (SCJ)<br></strong>Casa do Sagrado Coração de Jesus<br>Rua das Cardadeiras, 28 &#8211; Apartado 702 &#8211; Esgueira &#8211; 3801-801 Aveiro<br>234 300 430<br>aveiro@dehonianos.org<br><a href="https://www.dehonianos.org/portal/aveiro/" target="_blank" rel="noreferrer noopener">www.dehonianos.org/portal/aveiro</a></p>



<p><strong>Sacerdotes Salesianos (SDB)<br></strong>Colégio Salesiano de Mogofores &#8211; 3780-453 Mogofores<br>231 510 790, 916 630 702<br>taveira@salesianos.pt<br><a href="https://www.mogofores.salesianos.pt/" target="_blank" rel="noreferrer noopener">www.mogofores.salesianos.pt</a></p>



<p><strong>Sacerdotes Missionários do Verbo Divino (SVD)<br></strong>Rua César Barata n.º 16 – 3750-791 Trofa<br>919 302 223<br>jlspimenta@gmail.com</p>



<p class="has-text-align-center has-white-color has-text-color has-background has-link-color wp-elements-40d34e1fe8ad6c70b043cc43be34d01b" style="background-color:#2e6c9e">INSTITUTOS FEMININOS</p>



<p><strong>Carmelitas Descalças (Carmelo)<br></strong>Carmelo de Cristo Redentor<br>Rua de Nossa Senhora da Saúde, 18 &#8211; São Bernardo &#8211; 3810-291 Aveiro<br>234 342 615<br>carmeloaveiro@carmelitas.pt<br><a href="https://carmeloaveiro.carmelitas.pt/" target="_blank" rel="noreferrer noopener">www.carmeloaveiro.carmelitas.pt</a></p>



<p><strong>Criaditas dos Pobres<br></strong>Rua de António da Benta, 27 &#8211; 3800-101 Aveiro<br>234 424 518<br>criaditas.dospobres@sapo.pt</p>



<p><strong>Dominicanas de Santa Catarina de Sena<br></strong>Casa de Santa Joana &#8211; Rua de Espinho, 1 &#8211; 3810-114 Aveiro<br>234 422 692, 962 153 594<br>idscs.aveiro@gmail.com<br><a href="https://dominicanas-scs.pt/" target="_blank" rel="noreferrer noopener">www.dominicanas-scs.pt</a></p>



<p><strong>Franciscanas Missionárias de Maria (FMM)<br></strong>Casa paroquial &#8211; 3780-011 Amoreira da Gândara<br>231 596 446<br>fmmamoreira@sapo.pt<br><a href="http://www.fmmportugal.com/" target="_blank" rel="noreferrer noopener">www.fmmportugal.com</a></p>



<p><strong>Franciscanas Missionárias de Nossa Senhora (FMNS)<br></strong>Rua Obra da Criança &#8211; Casa 1 &#8211; 3830-144 Ílhavo<br>234 322 477<br><a href="https://www.franciscanas.pt/">www.franciscanas.pt</a></p>



<p><strong>Irmãs da Aliança de Santa Maria (ASM)<br></strong>Rua da Nestlé, 16E – Largo da Igreja &#8211; 3860-071 Estarreja<br>234 845 267<br>deolinda.alianca@gmail.com; alianca.estarreja@gmail.com<br><a href="https://asmaria.org/" target="_blank" rel="noreferrer noopener">www.asmaria.org</a></p>



<p><strong>Irmãs de Santa Doroteia – Irmãs Doroteias<br></strong>Póvoa da Igreja &#8211; 3750-721 Recardães<br>234 600 767<br>com.recardaes@gmail.com<br><a href="https://irmasdoroteias.pt/" target="_blank" rel="noreferrer noopener">www.irmasdoroteias.pt</a></p>



<p><strong>Irmãs de S. José de Cluny (SJC)<br></strong>Colégio de Nossa Senhora da Assunção<br>Rua S. José de Cluny n.º 25 &#8211; Famalicão &#8211; 3780-292 Anadia<br>231 510 500, 967 346 813, 968 319 760<br>Colégio: geral@cnsacluny.com;<br>Comunidade: csenhorapaz@gmail.com<br><a href="https://www.cnsacluny.com/" target="_blank" rel="noreferrer noopener">www.cnsacluny.com</a></p>



<p><strong>Irmãs Servas da Sagrada Família (ISSF)<br></strong>Casa da Imaculada Conceição &#8211; Rua das Flores n.º 2 &#8211; 3780-222 Anadia<br>231 512 602<br>imaculadoconceicao@sapo.pt</p>



<p><strong>Missionárias Reparadoras do Sagrado Coração de Jesus (MR)<br></strong>Patronato de Nossa Senhora das Dores<br>Rua Dr. Correia de Miranda, 27 &#8211; 3850-755 Travassô &#8211; Águeda<br>234 629 238<br>patronato@pnsdores.com<br><a href="https://pnsdores.com/" target="_blank" rel="noreferrer noopener">www.pnsdores.com</a></p>



<p><strong>Religiosas do Amor de Deus – Lar de S. José<br></strong>Rua de D. Júlio Tavares Rebimbas &#8211; 3830-175 Ílhavo<br>234 329 420<br>amordedeus.larsaojose@gmail.com</p>



<p><strong>Religiosas do Sagrado Coração de Maria (RSCM)<br></strong>Av. de José Estêvão, 8 &#8211; Costa Nova do Prado<br>3830-453 Gafanha da Encarnação<br>234 360 518<br>com.costanova@irscm.pt<br><a href="https://www.irscm.pt/" target="_blank" rel="noreferrer noopener">www.irscm.pt</a></p>



<p><em>Centro de Espiritualidade Jean Gailhac<br></em>Av. de José Estêvão, 8/10 &#8211; Costa Nova do Prado<br>3830-453 Gafanha da Encarnação<br>234 360 835<br>cejeangailhac@irscm.pt<br><a href="https://www.irscm.pt/centro-de-espiritualidade-jean-gailhac-cejg/" target="_blank" rel="noreferrer noopener">www.irscm.pt/centro-de-espiritualidade-jean-gailhac-cejg</a></p>



<p><em>Comunidade do Sagrado Coração de Maria</em><br>Largo dos Combatentes da Grande Guerra, 4 &#8211; 3870-154 Murtosa<br>234 868 007<br>com.murtosa@irscm.pt</p>



<p><strong>Servas de Nossa Senhora de Fátima (SNSF)<br></strong>Av. de Araújo e Silva, 96/98 &#8211; 3810-048 – Aveiro<br>234 193 850<br>snsfaveiro@netvisao.pt, aveiro@servasnsfatima.org<br><a href="https://servasnsfatima.org/" target="_blank" rel="noreferrer noopener">www.servasnsfatima.org</a></p>



<p><strong>Servas do Santíssimo Sacramento<br></strong>Sever do Vouga<br>913 389 298</p>



<p class="has-text-align-center has-white-color has-text-color has-background has-link-color wp-elements-7ca97944a9c85442099e163a4503e261" style="background-color:#2e6c9e">INSTITUTOS SECULARES</p>



<p><strong>‘Cáritas Christi’ (CC)<br></strong>Maria de Lurdes Marques Costa<br>Rua das Quintas &#8211; Santa Joana &#8211; 3810-557 Aveiro<br>234 341 078</p>



<p><strong>Cooperadoras da Família (ISCF)<br></strong>Casa de Santa Zita &#8211; Rua dos Combatentes da Grande Guerra, 113 &#8211; 3810-087 Aveiro<br>234 420 990; 969 941 887<br>aveiro@osz.pt<br><a href="https://www.osz.pt/" target="_blank" rel="noreferrer noopener">www.osz.pt</a></p>



<p><strong>Instituto Secular das Irmãs de Maria de Schoenstatt<br></strong>Centro Tabor &#8211; Rua do Santuário,83 &#8211; 3830-806 Gafanha da Nazaré<br>234 320 290; 963 690 414<br>geral@sementesdosantuario.pt<br><a href="https://www.schoenstatt.pt/santuarios/aveiro" target="_blank" rel="noreferrer noopener">www.schoenstatt.pt/santuarios/aveiro</a><br><a href="https://sementesdosantuario.pt/" target="_blank" rel="noreferrer noopener">www.sementesdosantuario.pt</a></p>



<p><strong>Auxiliares do Apostolado<br></strong>961 254 929<br>teresamiranda1957@hotmail.com</p>



<p><strong>Instituto ‘Maria a Caminho’<br></strong>Rua Central, 45 &#8211; Alagoas &#8211; 3810-233 Aveiro<br>234 086 691</p>



<p><strong>Leigas Consagradas na Ordem das Virgens<br></strong>Fernanda Marques Pereira<br>Rua da Póvoa de Baixo, 64 – Casa A – 3860-386 ESTARREJA<br>234 871 362; 963 020 801<br>f.pereira.seguros@netvisao.pt</p>



<p><strong>Missionários Atletas de Cristo<br></strong>Rua da Vila, 113 – 3780-599 Vilarinho do Bairro<br>911 741 594<br>lucianoaly25@gmail.com</p>

<p>INSTITUTOS MASCULINOS Padres do Sagrado Coração de Jesus/ Dehonianos (SCJ)Casa do Sagrado Coração de JesusRua das Cardadeiras, 28 &#8211; Apartado 702 &#8211; Esgueira &#8211; 3801-801 Aveiro234 300 430aveiro@dehonianos.orgwww.dehonianos.org/portal/aveiro Sacerdotes Salesianos (SDB)Colégio Salesiano de Mogofores &#8211; 3780-453 Mogofores231 510 790, 916 630 702taveira@salesianos.ptwww.mogofores.salesianos.pt Sacerdotes Missionários do Verbo Divino (SVD)Rua César Barata n.º 16 – 3750-791 Trofa919 302 223jlspimenta@gmail.com INSTITUTOS FEMININOS Carmelitas [&hellip;]</p>
