{"id":2173,"date":"2024-03-05T17:34:41","date_gmt":"2024-03-05T17:34:41","guid":{"rendered":"https:\/\/diocese-aveiro.pt\/v3\/?page_id=2173"},"modified":"2024-03-05T17:34:41","modified_gmt":"2024-03-05T17:34:41","slug":"curia-diocesana","status":"publish","type":"page","link":"http:\/\/diocese-aveiro.pt\/v3\/curia-diocesana\/","title":{"rendered":"C\u00faria diocesana"},"content":{"rendered":"\n<figure class=\"wp-block-image size-large\"><img fetchpriority=\"high\" decoding=\"async\" width=\"1024\" height=\"678\" src=\"https:\/\/diocese-aveiro.pt\/v3\/wp-content\/uploads\/2024\/03\/DSC_0199-scaled-1-1024x678.jpg\" alt=\"\" class=\"wp-image-2174\" srcset=\"http:\/\/diocese-aveiro.pt\/v3\/wp-content\/uploads\/2024\/03\/DSC_0199-scaled-1-1024x678.jpg 1024w, http:\/\/diocese-aveiro.pt\/v3\/wp-content\/uploads\/2024\/03\/DSC_0199-scaled-1-300x199.jpg 300w, http:\/\/diocese-aveiro.pt\/v3\/wp-content\/uploads\/2024\/03\/DSC_0199-scaled-1-768x509.jpg 768w, http:\/\/diocese-aveiro.pt\/v3\/wp-content\/uploads\/2024\/03\/DSC_0199-scaled-1-1536x1018.jpg 1536w, http:\/\/diocese-aveiro.pt\/v3\/wp-content\/uploads\/2024\/03\/DSC_0199-scaled-1-2048x1357.jpg 2048w\" sizes=\"(max-width: 1024px) 100vw, 1024px\" \/><\/figure>\n\n\n\nRua do Carmo, n.\u00ba 16, Apartado 541<br>3801-901 AVEIRO<br>234 37 7140<br>chancelaria@diocese-aveiro.pt<br>geral@diocese-aveiro.pt<br><br><strong>Hor\u00e1rio<\/strong><br>2\u00aa a 6\u00aa feira das 9:30 \u00e0s 12:00 e das 14:00 \u00e0s 16:30;<br>s\u00e1bados e v\u00e9speras dos dias-santos de guarda, das 9:30 \u00e0s 12:00\n","protected":false},"excerpt":{"rendered":"","protected":false},"author":1,"featured_media":0,"parent":0,"menu_order":0,"comment_status":"closed","ping_status":"closed","template":"","meta":{"pagelayer_contact_templates":[],"_pagelayer_content":"","_mc_calendar":[],"footnotes":""},"class_list":["post-2173","page","type-page","status-publish","hentry"],"_links":{"self":[{"href":"http:\/\/diocese-aveiro.pt\/v3\/wp-json\/wp\/v2\/pages\/2173","targetHints":{"allow":["GET"]}}],"collection":[{"href":"http:\/\/diocese-aveiro.pt\/v3\/wp-json\/wp\/v2\/pages"}],"about":[{"href":"http:\/\/diocese-aveiro.pt\/v3\/wp-json\/wp\/v2\/types\/page"}],"author":[{"embeddable":true,"href":"http:\/\/diocese-aveiro.pt\/v3\/wp-json\/wp\/v2\/users\/1"}],"replies":[{"embeddable":true,"href":"http:\/\/diocese-aveiro.pt\/v3\/wp-json\/wp\/v2\/comments?post=2173"}],"version-history":[{"count":1,"href":"http:\/\/diocese-aveiro.pt\/v3\/wp-json\/wp\/v2\/pages\/2173\/revisions"}],"predecessor-version":[{"id":2175,"href":"http:\/\/diocese-aveiro.pt\/v3\/wp-json\/wp\/v2\/pages\/2173\/revisions\/2175"}],"wp:attachment":[{"href":"http:\/\/diocese-aveiro.pt\/v3\/wp-json\/wp\/v2\/media?parent=2173"}],"curies":[{"name":"wp","href":"https:\/\/api.w.org\/{rel}","templated":true}]}}

Cúria diocesana

<figure class="wp-block-image size-large"><img fetchpriority="high" decoding="async" width="1024" height="678" src="https://diocese-aveiro.pt/v3/wp-content/uploads/2024/03/DSC_0199-scaled-1-1024x678.jpg" alt="" class="wp-image-2174" srcset="http://diocese-aveiro.pt/v3/wp-content/uploads/2024/03/DSC_0199-scaled-1-1024x678.jpg 1024w, http://diocese-aveiro.pt/v3/wp-content/uploads/2024/03/DSC_0199-scaled-1-300x199.jpg 300w, http://diocese-aveiro.pt/v3/wp-content/uploads/2024/03/DSC_0199-scaled-1-768x509.jpg 768w, http://diocese-aveiro.pt/v3/wp-content/uploads/2024/03/DSC_0199-scaled-1-1536x1018.jpg 1536w, http://diocese-aveiro.pt/v3/wp-content/uploads/2024/03/DSC_0199-scaled-1-2048x1357.jpg 2048w" sizes="(max-width: 1024px) 100vw, 1024px" /></figure>



Rua do Carmo, n.º 16, Apartado 541<br>3801-901 AVEIRO<br>234 37 7140<br>chancelaria@diocese-aveiro.pt<br>geral@diocese-aveiro.pt<br><br><strong>Horário</strong><br>2ª a 6ª feira das 9:30 às 12:00 e das 14:00 às 16:30;<br>sábados e vésperas dos dias-santos de guarda, das 9:30 às 12:00
