{"id":2151,"date":"2024-03-01T15:55:07","date_gmt":"2024-03-01T15:55:07","guid":{"rendered":"https:\/\/diocese-aveiro.pt\/v3\/?page_id=2151"},"modified":"2026-03-03T10:15:49","modified_gmt":"2026-03-03T10:15:49","slug":"vocacoes","status":"publish","type":"page","link":"http:\/\/diocese-aveiro.pt\/v3\/vocacoes\/","title":{"rendered":"VOCA\u00c7\u00d5ES"},"content":{"rendered":"<div class=\"wp-block-image\">\n<figure class=\"aligncenter size-medium\"><img fetchpriority=\"high\" decoding=\"async\" width=\"293\" height=\"300\" src=\"https:\/\/diocese-aveiro.pt\/v3\/wp-content\/uploads\/2026\/03\/cropped-logo-v_final_corrigida_logo_cores-293x300.png\" alt=\"\" class=\"wp-image-3425\" srcset=\"http:\/\/diocese-aveiro.pt\/v3\/wp-content\/uploads\/2026\/03\/cropped-logo-v_final_corrigida_logo_cores-293x300.png 293w, http:\/\/diocese-aveiro.pt\/v3\/wp-content\/uploads\/2026\/03\/cropped-logo-v_final_corrigida_logo_cores-1000x1024.png 1000w, http:\/\/diocese-aveiro.pt\/v3\/wp-content\/uploads\/2026\/03\/cropped-logo-v_final_corrigida_logo_cores-768x786.png 768w, http:\/\/diocese-aveiro.pt\/v3\/wp-content\/uploads\/2026\/03\/cropped-logo-v_final_corrigida_logo_cores-1500x1536.png 1500w, http:\/\/diocese-aveiro.pt\/v3\/wp-content\/uploads\/2026\/03\/cropped-logo-v_final_corrigida_logo_cores-2001x2048.png 2001w\" sizes=\"(max-width: 293px) 100vw, 293px\" \/><\/figure>\n<\/div>\n\n\n<p><strong>SERVI\u00c7O DIOCESANO DA PASTORAL DAS VOCA\u00c7\u00d5ES<\/strong><\/p>\n\n\n\n<p>coordena\u00e7\u00e3o: Pe. Pedro Miguel Vieira Barros<br>coordenador adjunto: Di\u00e1cono Rafael Malaquias Oliveira<\/p>\n\n\n\n<p>sdv@diocese-aveiro.pt<br><a href=\"https:\/\/diocese-aveiro.pt\/vocacoes\/\">www.diocese-aveiro.pt\/vocacoes<\/a><\/p>\n","protected":false},"excerpt":{"rendered":"<p>SERVI\u00c7O DIOCESANO DA PASTORAL DAS VOCA\u00c7\u00d5ES coordena\u00e7\u00e3o: Pe. Pedro Miguel Vieira Barroscoordenador adjunto: Di\u00e1cono Rafael Malaquias Oliveira sdv@diocese-aveiro.ptwww.diocese-aveiro.pt\/vocacoes<\/p>\n","protected":false},"author":1,"featured_media":0,"parent":0,"menu_order":0,"comment_status":"closed","ping_status":"closed","template":"","meta":{"pagelayer_contact_templates":[],"_pagelayer_content":"","_mc_calendar":[],"footnotes":""},"class_list":["post-2151","page","type-page","status-publish","hentry"],"_links":{"self":[{"href":"http:\/\/diocese-aveiro.pt\/v3\/wp-json\/wp\/v2\/pages\/2151","targetHints":{"allow":["GET"]}}],"collection":[{"href":"http:\/\/diocese-aveiro.pt\/v3\/wp-json\/wp\/v2\/pages"}],"about":[{"href":"http:\/\/diocese-aveiro.pt\/v3\/wp-json\/wp\/v2\/types\/page"}],"author":[{"embeddable":true,"href":"http:\/\/diocese-aveiro.pt\/v3\/wp-json\/wp\/v2\/users\/1"}],"replies":[{"embeddable":true,"href":"http:\/\/diocese-aveiro.pt\/v3\/wp-json\/wp\/v2\/comments?post=2151"}],"version-history":[{"count":4,"href":"http:\/\/diocese-aveiro.pt\/v3\/wp-json\/wp\/v2\/pages\/2151\/revisions"}],"predecessor-version":[{"id":3426,"href":"http:\/\/diocese-aveiro.pt\/v3\/wp-json\/wp\/v2\/pages\/2151\/revisions\/3426"}],"wp:attachment":[{"href":"http:\/\/diocese-aveiro.pt\/v3\/wp-json\/wp\/v2\/media?parent=2151"}],"curies":[{"name":"wp","href":"https:\/\/api.w.org\/{rel}","templated":true}]}}