{"id":1990,"date":"2024-02-23T17:36:02","date_gmt":"2024-02-23T17:36:02","guid":{"rendered":"https:\/\/diocese-aveiro.pt\/v3\/?page_id=1990"},"modified":"2025-11-19T11:25:59","modified_gmt":"2025-11-19T11:25:59","slug":"cultura","status":"publish","type":"page","link":"http:\/\/diocese-aveiro.pt\/v3\/acao-pastoral\/comissoes\/cultura\/","title":{"rendered":"CULTURA"},"content":{"rendered":"<div class=\"wp-block-image\">\n<figure class=\"aligncenter size-full\"><img fetchpriority=\"high\" decoding=\"async\" width=\"512\" height=\"134\" src=\"https:\/\/diocese-aveiro.pt\/v3\/wp-content\/uploads\/2024\/02\/CDCultura_logo.png\" alt=\"\" class=\"wp-image-1991\" srcset=\"http:\/\/diocese-aveiro.pt\/v3\/wp-content\/uploads\/2024\/02\/CDCultura_logo.png 512w, http:\/\/diocese-aveiro.pt\/v3\/wp-content\/uploads\/2024\/02\/CDCultura_logo-300x79.png 300w\" sizes=\"(max-width: 512px) 100vw, 512px\" \/><\/figure>\n<\/div>\n\n\n<p><strong>Comiss\u00e3o Diocesana da Cultura<br><\/strong>presidente: Lu\u00eds Manuel Pereira da Silva<br>assistente: Jo\u00e3o Marques Ferreira Santos<br>e-mail: cultura@diocese-aveiro.pt<br>www: <a href=\"http:\/\/www.diocese-aveiro.pt\/cultura\">www.diocese-aveiro.pt\/cultura<\/a><\/p>\n","protected":false},"excerpt":{"rendered":"<p>Comiss\u00e3o Diocesana da Culturapresidente: Lu\u00eds Manuel Pereira da Silvaassistente: Jo\u00e3o Marques Ferreira Santose-mail: cultura@diocese-aveiro.ptwww: www.diocese-aveiro.pt\/cultura<\/p>\n","protected":false},"author":1,"featured_media":0,"parent":1983,"menu_order":0,"comment_status":"closed","ping_status":"closed","template":"","meta":{"pagelayer_contact_templates":[],"_pagelayer_content":"","_mc_calendar":[],"footnotes":""},"class_list":["post-1990","page","type-page","status-publish","hentry"],"_links":{"self":[{"href":"http:\/\/diocese-aveiro.pt\/v3\/wp-json\/wp\/v2\/pages\/1990","targetHints":{"allow":["GET"]}}],"collection":[{"href":"http:\/\/diocese-aveiro.pt\/v3\/wp-json\/wp\/v2\/pages"}],"about":[{"href":"http:\/\/diocese-aveiro.pt\/v3\/wp-json\/wp\/v2\/types\/page"}],"author":[{"embeddable":true,"href":"http:\/\/diocese-aveiro.pt\/v3\/wp-json\/wp\/v2\/users\/1"}],"replies":[{"embeddable":true,"href":"http:\/\/diocese-aveiro.pt\/v3\/wp-json\/wp\/v2\/comments?post=1990"}],"version-history":[{"count":3,"href":"http:\/\/diocese-aveiro.pt\/v3\/wp-json\/wp\/v2\/pages\/1990\/revisions"}],"predecessor-version":[{"id":3273,"href":"http:\/\/diocese-aveiro.pt\/v3\/wp-json\/wp\/v2\/pages\/1990\/revisions\/3273"}],"up":[{"embeddable":true,"href":"http:\/\/diocese-aveiro.pt\/v3\/wp-json\/wp\/v2\/pages\/1983"}],"wp:attachment":[{"href":"http:\/\/diocese-aveiro.pt\/v3\/wp-json\/wp\/v2\/media?parent=1990"}],"curies":[{"name":"wp","href":"https:\/\/api.w.org\/{rel}","templated":true}]}}