{"id":1818,"date":"2024-02-21T16:25:20","date_gmt":"2024-02-21T16:25:20","guid":{"rendered":"https:\/\/diocese-aveiro.pt\/v3\/?page_id=1818"},"modified":"2024-02-21T16:25:20","modified_gmt":"2024-02-21T16:25:20","slug":"arciprestado-de-estarreja-murtosa","status":"publish","type":"page","link":"http:\/\/diocese-aveiro.pt\/v3\/paroquias\/arciprestado-de-estarreja-murtosa\/","title":{"rendered":"ARCIPRESTADO DE ESTARREJA\/MURTOSA"},"content":{"rendered":"\n<p class=\"has-text-align-center has-white-color has-text-color has-background has-link-color wp-elements-0a6aa2e75ce50c07e05303ed69a6d375\" style=\"background-color:#2e6c9e\"><strong>ARCIPRESTADO DE ESTARREJA\/MURTOSA<\/strong><\/p>\n\n\n\n<figure class=\"wp-block-table\"><table><tbody><tr><td><a href=\"https:\/\/www.anuariocatolicoportugal.net\/dioceses\/ficha_paroquia_padre.asp?paroquiaid=2616&amp;dioceseid=3\">Avanca<\/a><\/td><td>Santa Marinha<\/td><\/tr><tr><td><a href=\"https:\/\/www.anuariocatolicoportugal.net\/dioceses\/ficha_paroquia_padre.asp?paroquiaid=2617&amp;dioceseid=3\">Bedu\u00eddo<\/a><\/td><td>S\u00e3o Tiago<\/td><\/tr><tr><td><a href=\"https:\/\/www.anuariocatolicoportugal.net\/dioceses\/ficha_paroquia_padre.asp?paroquiaid=17657&amp;dioceseid=3\">Bunheiro<\/a><\/td><td>S\u00e3o Mateus<\/td><\/tr><tr><td><a href=\"https:\/\/www.anuariocatolicoportugal.net\/dioceses\/ficha_paroquia_padre.asp?paroquiaid=2618&amp;dioceseid=3\">Canelas<\/a><\/td><td>S\u00e3o Tom\u00e9<\/td><\/tr><tr><td><a href=\"https:\/\/www.anuariocatolicoportugal.net\/dioceses\/ficha_paroquia_padre.asp?paroquiaid=2619&amp;dioceseid=3\">Fermel\u00e3<\/a><\/td><td>S\u00e3o Miguel<\/td><\/tr><tr><td><a href=\"https:\/\/www.anuariocatolicoportugal.net\/dioceses\/ficha_paroquia_padre.asp?paroquiaid=17658&amp;dioceseid=3\">Monte<\/a><\/td><td>Santo Ant\u00f3nio<\/td><\/tr><tr><td><a href=\"https:\/\/www.anuariocatolicoportugal.net\/dioceses\/ficha_paroquia_padre.asp?paroquiaid=17659&amp;dioceseid=3\">Murtosa<\/a><\/td><td>Santa Maria da Natividade<\/td><\/tr><tr><td><a href=\"https:\/\/www.anuariocatolicoportugal.net\/dioceses\/ficha_paroquia_padre.asp?paroquiaid=17660&amp;dioceseid=3\">Pardelhas<\/a><\/td><td>S\u00e3o Louren\u00e7o<\/td><\/tr><tr><td><a href=\"https:\/\/www.anuariocatolicoportugal.net\/dioceses\/ficha_paroquia_padre.asp?paroquiaid=2620&amp;dioceseid=3\">Pardilh\u00f3<\/a><\/td><td>S\u00e3o Pedro<\/td><\/tr><tr><td><a href=\"https:\/\/www.anuariocatolicoportugal.net\/dioceses\/ficha_paroquia_padre.asp?paroquiaid=2621&amp;dioceseid=3\">Salreu<\/a><\/td><td>S\u00e3o Martinho<\/td><\/tr><tr><td><a href=\"https:\/\/www.anuariocatolicoportugal.net\/dioceses\/ficha_paroquia_padre.asp?paroquiaid=17662&amp;dioceseid=3\">S\u00e3o Jacinto<\/a><\/td><td>Nossa Senhora das Areias e S\u00e3o Jacinto<\/td><\/tr><tr><td><a href=\"https:\/\/www.anuariocatolicoportugal.net\/dioceses\/ficha_paroquia_padre.asp?paroquiaid=17661&amp;dioceseid=3\">Torreira<\/a><\/td><td>Nossa Senhora do Bom Sucesso e S\u00e3o Paio<\/td><\/tr><tr><td><a href=\"https:\/\/www.anuariocatolicoportugal.net\/dioceses\/ficha_paroquia_padre.asp?paroquiaid=2622&amp;dioceseid=3\">Veiros<\/a><\/td><td>S\u00e3o Bartolomeu<\/td><\/tr><\/tbody><\/table><\/figure>\n","protected":false},"excerpt":{"rendered":"<p>ARCIPRESTADO DE ESTARREJA\/MURTOSA Avanca Santa Marinha Bedu\u00eddo S\u00e3o Tiago Bunheiro S\u00e3o Mateus Canelas S\u00e3o Tom\u00e9 Fermel\u00e3 S\u00e3o Miguel Monte Santo Ant\u00f3nio Murtosa Santa Maria da Natividade Pardelhas S\u00e3o Louren\u00e7o Pardilh\u00f3 S\u00e3o Pedro Salreu S\u00e3o Martinho S\u00e3o Jacinto Nossa Senhora das Areias e S\u00e3o Jacinto Torreira Nossa Senhora do Bom Sucesso e S\u00e3o Paio Veiros S\u00e3o Bartolomeu<\/p>\n","protected":false},"author":1,"featured_media":0,"parent":1797,"menu_order":0,"comment_status":"closed","ping_status":"closed","template":"","meta":{"pagelayer_contact_templates":[],"_pagelayer_content":"","_mc_calendar":[],"footnotes":""},"class_list":["post-1818","page","type-page","status-publish","hentry"],"_links":{"self":[{"href":"http:\/\/diocese-aveiro.pt\/v3\/wp-json\/wp\/v2\/pages\/1818","targetHints":{"allow":["GET"]}}],"collection":[{"href":"http:\/\/diocese-aveiro.pt\/v3\/wp-json\/wp\/v2\/pages"}],"about":[{"href":"http:\/\/diocese-aveiro.pt\/v3\/wp-json\/wp\/v2\/types\/page"}],"author":[{"embeddable":true,"href":"http:\/\/diocese-aveiro.pt\/v3\/wp-json\/wp\/v2\/users\/1"}],"replies":[{"embeddable":true,"href":"http:\/\/diocese-aveiro.pt\/v3\/wp-json\/wp\/v2\/comments?post=1818"}],"version-history":[{"count":1,"href":"http:\/\/diocese-aveiro.pt\/v3\/wp-json\/wp\/v2\/pages\/1818\/revisions"}],"predecessor-version":[{"id":1819,"href":"http:\/\/diocese-aveiro.pt\/v3\/wp-json\/wp\/v2\/pages\/1818\/revisions\/1819"}],"up":[{"embeddable":true,"href":"http:\/\/diocese-aveiro.pt\/v3\/wp-json\/wp\/v2\/pages\/1797"}],"wp:attachment":[{"href":"http:\/\/diocese-aveiro.pt\/v3\/wp-json\/wp\/v2\/media?parent=1818"}],"curies":[{"name":"wp","href":"https:\/\/api.w.org\/{rel}","templated":true}]}}