{"id":1591,"date":"2022-11-09T16:01:29","date_gmt":"2022-11-09T16:01:29","guid":{"rendered":"http:\/\/diocese-aveiro.pt\/v3\/?page_id=1591"},"modified":"2024-02-21T11:25:39","modified_gmt":"2024-02-21T11:25:39","slug":"catedral-de-aveiro","status":"publish","type":"page","link":"http:\/\/diocese-aveiro.pt\/v3\/diocese\/catedral-de-aveiro\/","title":{"rendered":"CATEDRAL DE AVEIRO"},"content":{"rendered":"\t\t<div data-elementor-type=\"wp-page\" data-elementor-id=\"1591\" class=\"elementor elementor-1591\">\n\t\t\t\t\t\t<section class=\"elementor-section elementor-top-section elementor-element elementor-element-ee7b58b elementor-section-boxed elementor-section-height-default elementor-section-height-default\" data-id=\"ee7b58b\" data-element_type=\"section\" data-e-type=\"section\">\n\t\t\t\t\t\t<div class=\"elementor-container elementor-column-gap-default\">\n\t\t\t\t\t<div class=\"elementor-column elementor-col-100 elementor-top-column elementor-element elementor-element-939d166\" data-id=\"939d166\" data-element_type=\"column\" data-e-type=\"column\">\n\t\t\t<div class=\"elementor-widget-wrap elementor-element-populated\">\n\t\t\t\t\t\t<div class=\"elementor-element elementor-element-0a835aa elementor-widget elementor-widget-text-editor\" data-id=\"0a835aa\" data-element_type=\"widget\" data-e-type=\"widget\" data-widget_type=\"text-editor.default\">\n\t\t\t\t<div class=\"elementor-widget-container\">\n\t\t\t\t\t\t\t\t\t<p>Pela bula Omnium Ecclesiarum, de 24 de Agosto de 1938, o Papa Pio XI restaurou a Diocese de Aveiro. A 11 de Dezembro do mesmo ano, D. Jo\u00e3o Evangelista de Lima Vidal executou essa bula papal, e desde a\u00ed, a igreja do Convento dominicano de Nossa Senhora da Miseric\u00f3rdia de Aveiro, que j\u00e1 era igreja matriz da Par\u00f3quia de Nossa Senhora da Gl\u00f3ria, passou tamb\u00e9m a ser a Catedral da Diocese de Aveiro.<\/p>\t\t\t\t\t\t\t\t<\/div>\n\t\t\t\t<\/div>\n\t\t\t\t\t<\/div>\n\t\t<\/div>\n\t\t\t\t\t<\/div>\n\t\t<\/section>\n\t\t\t\t<section class=\"elementor-section elementor-top-section elementor-element elementor-element-0b91ca9 elementor-section-boxed elementor-section-height-default elementor-section-height-default\" data-id=\"0b91ca9\" data-element_type=\"section\" data-e-type=\"section\">\n\t\t\t\t\t\t<div class=\"elementor-container elementor-column-gap-default\">\n\t\t\t\t\t<div class=\"elementor-column elementor-col-100 elementor-top-column elementor-element elementor-element-f948bbe\" data-id=\"f948bbe\" data-element_type=\"column\" data-e-type=\"column\">\n\t\t\t<div class=\"elementor-widget-wrap elementor-element-populated\">\n\t\t\t\t\t\t<div class=\"elementor-element elementor-element-48f8297 elementor-widget elementor-widget-video\" data-id=\"48f8297\" data-element_type=\"widget\" data-e-type=\"widget\" data-settings=\"{&quot;youtube_url&quot;:&quot;https:\\\/\\\/youtu.be\\\/7Hom9pobkCY&quot;,&quot;video_type&quot;:&quot;youtube&quot;,&quot;controls&quot;:&quot;yes&quot;}\" data-widget_type=\"video.default\">\n\t\t\t\t<div class=\"elementor-widget-container\">\n\t\t\t\t\t\t\t<div class=\"elementor-wrapper elementor-open-inline\">\n\t\t\t<div class=\"elementor-video\"><\/div>\t\t<\/div>\n\t\t\t\t\t\t<\/div>\n\t\t\t\t<\/div>\n\t\t\t\t\t<\/div>\n\t\t<\/div>\n\t\t\t\t\t<\/div>\n\t\t<\/section>\n\t\t\t\t<section class=\"elementor-section elementor-top-section elementor-element elementor-element-5cf8308 elementor-section-boxed elementor-section-height-default elementor-section-height-default\" data-id=\"5cf8308\" data-element_type=\"section\" data-e-type=\"section\">\n\t\t\t\t\t\t<div class=\"elementor-container elementor-column-gap-default\">\n\t\t\t\t\t<div class=\"elementor-column elementor-col-100 elementor-top-column elementor-element elementor-element-6712e26\" data-id=\"6712e26\" data-element_type=\"column\" data-e-type=\"column\">\n\t\t\t<div class=\"elementor-widget-wrap elementor-element-populated\">\n\t\t\t\t\t\t<div class=\"elementor-element elementor-element-780d3a2 elementor-widget elementor-widget-image\" data-id=\"780d3a2\" data-element_type=\"widget\" data-e-type=\"widget\" data-widget_type=\"image.default\">\n\t\t\t\t<div class=\"elementor-widget-container\">\n\t\t\t\t\t\t\t\t\t\t\t\t\t\t\t<img fetchpriority=\"high\" decoding=\"async\" width=\"626\" height=\"768\" src=\"http:\/\/diocese-aveiro.pt\/v3\/wp-content\/uploads\/2022\/11\/planta-se.jpg\" class=\"attachment-large size-large wp-image-1593\" alt=\"\" srcset=\"http:\/\/diocese-aveiro.pt\/v3\/wp-content\/uploads\/2022\/11\/planta-se.jpg 626w, http:\/\/diocese-aveiro.pt\/v3\/wp-content\/uploads\/2022\/11\/planta-se-245x300.jpg 245w\" sizes=\"(max-width: 626px) 100vw, 626px\" \/>\t\t\t\t\t\t\t\t\t\t\t\t\t\t\t<\/div>\n\t\t\t\t<\/div>\n\t\t\t\t\t<\/div>\n\t\t<\/div>\n\t\t\t\t\t<\/div>\n\t\t<\/section>\n\t\t\t\t<section class=\"elementor-section elementor-top-section elementor-element elementor-element-5f56d904 elementor-section-boxed elementor-section-height-default elementor-section-height-default\" data-id=\"5f56d904\" data-element_type=\"section\" data-e-type=\"section\">\n\t\t\t\t\t\t<div class=\"elementor-container elementor-column-gap-default\">\n\t\t\t\t\t<div class=\"elementor-column elementor-col-100 elementor-top-column elementor-element elementor-element-15187726\" data-id=\"15187726\" data-element_type=\"column\" data-e-type=\"column\">\n\t\t\t<div class=\"elementor-widget-wrap elementor-element-populated\">\n\t\t\t\t\t\t<div class=\"elementor-element elementor-element-d3e9d4d elementor-widget elementor-widget-text-editor\" data-id=\"d3e9d4d\" data-element_type=\"widget\" data-e-type=\"widget\" data-widget_type=\"text-editor.default\">\n\t\t\t\t<div class=\"elementor-widget-container\">\n\t\t\t\t\t\t\t\t\t<p><\/p>\n<p style=\"text-align: left;\">\u00a0<\/p>\n<p><\/p>\n<p style=\"text-align: center;\"><strong style=\"color: var( --e-global-color-text ); font-family: var( --e-global-typography-text-font-family ), Sans-serif;\">1- CAPELA DE NOSSA SENHORA DA MISERIC\u00d3RDIA<\/strong><\/p>\n<p><\/p>\n<p>O ret\u00e1bulo em pedra, renascentista, apresenta tr\u00edptico pintado sobre madeira. A pintura central mostra a Virgem da Miseric\u00f3rdia, evocando a denomina\u00e7\u00e3o do primitivo convento dominicano, acolhendo sob o seu manto figuras da realeza, do clero, da vida claustral e do povo. Nos pain\u00e9is laterais est\u00e3o retratados bustos de santos das ordens mon\u00e1sticas: no esquerdo S. Domingos de Gusm\u00e3o, Santo Agostinho, S. Jo\u00e3o da Cruz e S. Francisco de Assis, e no direito: Santa Catarina de Sena, Santa Escol\u00e1stica, Santa Teresa de Jesus e Santa Clara de Assis. Sobre soco inferior v\u00ea-se grupo escult\u00f3rico representando a Deposi\u00e7\u00e3o de Cristo no t\u00famulo, ladeado da Virgem-M\u00e3e e S. Jo\u00e3o Evangelista, de Santa Maria Madalena, de Nicodemos e de Jos\u00e9 de Arimateia e de duas Santas Mulheres. Na lateral encontra-se o t\u00famulo renascentista de D. Catarina de Ata\u00edde, falecida em 1551, outrora na capela-mor. O bras\u00e3o de pedra em frente do t\u00famulo prov\u00e9m do fecho do antigo arco cruzeiro, \u00e9 do pai de D. Catarina, D. \u00c1lvaro de Sousa.<\/p>\n<p><\/p>\n<p><strong>2 \u2013 CAPELA DE SANTA JOANA<\/strong><\/p>\n<p><\/p>\n<p>A anterior capela era dedicada a Santa Catarina de Sena. O atual ret\u00e1bulo de altar, do s\u00e9c. XVII, ostenta colunas com medalh\u00f5es dos evangelistas. Nos pedestais h\u00e1 relevos de dois santos franciscanos e de dois dominicanos. Ao centro a representa\u00e7\u00e3o de uma santa dominicana. O frontal de altar prov\u00e9m do antigo ret\u00e1bulo da capela-mor. A escultura principal representa Santa Joana Princesa, padroeira da diocese e da cidade de Aveiro. As imagens laterais prov\u00eam da demolida igreja de S\u00e3o Miguel de Aveiro: Santa Ana e S. Miguel Arcanjo em madeira estofada.<\/p>\n<p><\/p>\n<p><strong>3 \u2013 CAPELA DO CORA\u00c7\u00c3O DE JESUS<\/strong><\/p>\n<p><\/p>\n<p>A sua origem remonta ao s\u00e9c. XVII e era dedicada a S. Gon\u00e7alo de Amarante. No s\u00e9c. XIX foi sede da extinta Irmandade do Senhor Jesus, cujas imagens \u2013 crucifixo e Senhor Morto \u2013 a\u00ed colocaram. Hoje tem a invoca\u00e7\u00e3o do Sagrado Cora\u00e7\u00e3o de Jesus em ret\u00e1bulo do s\u00e9c. XVIII provindo da demolida Capela de Nossa Senhora da Escadinha.<\/p>\n<p><\/p>\n<p><strong>4 \u2013 CAPELA DE NOSSA SENHORA DO ROS\u00c1RIO<\/strong><\/p>\n<p><\/p>\n<p>O teto desta capela \u00e9 de madeira dourada. Os seus claros s\u00e3o preenchidos por telas do s\u00e9c. XVII representando os Mist\u00e9rios Gozosos, Dolorosos e Gloriosos. O ret\u00e1bulo e o seu altar s\u00e3o posteriores, do s\u00e9c. XVIII. Destaca-se a escultura maneirista em madeira, dourada e estofada, de Nossa Senhora do Ros\u00e1rio. Os azulejos s\u00e3o do s\u00e9c. XVII. O candelabro de trevas, em castanho ornado de metais, data de 1714.<\/p>\n<p><\/p>\n<p><strong>5 \u2013 PAIN\u00c9IS DE AZULEJO<\/strong><\/p>\n<p><\/p>\n<p>Nos espa\u00e7os livres das paredes h\u00e1 panos de azulejos do s\u00e9c. XVIII, atribu\u00eddos a Salvador Sousa Carvalho da oficina de Coimbra. Nos pain\u00e9is da entrada figuram cenas da entrega do ros\u00e1rio pela Virgem a S. Domingos e milagre dos peixes de S. Gon\u00e7alo de Amarante. Os intervalos das capelas ilustram legendas da liturgia mariana. Os inferiores aos p\u00falpitos representam um panorama da cidade de Osma, Espanha, em cuja diocese nasceu S. Domingos de Gusm\u00e3o e um aspeto da cidade de Bolonha, It\u00e1lia, com o seu convento beneditino de Santa Maria do Monte, cidade onde S. Domingos de Gusm\u00e3o faleceu.<\/p>\n<p><\/p>\n<p><strong>6 \u2013 NOSSA SENHORA DA ESCADINHA<\/strong><\/p>\n<p><\/p>\n<p>Numa janela em ogiva da primitiva parede, assenta a imagem g\u00f3tica em alabastro da Virgem com o Menino denominada Nossa Senhora da Escadinha, no estilo de escultura dita de Nottingham do s\u00e9c. XV. Esta imagem, originalmente, encontrava-se em nicho lateral, no exterior da igreja.<\/p>\n<p><\/p>\n<p><strong>7 \u2013 PAREDES PRIMITIVAS<\/strong><\/p>\n<p><\/p>\n<p>Das coisas mais antigas de Aveiro s\u00e3o estes restos de parede e portas. Pertencem \u00e0 constru\u00e7\u00e3o g\u00f3tica inicial de 1423. Em 1974 ficaram a descoberto, mostrando marcas de canteiros de pedra. Numa das paredes est\u00e1 a mem\u00f3ria do inc\u00eandio que destruiu a primeira sacristia em 1551, com legenda do texto da \u2018Hist\u00f3ria de S. Domingos\u2019, de Frei Lu\u00eds de Sousa.<\/p>\n<p><\/p>\n<p><strong>8 \u2013 \u00d3RG\u00c3OS DE TUBOS<\/strong><\/p>\n<p><\/p>\n<p>O \u00f3rg\u00e3o barroco, de 1754, ostenta no tubo central o bras\u00e3o dominicano. De tamanho m\u00e9dio, com balaustrada e remates dos panos da tubagem decorados, sofreu grande remodela\u00e7\u00e3o em 1883, estando na atualidade desativado.<\/p>\n<p><\/p>\n<p>Em 12 de Julho de 2013, foi solenemente benzido e inaugurado o novo \u00f3rg\u00e3o de tubos, colocado no transepto da igreja. Constru\u00eddo pela P\u00e9csi Orgona\u00e9p\u00edt? Manufakt\u00fara Kft, da Hungria, dirigida pelo Mestre Organeiro Budav\u00e1ri Attila, o novo instrumento tem 32 registos e 1895 tubos.<\/p>\n<p><\/p>\n<p><strong>9 \u2013 CADEIRAIS<\/strong><\/p>\n<p><\/p>\n<p>Os cadeirais comp\u00f5em-se de duas ordens de cadeiras, e respetivos espaldares preenchidos com telas representando santos e bem-aventurados da Ordem Dominicana. Os cadeirais foram executados em 1675 por Domingos Lopes, mestre entalhador do Porto, atribuindo-se hoje as 22 pinturas, do fim do s\u00e9c. XVII ou princ\u00edpio do seguinte, ao italiano Giovanni Odazzi (1663-1731).<\/p>\n<p><\/p>\n<p><strong>10 \u2013 RET\u00c1BULO-MOR<\/strong><\/p>\n<p><\/p>\n<p>O ret\u00e1bulo principal \u00e9 da segunda metade do s\u00e9c. XVIII e prov\u00e9m da demolida igreja da Vera-Cruz de Aveiro. Com duas colunas de cada lado, nas m\u00edsulas veneram-se as imagens de grande dimens\u00e3o de S. Francisco de Assis e S. Domingos de Gusm\u00e3o, subsistentes do anterior ret\u00e1bulo contratado ao mestre entalhador Roque Nunes em 1660. Ao centro foi colocada a escultura de Nossa Senhora da Concei\u00e7\u00e3o, do s\u00e9c. XVIII, de vestes agitadas, de madeira policroma proveniente da demolida igreja do Esp\u00edrito Santo de Aveiro. O ret\u00e1bulo \u00e9 encimado por um relevo onde se desenha uma cruz da Ordem de Avis e nela se sobrep\u00f5em o bras\u00e3o portugu\u00eas com a coroa real.<\/p>\n<p><\/p>\n<p><strong>11 \u2013 ORAT\u00d3RIO DE NOSSA SENHORA DE F\u00c1TIMA<\/strong><\/p>\n<p><\/p>\n<p>Num recanto da nova constru\u00e7\u00e3o, encontra-se a imagem de Nossa Senhora de F\u00e1tima num orat\u00f3rio de talha do s\u00e9c. XVIII, pintado e dourado. Ao lado, em l\u00e1pide de pedra comemorativa da restaura\u00e7\u00e3o da diocese de Aveiro e da eleva\u00e7\u00e3o a Catedral deste templo, pela bula de Pio XI datada 24 de Agosto de 1938, executada por D. Jo\u00e3o Evangelista de Lima Vidal.<\/p>\n<p><\/p>\n<p><strong>12 \u2013 CAPELA DO SANT\u00cdSSIMO SACRAMENTO<\/strong><\/p>\n<p><\/p>\n<p>Local privilegiado de recolhimento. Anteriormente nesta capela existia o t\u00famulo de D. Jo\u00e3o de Albuquerque e sua mulher, atualmente no Museu de Aveiro. O ret\u00e1bulo barroco, entalhado e dourado, de remate em dois arcos com colunas torsas, o teto e as ilhargas laterais com claros decorados por pinturas de acanto e folhagens foram executados em 1702 pelo mestre entalhador portuense Ant\u00f3nio Gomes.<\/p>\n<p><\/p>\n<p><strong>13 \u2013 CAPELA DO SENHOR DOS PASSOS<\/strong><\/p>\n<p><\/p>\n<p>Anteriormente foi dedicada ao Sant\u00edssimo Sacramento. Passando em 1976 a ser destinada \u00e0 venera\u00e7\u00e3o do Senhor dos Passos e \u00e0 sede da respetiva irmandade. A imagem do Senhor dos Passos, na posi\u00e7\u00e3o martirizada da terceira queda, de 1900 \u00e9 da autoria de Carlos Leituga com risco do escultor portuense Ant\u00f3nio Teixeira Lopes. Da mesma \u00e9poca e da oficina do mesmo escultor \u00e9 a imagem da Senhora da Soledade.<\/p>\n<p><\/p>\n<p><strong>14 \u2013 CAPELA DA VISITA\u00c7\u00c3O<\/strong><\/p>\n<p><\/p>\n<p>O ret\u00e1bulo, em calc\u00e1rio, data de 1559, comp\u00f5e-se de dois corpos e \u00e9 atribu\u00eddo a Francisco Dias ou de Francisco Damzillo \u2013 um e outro mestres conimbricenses. O inferior encerra a Visita\u00e7\u00e3o, em relevo composto, de figuras em tr\u00eas panos. O superior conserva as est\u00e1tuas de S. Jo\u00e3o Batista e de S. Jo\u00e3o Evangelista com os respetivos s\u00edmbolos \u2013 o cordeiro e a \u00e1guia \u2013 e nicho com a imagem seiscentista da Virgem com o Menino, dita dos Prazeres. Em suportes laterais encontram-se as imagens de Santa Luzia, s\u00e9c. XVI e de S. Pedro, s\u00e9c. XVII, que pertenceram \u00e0 demolida igreja de S. Miguel de Aveiro.<\/p>\n<p><\/p>\n<p><strong>15 \u2013 CRUZEIRO DE S. DOMINGOS<\/strong><\/p>\n<p><\/p>\n<p>Monumento nacional desde 1911 salvaguardou-se o remate cruciforme nesta capela do galil\u00e9, capela outrora dedicada a S. Jacinto, que serviu de batist\u00e9rio entre 1835-1976, colocando-se no adro uma r\u00e9plica. Em estilo g\u00f3tico dito flamejante, \u00e9 obra de finais do s\u00e9c. XV. Executado em calc\u00e1rio, sobressai em grande beleza, apesar do seu aspeto rude. O capitel consta de duas partes: a inferior cont\u00e9m os s\u00edmbolos dos 4 evangelistas (anjo, le\u00e3o, touro e \u00e1guia). Na parte superior v\u00eam-se cenas da paix\u00e3o de Cristo: horto, pris\u00e3o, flagela\u00e7\u00e3o, coroa\u00e7\u00e3o de espinhos e caminhada para o Calv\u00e1rio.<\/p>\n<p><\/p>\n<p><strong>16 \u2013 FRONTARIA<\/strong><\/p>\n<p><\/p>\n<p>A frontaria da igreja, de belo tra\u00e7ado arquitet\u00f3nico, \u00e9 composta de dois pares de pilastras d\u00f3ricas que delimitam os tr\u00eas corpos da fachada.<\/p>\n<p><\/p>\n<p>Nos laterais abrem altas janelas retangulares e no central, por cima de um \u00f3culo oval, aparece um entablamento com mais quatro pilastras d\u00f3ricas.<\/p>\n<p><\/p>\n<p>Sobre o entablamento desenha-se o front\u00e3o da fachada, com o sol, s\u00edmbolo dominicano, e com a cruz. Dos lados erguem-se dois pares de pin\u00e1culos, cada um na sequ\u00eancia de uma pilastra. Por baixo sobressai o portal, em estilo barroco, datado de 1719 e atribu\u00eddo ao escultor Claude Laprade. \u00c9 formado por dois pares de colunas torsas, com seus capit\u00e9is cor\u00edntios, as quais sustentam o entablamento, com sua arquitrave, friso e cornija, sobre o qual assenta o front\u00e3o. Os ramos deste e no seu remate h\u00e1 tr\u00eas figuras aleg\u00f3ricas: F\u00e9, Esperan\u00e7a e Caridade. No centro, ostenta-se o bras\u00e3o do Infante D. Pedro, bastante corro\u00eddo, envolto em ramagens e entre volutas, acompanhado de simbologia dominicana.<\/p>\n<p><\/p>\n<p>Sobre o entablamento desenha-se o front\u00e3o da fachada, com o sol, s\u00edmbolo dominicano, e com a cruz. Dos lados erguem-se dois pares de pin\u00e1culos, cada um na sequ\u00eancia de uma pilastra. Por baixo sobressai o portal, em estilo barroco, datado de 1719 e atribu\u00eddo ao escultor Claude Laprade. \u00c9 formado por dois pares de colunas torsas, com seus capit\u00e9is cor\u00edntios, as quais sustentam o entablamento, com sua arquitrave, friso e cornija, sobre o qual assenta o front\u00e3o. Os ramos deste e no seu remate h\u00e1 tr\u00eas figuras aleg\u00f3ricas: F\u00e9, Esperan\u00e7a e Caridade. No centro, ostenta-se o bras\u00e3o do Infante D. Pedro, bastante corro\u00eddo, envolto em ramagens e entre volutas, acompanhado de simbologia dominicana.<\/p>\n<p><\/p>\n<hr class=\"wp-block-separator\" \/>\n<p><\/p>\t\t\t\t\t\t\t\t<\/div>\n\t\t\t\t<\/div>\n\t\t\t\t\t<\/div>\n\t\t<\/div>\n\t\t\t\t\t<\/div>\n\t\t<\/section>\n\t\t\t\t<\/div>\n\t\t","protected":false},"excerpt":{"rendered":"<p>Pela bula Omnium Ecclesiarum, de 24 de Agosto de 1938, o Papa Pio XI restaurou a Diocese de Aveiro. A 11 de Dezembro do mesmo ano, D. Jo\u00e3o Evangelista de Lima Vidal executou essa bula papal, e desde a\u00ed, a igreja do Convento dominicano de Nossa Senhora da Miseric\u00f3rdia de Aveiro, que j\u00e1 era igreja matriz da Par\u00f3quia de Nossa [&hellip;]<\/p>\n","protected":false},"author":1,"featured_media":0,"parent":1671,"menu_order":0,"comment_status":"closed","ping_status":"closed","template":"","meta":{"pagelayer_contact_templates":[],"_pagelayer_content":"","_mc_calendar":[],"footnotes":""},"class_list":["post-1591","page","type-page","status-publish","hentry"],"_links":{"self":[{"href":"http:\/\/diocese-aveiro.pt\/v3\/wp-json\/wp\/v2\/pages\/1591","targetHints":{"allow":["GET"]}}],"collection":[{"href":"http:\/\/diocese-aveiro.pt\/v3\/wp-json\/wp\/v2\/pages"}],"about":[{"href":"http:\/\/diocese-aveiro.pt\/v3\/wp-json\/wp\/v2\/types\/page"}],"author":[{"embeddable":true,"href":"http:\/\/diocese-aveiro.pt\/v3\/wp-json\/wp\/v2\/users\/1"}],"replies":[{"embeddable":true,"href":"http:\/\/diocese-aveiro.pt\/v3\/wp-json\/wp\/v2\/comments?post=1591"}],"version-history":[{"count":9,"href":"http:\/\/diocese-aveiro.pt\/v3\/wp-json\/wp\/v2\/pages\/1591\/revisions"}],"predecessor-version":[{"id":1793,"href":"http:\/\/diocese-aveiro.pt\/v3\/wp-json\/wp\/v2\/pages\/1591\/revisions\/1793"}],"up":[{"embeddable":true,"href":"http:\/\/diocese-aveiro.pt\/v3\/wp-json\/wp\/v2\/pages\/1671"}],"wp:attachment":[{"href":"http:\/\/diocese-aveiro.pt\/v3\/wp-json\/wp\/v2\/media?parent=1591"}],"curies":[{"name":"wp","href":"https:\/\/api.w.org\/{rel}","templated":true}]}}