{"id":2,"date":"2012-12-05T00:32:39","date_gmt":"2012-12-05T00:32:39","guid":{"rendered":"http:\/\/diocese-aveiro.pt\/svicentebranca\/?page_id=2"},"modified":"2023-03-12T18:35:00","modified_gmt":"2023-03-12T18:35:00","slug":"sample-page","status":"publish","type":"page","link":"http:\/\/diocese-aveiro.pt\/svicentebranca\/?page_id=2","title":{"rendered":"Sobre a Par\u00f3quia"},"content":{"rendered":"<div style=\"text-align: justify;\">\n<table class=\"tr-caption-container\" style=\"float: left; margin-right: 1em; text-align: left;\" cellspacing=\"0\" cellpadding=\"0\">\n<tbody>\n<tr>\n<td style=\"text-align: center;\"><a style=\"clear: left; cssfloat: left; margin-bottom: 1em; margin-left: auto; margin-right: auto;\" href=\"https:\/\/lh3.googleusercontent.com\/-zgid9CK00-s\/TXurCAUX4qI\/AAAAAAAAAEk\/cH0e-IZJQA4\/s1600\/DSCF7848+-+C%25C3%25B3pia.JPG\"><img decoding=\"async\" loading=\"lazy\" src=\"https:\/\/lh3.googleusercontent.com\/-zgid9CK00-s\/TXurCAUX4qI\/AAAAAAAAAEk\/cH0e-IZJQA4\/s200\/DSCF7848+-+C%25C3%25B3pia.JPG\" alt=\"\" width=\"167\" height=\"200\" border=\"0\" \/><\/a><\/td>\n<\/tr>\n<tr>\n<td class=\"tr-caption\" style=\"text-align: center;\">Igreja Matriz da Branca<\/td>\n<\/tr>\n<\/tbody>\n<\/table>\n<p><span style=\"font-family: inherit;\">A Par\u00f3quia de S. Vicente da Branca \u00e9 uma Comunidade, adulta e desenvolvida, com longas e fortes ra\u00edzes de tradi\u00e7\u00e3o crist\u00e3. \u00c9 uma Par\u00f3quia territorialmente equivalente aos limites geogr\u00e1ficos e administrativos da Freguesia da Branca. Segundo o \u00faltimo \u201c<em>Censos<\/em>\u201d, conta com cerca de 5500 habitantes que, na sua esmagadora maioria, \u00e9 crist\u00e3\/cat\u00f3lica, com importante e significativa participa\u00e7\u00e3o na Eucaristia dominical, bem como uma expressiva e generalizada viv\u00eancia dos valores crist\u00e3os. \u201c<em>Gente trabalhadora e crente<\/em>\u201d \u00e9 uma afirma\u00e7\u00e3o que, historicamente, caracteriza as pessoas da Branca. <\/span><\/p>\n<p>Existem nesta Par\u00f3quia quatro centros de culto com Eucaristia ao Domingo: na Igreja Matriz, dedicada a S. Vicente, \u00e0s 11h00 e na Capela de Nossa Senhora da Alegria de Albergaria-a-Nova, \u00e0s 08h30. Entre a Capela de Santa Ana de Soutelo e a Capela de S. Marcos de Fradelos, vai alterando &#8211; mensalmente &#8211; entre Missa Vespertina (S\u00e1bado \u00e0s 20h15) e ao Domingo (9h45). Para al\u00e9m destas, existe tamb\u00e9m a Eucaristia Vespertina na Igreja Matriz, \u00e0s 19h00. O p\u00e1roco actual da Par\u00f3quia da Branca \u00e9 o Padre Victor Cardoso, que tem como colaborador, o Di\u00e1cono Manuel Gomes.<\/p>\n<h3><strong>ORGANISMOS PAROQUIAIS<\/strong><\/h3>\n<ul>\n<li><strong>Equipa Pastoral<\/strong>\n<ul>\n<li><strong>Padre Victor Marques Cardoso <\/strong>(P\u00e1roco)<\/li>\n<li><strong style=\"line-height: 1.5;\"><strong>Di\u00e1cono Manuel Pereira Gomes<\/strong><\/strong> (Colaborador Paroquial)<\/li>\n<\/ul>\n<\/li>\n<li><strong>Catequese<\/strong>\n<ul>\n<li><strong>Inf\u00e2ncia:<\/strong> Alice Nunes<\/li>\n<li><strong>Adolesc\u00eancia:<\/strong> Preciosa Sobral<\/li>\n<li><strong>Juventude:<\/strong>\u00a0P. Victor<\/li>\n<li><strong>Fradelos:<\/strong> D\u00e1lia Faria<\/li>\n<li><strong>Soutelo:<\/strong> Serafim Barbeiro<\/li>\n<li><strong>Albergaria-a-Nova:<\/strong> Eduardo Mort\u00e1gua<\/li>\n<\/ul>\n<\/li>\n<li><strong>Liturgia<\/strong>\n<ul>\n<li><strong>Grupo Coral de Liturgia (Matriz): <\/strong>Armindo Alves<\/li>\n<li><strong>Grupo Coral Jobra: <\/strong>Ana L\u00facia<\/li>\n<li><strong>Grupo Coral de Albergaria-a-Nova: <\/strong>Jos\u00e9 Ant\u00f3nio<\/li>\n<li><strong>Grupo Coral de Fradelos: <\/strong>Alb\u00e9rico<\/li>\n<li><strong>Grupo Coral de Soutelo: <\/strong>Ant\u00f3nio e H\u00e9lder<\/li>\n<li><strong>Grupo de Ac\u00f3litos:\u00a0<\/strong><\/li>\n<li><strong>Grupo de Leitores: <\/strong>Preciosa Sobral<\/li>\n<li><strong>Grupo dos Ministros Extraordin\u00e1rios da Comunh\u00e3o: <\/strong>Fernanda Nunes<\/li>\n<\/ul>\n<\/li>\n<\/ul>\n<ul>\n<li><strong>Pastoral Social<\/strong>\n<ul>\n<li><strong>Grupo C\u00e1ritas: <\/strong>Beatriz Silva<\/li>\n<\/ul>\n<\/li>\n<\/ul>\n<ul>\n<li><strong>Pastoral da Sa\u00fade<\/strong>\n<ul>\n<li><strong>Grupo de Visitadores de Doentes: <\/strong>Jo\u00e3o Filho<\/li>\n<\/ul>\n<\/li>\n<\/ul>\n<ul>\n<li><strong>Movimentos e Associa\u00e7\u00f5es de Fi\u00e9is<\/strong>\n<ul>\n<li><strong>A\u00e7\u00e3o Cat\u00f3lica Rural: <\/strong>D\u00e1lia Faria<\/li>\n<li><strong>Agrupamento 1116 do CNE: <\/strong>Ana Lu\u00edsa<\/li>\n<li><strong>Movimento dos Cursilhos de Cristandade: <\/strong>Manuel Carlos Ferreira<\/li>\n<li><strong>Irmandade das Almas: <\/strong>Manuel Dias<\/li>\n<li><strong>Irmandade de Nossa Senhora da Afli\u00e7\u00e3o: <\/strong>Flausino Silva<\/li>\n<li><strong>Irmandade do Sagrado Cora\u00e7\u00e3o de Jesus e de Nossa Senhora: <\/strong>Alice Nunes<\/li>\n<li><strong>Irmandade do Sant\u00edssimo: <\/strong>Ant\u00f3nio Aleixo<\/li>\n<\/ul>\n<\/li>\n<\/ul>\n<ul>\n<li><strong>Organismos Paroquiais<\/strong>\n<ul>\n<li><strong>Conselho Pastoral Paroquial<\/strong><\/li>\n<li><strong>Conselho Econ\u00f3mico Paroquial<\/strong><\/li>\n<li><strong>Comiss\u00e3o de Culto de Albergaria-a-Nova<\/strong><\/li>\n<li><strong>Comiss\u00e3o de Culto de Casaldima<\/strong><\/li>\n<li><strong>Comiss\u00e3o de Culto de Cristelo<\/strong><\/li>\n<li><strong>Comiss\u00e3o de Culto de Fradelos<\/strong><\/li>\n<li><strong>Comiss\u00e3o de Culto de Laginhas<\/strong><\/li>\n<li><strong>Comiss\u00e3o de Culto de Nobrijo<\/strong><\/li>\n<li><strong>Comiss\u00e3o de Culto de S. Juli\u00e3o<\/strong><\/li>\n<li><strong>Comiss\u00e3o de Culto de Samuel<\/strong><\/li>\n<li><strong>Comiss\u00e3o de Culto de Soutelo<\/strong><\/li>\n<li><strong>Comunica\u00e7\u00e3o Social<\/strong><\/li>\n<\/ul>\n<\/li>\n<\/ul>\n<\/div>\n","protected":false},"excerpt":{"rendered":"<p>Igreja Matriz da Branca A Par\u00f3quia de S. Vicente da Branca \u00e9 uma Comunidade, adulta e desenvolvida, com longas e fortes ra\u00edzes de tradi\u00e7\u00e3o crist\u00e3. \u00c9 uma Par\u00f3quia [&hellip;]<\/p>\n","protected":false},"author":1,"featured_media":0,"parent":0,"menu_order":0,"comment_status":"open","ping_status":"closed","template":"","meta":[],"_links":{"self":[{"href":"http:\/\/diocese-aveiro.pt\/svicentebranca\/index.php?rest_route=\/wp\/v2\/pages\/2"}],"collection":[{"href":"http:\/\/diocese-aveiro.pt\/svicentebranca\/index.php?rest_route=\/wp\/v2\/pages"}],"about":[{"href":"http:\/\/diocese-aveiro.pt\/svicentebranca\/index.php?rest_route=\/wp\/v2\/types\/page"}],"author":[{"embeddable":true,"href":"http:\/\/diocese-aveiro.pt\/svicentebranca\/index.php?rest_route=\/wp\/v2\/users\/1"}],"replies":[{"embeddable":true,"href":"http:\/\/diocese-aveiro.pt\/svicentebranca\/index.php?rest_route=%2Fwp%2Fv2%2Fcomments&post=2"}],"version-history":[{"count":8,"href":"http:\/\/diocese-aveiro.pt\/svicentebranca\/index.php?rest_route=\/wp\/v2\/pages\/2\/revisions"}],"predecessor-version":[{"id":4475,"href":"http:\/\/diocese-aveiro.pt\/svicentebranca\/index.php?rest_route=\/wp\/v2\/pages\/2\/revisions\/4475"}],"wp:attachment":[{"href":"http:\/\/diocese-aveiro.pt\/svicentebranca\/index.php?rest_route=%2Fwp%2Fv2%2Fmedia&parent=2"}],"curies":[{"name":"wp","href":"https:\/\/api.w.org\/{rel}","templated":true}]}}