{"id":248,"date":"2017-04-27T16:41:15","date_gmt":"2017-04-27T16:41:15","guid":{"rendered":"http:\/\/diocese-aveiro.pt\/cspsevm\/?page_id=248"},"modified":"2019-05-31T16:04:51","modified_gmt":"2019-05-31T16:04:51","slug":"prestacao-de-cantas-2015","status":"publish","type":"page","link":"http:\/\/diocese-aveiro.pt\/cspsevm\/index.php\/prestacao-de-cantas-2015\/","title":{"rendered":"Presta\u00e7\u00e3o de Contas 2015"},"content":{"rendered":"<p style=\"text-align: center;\"><span style=\"color: #0000ff;\"><strong><a style=\"color: #0000ff;\" href=\"http:\/\/diocese-aveiro.pt\/cspsevm\/wp-content\/uploads\/2015\/12\/rptCnDemoFinanceirasBalanco.pdf\" target=\"_blank\" rel=\"noopener noreferrer\">Balan\u00e7o 2015<\/a><\/strong><\/span><\/p>\n<p style=\"text-align: center;\"><span style=\"color: #0000ff;\"><strong><a style=\"color: #0000ff;\" href=\"http:\/\/diocese-aveiro.pt\/cspsevm\/wp-content\/uploads\/2015\/12\/rptCnDemoFinanceirasResultadosNaturezas.pdf\" target=\"_blank\" rel=\"noopener noreferrer\">Demonstra\u00e7\u00e3o de Resultados 2015<\/a><\/strong><\/span><\/p>\n<p style=\"text-align: center;\"><a href=\"http:\/\/diocese-aveiro.pt\/cspsevm\/wp-content\/uploads\/2019\/05\/FluxoCaixa.2015.pdf\" target=\"_blank\" rel=\"noopener noreferrer\"><span style=\"color: #0000ff;\"><strong>Demonstra\u00e7\u00e3o dos Fluxos de Caixa 2015<\/strong><\/span><\/a><\/p>\n","protected":false},"excerpt":{"rendered":"<p>Balan\u00e7o 2015 Demonstra\u00e7\u00e3o de Resultados 2015 Demonstra\u00e7\u00e3o dos Fluxos de Caixa 2015<\/p>\n","protected":false},"author":1,"featured_media":0,"parent":0,"menu_order":0,"comment_status":"closed","ping_status":"closed","template":"","meta":{"footnotes":""},"class_list":["post-248","page","type-page","status-publish","hentry"],"_links":{"self":[{"href":"http:\/\/diocese-aveiro.pt\/cspsevm\/index.php\/wp-json\/wp\/v2\/pages\/248","targetHints":{"allow":["GET"]}}],"collection":[{"href":"http:\/\/diocese-aveiro.pt\/cspsevm\/index.php\/wp-json\/wp\/v2\/pages"}],"about":[{"href":"http:\/\/diocese-aveiro.pt\/cspsevm\/index.php\/wp-json\/wp\/v2\/types\/page"}],"author":[{"embeddable":true,"href":"http:\/\/diocese-aveiro.pt\/cspsevm\/index.php\/wp-json\/wp\/v2\/users\/1"}],"replies":[{"embeddable":true,"href":"http:\/\/diocese-aveiro.pt\/cspsevm\/index.php\/wp-json\/wp\/v2\/comments?post=248"}],"version-history":[{"count":3,"href":"http:\/\/diocese-aveiro.pt\/cspsevm\/index.php\/wp-json\/wp\/v2\/pages\/248\/revisions"}],"predecessor-version":[{"id":363,"href":"http:\/\/diocese-aveiro.pt\/cspsevm\/index.php\/wp-json\/wp\/v2\/pages\/248\/revisions\/363"}],"wp:attachment":[{"href":"http:\/\/diocese-aveiro.pt\/cspsevm\/index.php\/wp-json\/wp\/v2\/media?parent=248"}],"curies":[{"name":"wp","href":"https:\/\/api.w.org\/{rel}","templated":true}]}}